{"id":782565,"date":"2026-02-23T12:05:14","date_gmt":"2026-02-23T09:05:14","guid":{"rendered":"https:\/\/roveyayinevi.com.tr\/index.php\/urun\/herkulun-gorevleri-ve-astrolojik-yorumlari\/"},"modified":"2026-04-16T02:53:13","modified_gmt":"2026-04-15T23:53:13","slug":"herkulun-gorevleri-ve-astrolojik-yorumlari","status":"publish","type":"product","link":"https:\/\/roveyayinevi.com.tr\/index.php\/urun\/herkulun-gorevleri-ve-astrolojik-yorumlari\/","title":{"rendered":"Herk\u00fcl&#8217;\u00fcn G\u00f6revleri ve Astrolojik Yorumlar\u0131"},"content":{"rendered":"<p>Herk\u00fcl&#8217;\u00fcn G\u00f6revleri ve Astrolojik Yorumlar\u0131 Kitap A\u00e7\u0131klamas\u0131Herk\u00fcl&#8217;\u00fcn G\u00f6revleri, mitolojik a\u00e7\u0131dan bak\u0131ld\u0131\u011f\u0131nda, insan\u0131n nas\u0131l da zodyak\u0131n on iki burcundan ge\u00e7ti\u011fini ve yolculu\u011fu s\u0131ras\u0131nda neler ya\u015fad\u0131\u011f\u0131n\u0131 anlatan canl\u0131 bir hikayedir. Metin, Alice A. Bailey taraf\u0131ndan verilen bir dizi e\u011fitime dayanmaktad\u0131r ve ezoterik astroloji anlay\u0131\u015f\u0131na m\u00fckemmel bir giri\u015f niteli\u011findedir.  Bu kitap, Alice A. Bailey&#8217;nin Bilgelik \u00dcstad\u0131 (Djwhal Khul) ile i\u015fbirli\u011fi i\u00e7inde yaz\u0131lm\u0131\u015f 24 ciltlik kitap serisine, her d\u00f6nemde o d\u00f6neme uygun bir bi\u00e7imde kadim \u00e7a\u011flardan beri aktar\u0131lan ezoterik \u00f6\u011freti b\u00fct\u00fcn\u00fcne dahil olan k\u0131ymetli bir ilavedir. <\/p>\n","protected":false},"excerpt":{"rendered":"<p>Herk\u00fcl&#8217;\u00fcn G\u00f6revleri ve Astrolojik Yorumlar\u0131 Kitap A\u00e7\u0131klamas\u0131Herk\u00fcl&#8217;\u00fcn G\u00f6revleri, mitolojik a\u00e7\u0131dan bak\u0131ld\u0131\u011f\u0131nda, insan\u0131n nas\u0131l da zodyak\u0131n on iki burcundan ge\u00e7ti\u011fini ve yolculu\u011fu s\u0131ras\u0131nda neler ya\u015fad\u0131\u011f\u0131n\u0131 anlatan canl\u0131<span class=\"excerpt-hellip\"> [\u2026]<\/span><\/p>\n","protected":false},"featured_media":0,"template":"","meta":{"_monsterinsights_skip_tracking":false,"_monsterinsights_sitenote_active":false,"_monsterinsights_sitenote_note":"","_monsterinsights_sitenote_category":0},"product_brand":[],"product_cat":[15563],"product_tag":[],"class_list":{"0":"post-782565","1":"product","2":"type-product","3":"status-publish","5":"product_cat-hobi","6":"pa_cilt-ciltsiz","7":"pa_tur-kitap","8":"pa_yayinevi-mitra-yayincilik","9":"pa_yazar-alice-bailey","11":"first","12":"instock","13":"sale","14":"shipping-taxable","15":"purchasable","16":"product-type-simple"},"_links":{"self":[{"href":"https:\/\/roveyayinevi.com.tr\/index.php\/wp-json\/wp\/v2\/product\/782565","targetHints":{"allow":["GET"]}}],"collection":[{"href":"https:\/\/roveyayinevi.com.tr\/index.php\/wp-json\/wp\/v2\/product"}],"about":[{"href":"https:\/\/roveyayinevi.com.tr\/index.php\/wp-json\/wp\/v2\/types\/product"}],"wp:attachment":[{"href":"https:\/\/roveyayinevi.com.tr\/index.php\/wp-json\/wp\/v2\/media?parent=782565"}],"wp:term":[{"taxonomy":"product_brand","embeddable":true,"href":"https:\/\/roveyayinevi.com.tr\/index.php\/wp-json\/wp\/v2\/product_brand?post=782565"},{"taxonomy":"product_cat","embeddable":true,"href":"https:\/\/roveyayinevi.com.tr\/index.php\/wp-json\/wp\/v2\/product_cat?post=782565"},{"taxonomy":"product_tag","embeddable":true,"href":"https:\/\/roveyayinevi.com.tr\/index.php\/wp-json\/wp\/v2\/product_tag?post=782565"}],"curies":[{"name":"wp","href":"https:\/\/api.w.org\/{rel}","templated":true}]}}