{"id":782543,"date":"2026-02-23T11:57:01","date_gmt":"2026-02-23T08:57:01","guid":{"rendered":"https:\/\/roveyayinevi.com.tr\/index.php\/urun\/yesil-yeni-duzen\/"},"modified":"2026-04-16T02:45:57","modified_gmt":"2026-04-15T23:45:57","slug":"yesil-yeni-duzen","status":"publish","type":"product","link":"https:\/\/roveyayinevi.com.tr\/index.php\/urun\/yesil-yeni-duzen\/","title":{"rendered":"Ye\u015fil Yeni D\u00fczen"},"content":{"rendered":"<p>Ara\u015ft\u0131rmac\u0131 Yazar, O\u011fuz \u015eAH\u0130N: Adana ilinde \u0130lk, Orta ve Lise e\u011fitimini tamamlad\u0131ktan sonra T\u00fcrk Silahl\u0131 Kuvvetlerine kat\u0131lm\u0131\u015f ve 2013 y\u0131l\u0131nda Astsubay r\u00fctbesinde emekli olmu\u015ftur. Jandarma Astsubay Meslek Y\u00fcksek Okulu ve Eski\u015fehir Anadolu \u00dcniversitesi \u0130\u015fletme Fak\u00fcltesi Mezunudur. Nev\u015fehir Kapadokya \u00dcniversitesi Kent,\u00c7evre ve Yerel Y\u00f6netimler \u00fczerine Y\u00fcksek lisans yapm\u0131\u015f, \u0130stanbul Bah\u00e7e\u015fehir \u00dcniversitesi H\u00fck\u00fcmet ve Liderlik Okulu taraf\u0131ndan d\u00fczenlenen \u201cDiplomat Okulu\u201d, \u201cSiyaset Okulu\u201d, \u201cYerel Y\u00f6netimler Akademisi\u201d, \u0130stanbul Bah\u00e7e\u015fehir \u00dcniversitesi H\u00fck\u00fcmet ve Liderlik Okulu Amerikan Ara\u015ft\u0131rmalar\u0131 Merkezi taraf\u0131ndan D\u00fczenlenen \u201cGlobal Liderlik Forum\u201921\u201d ve , \u0130stanbul Bah\u00e7e\u015fehir \u00dcniversitesi H\u00fck\u00fcmet ve Liderlik Okulu Lisans\u00fcst\u00fc E\u011fitim Enstit\u00fcs\u00fc taraf\u0131ndan D\u00fczenlenen \u201cGlobal Bussines Forum\u201921\u201d e\u011fitimlerine kat\u0131l\u0131m sa\u011flam\u0131\u015ft\u0131r. TBB Belediye Akademisinin d\u00fczenlemi\u015f oldu\u011fu, Ak\u0131ll\u0131 \u015eehirlerde Proje Y\u00f6netimi, Ak\u0131ll\u0131 \u015eehirlerde Finansman Modelleri, Ak\u0131ll\u0131 \u015eehirlerde S\u00fcrd\u00fcr\u00fclebilirlik, Ak\u0131ll\u0131 \u015eehirlerde Y\u00f6neti\u015fim, Ak\u0131ll\u0131 \u015eehirlerde Referans Mimarisi ve Platformu, Ak\u0131ll\u0131 \u015eehirlerde Planlama, Ak\u0131ll\u0131 \u015eehirlerde Kent K\u00fclt\u00fcr\u00fc, Dijital Yeni D\u00fcnya: Dijital \u00c7a\u011fda \u0130leti\u015fim ve Kriz Y\u00f6netimi, Ak\u0131ll\u0131 Tar\u0131m, Y Ku\u015fa\u011f\u0131 ve Z Ku\u015fa\u011f\u0131 Olarak Tan\u0131mlanan Yeni Neslin Tan\u0131nmas\u0131 ve Yeni Nesil \u0130htiya\u00e7lar\u0131n Belirlenmesi ve Do\u011fru \u0130leti\u015fim Y\u00f6ntemleri E\u011fitimi, Engellilerle Do\u011fru \u0130leti\u015fim ve Engelli \u0130stihdam\u0131n\u0131n Sosyal Y\u00f6n\u00fc, D\u00fcnyada Belediyecilik Uygulamalar\u0131 E\u011fitimi, Kat\u0131l\u0131mc\u0131 ve Yerel Demokrasi, e\u011fitimlerine kat\u0131l\u0131m sa\u011flam\u0131\u015ft\u0131r. K\u00fcresel Is\u0131nma ve \u0130klim De\u011fi\u015fikli\u011fi \u00fczerine gazete k\u00f6\u015fe yaz\u0131lar\u0131 bulunmaktad\u0131r. <\/p>\n","protected":false},"excerpt":{"rendered":"<p>Ara\u015ft\u0131rmac\u0131 Yazar, O\u011fuz \u015eAH\u0130N: Adana ilinde \u0130lk, Orta ve Lise e\u011fitimini tamamlad\u0131ktan sonra T\u00fcrk Silahl\u0131 Kuvvetlerine kat\u0131lm\u0131\u015f ve 2013 y\u0131l\u0131nda Astsubay r\u00fctbesinde emekli olmu\u015ftur. Jandarma Astsubay<span class=\"excerpt-hellip\"> [\u2026]<\/span><\/p>\n","protected":false},"featured_media":0,"template":"","meta":{"_monsterinsights_skip_tracking":false,"_monsterinsights_sitenote_active":false,"_monsterinsights_sitenote_note":"","_monsterinsights_sitenote_category":0},"product_brand":[],"product_cat":[23323,12364],"product_tag":[],"class_list":{"0":"post-782543","1":"product","2":"type-product","3":"status-publish","5":"product_cat-ekoloji","6":"product_cat-genel-konular","7":"pa_cilt-ciltsiz","8":"pa_tur-kitap","9":"pa_yayinevi-gulnar-yayinlari","10":"pa_yazar-oguz-sahin","12":"first","13":"instock","14":"sale","15":"shipping-taxable","16":"purchasable","17":"product-type-simple"},"_links":{"self":[{"href":"https:\/\/roveyayinevi.com.tr\/index.php\/wp-json\/wp\/v2\/product\/782543","targetHints":{"allow":["GET"]}}],"collection":[{"href":"https:\/\/roveyayinevi.com.tr\/index.php\/wp-json\/wp\/v2\/product"}],"about":[{"href":"https:\/\/roveyayinevi.com.tr\/index.php\/wp-json\/wp\/v2\/types\/product"}],"wp:attachment":[{"href":"https:\/\/roveyayinevi.com.tr\/index.php\/wp-json\/wp\/v2\/media?parent=782543"}],"wp:term":[{"taxonomy":"product_brand","embeddable":true,"href":"https:\/\/roveyayinevi.com.tr\/index.php\/wp-json\/wp\/v2\/product_brand?post=782543"},{"taxonomy":"product_cat","embeddable":true,"href":"https:\/\/roveyayinevi.com.tr\/index.php\/wp-json\/wp\/v2\/product_cat?post=782543"},{"taxonomy":"product_tag","embeddable":true,"href":"https:\/\/roveyayinevi.com.tr\/index.php\/wp-json\/wp\/v2\/product_tag?post=782543"}],"curies":[{"name":"wp","href":"https:\/\/api.w.org\/{rel}","templated":true}]}}