{"id":782539,"date":"2026-02-23T11:56:44","date_gmt":"2026-02-23T08:56:44","guid":{"rendered":"https:\/\/roveyayinevi.com.tr\/index.php\/urun\/einstein-ansiklopedisi\/"},"modified":"2026-04-16T02:45:50","modified_gmt":"2026-04-15T23:45:50","slug":"einstein-ansiklopedisi","status":"publish","type":"product","link":"https:\/\/roveyayinevi.com.tr\/index.php\/urun\/einstein-ansiklopedisi\/","title":{"rendered":"Einstein Ansiklopedisi"},"content":{"rendered":"<p>Bu eser Albert Einstein\u2019\u0131n ki\u015fisel, bilimsel, manevi, etik, d\u00fc\u015f\u00fcnsel ve sosyopolitik y\u00f6n\u00fcn\u00fc g\u00f6zler \u00f6n\u00fcne seren bir kaynak kitap niteli\u011findedir, yaln\u0131zca bilim insanlar\u0131n\u0131 de\u011fil, kamuoyunu da ilgilendirecek konular\u0131 da kapsamaktad\u0131r. Einstein\u2019\u0131n ya\u015fam\u0131n\u0131n ve \u00f6nemli ba\u015far\u0131lar\u0131n\u0131n kronolojisiyle ba\u015flayan kitap, d\u00e2hi bilim insan\u0131n\u0131n felsefi ve politik g\u00f6r\u00fc\u015flerinin \u00f6zetiyle devam ediyor. Ki\u015fisel ve ailevi ya\u015fant\u0131s\u0131ndan bilimsel ba\u015far\u0131lar\u0131na kadar Einstein hakk\u0131nda bilinmesi gereken hemen her \u015feyi kapsayan bu temel eser ayn\u0131 zamanda tarihsel ortam\u0131 da yans\u0131tmaktad\u0131r. Bir bilim insan\u0131, siyasal fig\u00fcr ya da h\u00fcmanist olarak Einstein\u2019la ilgilenen herkes i\u00e7in b\u00fcy\u00fcleyici ve ola\u011fan\u00fcst\u00fc okunabilir bir referans kitab\u0131 olan bu eserde yazarlar, Albert Einstein hakk\u0131nda bildiklerimizi nas\u0131l \u00f6\u011frendi\u011fimizi de a\u00e7\u0131k\u00e7a ortaya koyuyorlar.   \u201cEinstein Ansiklopedisi ciddi Einstein ara\u015ft\u0131rmac\u0131s\u0131 i\u00e7in temel eserdir.\u201d \u2013Cosmos Magazine   \u201cOnu en iyi tan\u0131yan insanlardan, makalelerini d\u00fczenleyen harika bilim insanlar\u0131ndan Einstein ger\u00e7ekleri ve bilgilerinin bir \u00f6zeti burada. Bu cilt hazineler hazinesidir. Hem bilgilendirici hem de tad\u0131na varmas\u0131 \u00e7ok e\u011flenceli.\u201d \u2013Walter Isaacson, Einstein: Ya\u015fam\u0131 ve Evreni kitab\u0131n\u0131n yazar\u0131   \u201cYazarlar b\u00fcy\u00fck fizik\u00e7inin hayat\u0131 ve \u00e7al\u0131\u015fmalar\u0131 hakk\u0131nda derin bilgiye sahip, tan\u0131nm\u0131\u015f Einstein bilginleri. Hem meslekten olmayanlar hem de uzmanlar i\u00e7in \u00e7ok ho\u015f bir ansiklopedik referans \u00e7al\u0131\u015fmas\u0131n\u0131 bir araya getirmi\u015fler.\u201d \u2013Tilman Sauer, Bern \u00dcniversitesi   \u201c\u00dc\u00e7 Einstein akademisyeni Einstein\u2019\u0131n bilimsel, kamusal ve \u00f6zel hayatlar\u0131n\u0131 en ince ayr\u0131nt\u0131s\u0131na kadar ele al\u0131yor. Eri\u015filebilirlik ve ayr\u0131nt\u0131, Einstein Ansiklopedisi\u2019ni herhangi bir Einstein koleksiyonuna \u00f6nemli bir giri\u015f haline getiriyor.\u201d \u2013Symmetry Magazine <\/p>\n","protected":false},"excerpt":{"rendered":"<p>Bu eser Albert Einstein\u2019\u0131n ki\u015fisel, bilimsel, manevi, etik, d\u00fc\u015f\u00fcnsel ve sosyopolitik y\u00f6n\u00fcn\u00fc g\u00f6zler \u00f6n\u00fcne seren bir kaynak kitap niteli\u011findedir, yaln\u0131zca bilim insanlar\u0131n\u0131 de\u011fil, kamuoyunu da ilgilendirecek<span class=\"excerpt-hellip\"> [\u2026]<\/span><\/p>\n","protected":false},"featured_media":0,"template":"","meta":{"_monsterinsights_skip_tracking":false,"_monsterinsights_sitenote_active":false,"_monsterinsights_sitenote_note":"","_monsterinsights_sitenote_category":0},"product_brand":[],"product_cat":[13005,37328],"product_tag":[],"class_list":{"0":"post-782539","1":"product","2":"type-product","3":"status-publish","5":"product_cat-bilim-muhendislik","6":"product_cat-diger-bilim-muhendislik","7":"pa_cilt-ciltsiz","8":"pa_tur-kitap","9":"pa_yayinevi-alfa-yayinlari","10":"pa_yazar-alfa-yayinlari-kolektif","12":"first","13":"instock","14":"sale","15":"shipping-taxable","16":"purchasable","17":"product-type-simple"},"_links":{"self":[{"href":"https:\/\/roveyayinevi.com.tr\/index.php\/wp-json\/wp\/v2\/product\/782539","targetHints":{"allow":["GET"]}}],"collection":[{"href":"https:\/\/roveyayinevi.com.tr\/index.php\/wp-json\/wp\/v2\/product"}],"about":[{"href":"https:\/\/roveyayinevi.com.tr\/index.php\/wp-json\/wp\/v2\/types\/product"}],"wp:attachment":[{"href":"https:\/\/roveyayinevi.com.tr\/index.php\/wp-json\/wp\/v2\/media?parent=782539"}],"wp:term":[{"taxonomy":"product_brand","embeddable":true,"href":"https:\/\/roveyayinevi.com.tr\/index.php\/wp-json\/wp\/v2\/product_brand?post=782539"},{"taxonomy":"product_cat","embeddable":true,"href":"https:\/\/roveyayinevi.com.tr\/index.php\/wp-json\/wp\/v2\/product_cat?post=782539"},{"taxonomy":"product_tag","embeddable":true,"href":"https:\/\/roveyayinevi.com.tr\/index.php\/wp-json\/wp\/v2\/product_tag?post=782539"}],"curies":[{"name":"wp","href":"https:\/\/api.w.org\/{rel}","templated":true}]}}