{"id":782538,"date":"2026-02-23T11:56:36","date_gmt":"2026-02-23T08:56:36","guid":{"rendered":"https:\/\/roveyayinevi.com.tr\/index.php\/urun\/gorme-huyu\/"},"modified":"2026-04-16T02:45:45","modified_gmt":"2026-04-15T23:45:45","slug":"gorme-huyu","status":"publish","type":"product","link":"https:\/\/roveyayinevi.com.tr\/index.php\/urun\/gorme-huyu\/","title":{"rendered":"G\u00f6rme Huyu"},"content":{"rendered":"<p>\u00e7\u0131kt\u0131m da ne oldu hu\u015f u\u00e7urdular un g\u00f6mle\u011fi \u00f6nden giydim sand\u0131lar ne yapt\u0131m peki? akla kalk\u0131\u015fmad\u0131m ne yapt\u0131m peki? ver de kurtulmad\u0131m almacada i\u015f tuttum vurmacada k\u0131rmacada g\u00f6n\u00fcl kat\u0131l\u0131\u011f\u0131 neymi\u015f g\u00f6rd\u00fcm anlad\u0131m zalimler g\u00fczel g\u00fcler diye bir levha \u015furamda<\/p>\n","protected":false},"excerpt":{"rendered":"<p>\u00e7\u0131kt\u0131m da ne oldu hu\u015f u\u00e7urdular un g\u00f6mle\u011fi \u00f6nden giydim sand\u0131lar ne yapt\u0131m peki? akla kalk\u0131\u015fmad\u0131m ne yapt\u0131m peki? ver de kurtulmad\u0131m almacada i\u015f tuttum vurmacada<span class=\"excerpt-hellip\"> [\u2026]<\/span><\/p>\n","protected":false},"featured_media":0,"template":"","meta":{"_monsterinsights_skip_tracking":false,"_monsterinsights_sitenote_active":false,"_monsterinsights_sitenote_note":"","_monsterinsights_sitenote_category":0},"product_brand":[],"product_cat":[12291,12509],"product_tag":[],"class_list":{"0":"post-782538","1":"product","2":"type-product","3":"status-publish","5":"product_cat-edebiyat","6":"product_cat-siir","7":"pa_cilt-ciltsiz","8":"pa_tur-kitap","9":"pa_yayinevi-everest-yayinlari","10":"pa_yazar-ergun-tavlan","12":"first","13":"instock","14":"sale","15":"shipping-taxable","16":"purchasable","17":"product-type-simple"},"_links":{"self":[{"href":"https:\/\/roveyayinevi.com.tr\/index.php\/wp-json\/wp\/v2\/product\/782538","targetHints":{"allow":["GET"]}}],"collection":[{"href":"https:\/\/roveyayinevi.com.tr\/index.php\/wp-json\/wp\/v2\/product"}],"about":[{"href":"https:\/\/roveyayinevi.com.tr\/index.php\/wp-json\/wp\/v2\/types\/product"}],"wp:attachment":[{"href":"https:\/\/roveyayinevi.com.tr\/index.php\/wp-json\/wp\/v2\/media?parent=782538"}],"wp:term":[{"taxonomy":"product_brand","embeddable":true,"href":"https:\/\/roveyayinevi.com.tr\/index.php\/wp-json\/wp\/v2\/product_brand?post=782538"},{"taxonomy":"product_cat","embeddable":true,"href":"https:\/\/roveyayinevi.com.tr\/index.php\/wp-json\/wp\/v2\/product_cat?post=782538"},{"taxonomy":"product_tag","embeddable":true,"href":"https:\/\/roveyayinevi.com.tr\/index.php\/wp-json\/wp\/v2\/product_tag?post=782538"}],"curies":[{"name":"wp","href":"https:\/\/api.w.org\/{rel}","templated":true}]}}