{"id":782531,"date":"2026-02-23T11:55:47","date_gmt":"2026-02-23T08:55:47","guid":{"rendered":"https:\/\/roveyayinevi.com.tr\/index.php\/urun\/maca-valesi\/"},"modified":"2026-04-16T02:45:34","modified_gmt":"2026-04-15T23:45:34","slug":"maca-valesi","status":"publish","type":"product","link":"https:\/\/roveyayinevi.com.tr\/index.php\/urun\/maca-valesi\/","title":{"rendered":"Ma\u00e7a Valesi"},"content":{"rendered":"<p>19. y\u00fczy\u0131l Rusya\u2019s\u0131n\u0131n s\u0131rad\u0131\u015f\u0131 dedektifi Erast Fandorin zorlu bir d\u00fc\u015fmanla kar\u015f\u0131 kar\u015f\u0131yad\u0131r. Devletin ileri gelenlerini, Moskova sakinlerini, hatta yeralt\u0131 d\u00fcnyas\u0131n\u0131n liderlerini doland\u0131ran Ma\u00e7a Valesi\u2019nin pe\u015fine d\u00fc\u015fmek bir dizi tuhaf maceray\u0131 beraberinde getirir. Fandorin ve yeni yard\u0131mc\u0131s\u0131 talihsiz Anisi T\u00fclpanov, son derece zeki olan Ma\u00e7a Valesi\u2019ne meydan okuyabilmek i\u00e7in en az onun kadar k\u0131l\u0131k de\u011fi\u015ftirmek zorunda kal\u0131rlar. <\/p>\n","protected":false},"excerpt":{"rendered":"<p>19. y\u00fczy\u0131l Rusya\u2019s\u0131n\u0131n s\u0131rad\u0131\u015f\u0131 dedektifi Erast Fandorin zorlu bir d\u00fc\u015fmanla kar\u015f\u0131 kar\u015f\u0131yad\u0131r. Devletin ileri gelenlerini, Moskova sakinlerini, hatta yeralt\u0131 d\u00fcnyas\u0131n\u0131n liderlerini doland\u0131ran Ma\u00e7a Valesi\u2019nin pe\u015fine d\u00fc\u015fmek<span class=\"excerpt-hellip\"> [\u2026]<\/span><\/p>\n","protected":false},"featured_media":0,"template":"","meta":{"_monsterinsights_skip_tracking":false,"_monsterinsights_sitenote_active":false,"_monsterinsights_sitenote_note":"","_monsterinsights_sitenote_category":0},"product_brand":[],"product_cat":[12291,12711],"product_tag":[],"class_list":{"0":"post-782531","1":"product","2":"type-product","3":"status-publish","5":"product_cat-edebiyat","6":"product_cat-roman-oyku","7":"pa_cilt-ciltsiz","8":"pa_tur-kitap","9":"pa_yayinevi-alfa-yayinlari","10":"pa_yazar-boris-akunin","12":"first","13":"instock","14":"sale","15":"shipping-taxable","16":"purchasable","17":"product-type-simple"},"_links":{"self":[{"href":"https:\/\/roveyayinevi.com.tr\/index.php\/wp-json\/wp\/v2\/product\/782531","targetHints":{"allow":["GET"]}}],"collection":[{"href":"https:\/\/roveyayinevi.com.tr\/index.php\/wp-json\/wp\/v2\/product"}],"about":[{"href":"https:\/\/roveyayinevi.com.tr\/index.php\/wp-json\/wp\/v2\/types\/product"}],"wp:attachment":[{"href":"https:\/\/roveyayinevi.com.tr\/index.php\/wp-json\/wp\/v2\/media?parent=782531"}],"wp:term":[{"taxonomy":"product_brand","embeddable":true,"href":"https:\/\/roveyayinevi.com.tr\/index.php\/wp-json\/wp\/v2\/product_brand?post=782531"},{"taxonomy":"product_cat","embeddable":true,"href":"https:\/\/roveyayinevi.com.tr\/index.php\/wp-json\/wp\/v2\/product_cat?post=782531"},{"taxonomy":"product_tag","embeddable":true,"href":"https:\/\/roveyayinevi.com.tr\/index.php\/wp-json\/wp\/v2\/product_tag?post=782531"}],"curies":[{"name":"wp","href":"https:\/\/api.w.org\/{rel}","templated":true}]}}