{"id":782500,"date":"2026-02-23T11:52:04","date_gmt":"2026-02-23T08:52:04","guid":{"rendered":"https:\/\/roveyayinevi.com.tr\/index.php\/urun\/ibn-sina-felsefesinde-varlik-ve-oz\/"},"modified":"2026-04-16T02:43:58","modified_gmt":"2026-04-15T23:43:58","slug":"ibn-sina-felsefesinde-varlik-ve-oz","status":"publish","type":"product","link":"https:\/\/roveyayinevi.com.tr\/index.php\/urun\/ibn-sina-felsefesinde-varlik-ve-oz\/","title":{"rendered":"\u0130bn Sina Felsefesinde Varl\u0131k ve \u00d6z"},"content":{"rendered":"<p>\u0130bn S\u00een\u00e2 felsefeye, bilimlere ve t\u0131bba muazzam katk\u0131lar sa\u011flam\u0131\u015f bir filozoftur. Bunun bir \u00f6rne\u011fi onun, F\u00e2r\u00e2b\u00ee\u2019nin Arap\u00e7ada kurdu\u011fu ve geli\u015ftirdi\u011fi Aristoteles mant\u0131\u011f\u0131n\u0131 daha da geli\u015ftirmesi ve sistemle\u015ftirmesidir. Bu \u00e7al\u0131\u015fmada varl\u0131k ve mahiyet (\u00f6z) ili\u015fkisini \u0130bn S\u00een\u00e2\u2019n\u0131n felsefesi a\u00e7\u0131s\u0131ndan \u00e7\u00f6z\u00fcmledik. Bunu kavram\u0131n kendisinin incelenmesini merkeze alarak yapmaya \u00e7al\u0131\u015ft\u0131k. \u0130bn S\u00een\u00e2 felsefesinin temel d\u00fc\u015f\u00fcncesini olu\u015fturan varl\u0131k ve mahiyet kavramlar\u0131 aras\u0131ndaki mant\u0131ksal ba\u011f\u0131nt\u0131lar\u0131 tan\u0131mak isteyen okuyucular i\u00e7in bu ara\u015ft\u0131rma ufuk a\u00e7\u0131c\u0131 olacakt\u0131r. <\/p>\n","protected":false},"excerpt":{"rendered":"<p>\u0130bn S\u00een\u00e2 felsefeye, bilimlere ve t\u0131bba muazzam katk\u0131lar sa\u011flam\u0131\u015f bir filozoftur. Bunun bir \u00f6rne\u011fi onun, F\u00e2r\u00e2b\u00ee\u2019nin Arap\u00e7ada kurdu\u011fu ve geli\u015ftirdi\u011fi Aristoteles mant\u0131\u011f\u0131n\u0131 daha da geli\u015ftirmesi ve<span class=\"excerpt-hellip\"> [\u2026]<\/span><\/p>\n","protected":false},"featured_media":0,"template":"","meta":{"_monsterinsights_skip_tracking":false,"_monsterinsights_sitenote_active":false,"_monsterinsights_sitenote_note":"","_monsterinsights_sitenote_category":0},"product_brand":[],"product_cat":[20351,12388],"product_tag":[],"class_list":{"0":"post-782500","1":"product","2":"type-product","3":"status-publish","5":"product_cat-dusunce","6":"product_cat-felsefe","7":"pa_cilt-ciltsiz","8":"pa_tur-kitap","9":"pa_yayinevi-bilgesina-yayinevi","10":"pa_yazar-yakup-ozkan","12":"first","13":"instock","14":"sale","15":"shipping-taxable","16":"purchasable","17":"product-type-simple"},"_links":{"self":[{"href":"https:\/\/roveyayinevi.com.tr\/index.php\/wp-json\/wp\/v2\/product\/782500","targetHints":{"allow":["GET"]}}],"collection":[{"href":"https:\/\/roveyayinevi.com.tr\/index.php\/wp-json\/wp\/v2\/product"}],"about":[{"href":"https:\/\/roveyayinevi.com.tr\/index.php\/wp-json\/wp\/v2\/types\/product"}],"wp:attachment":[{"href":"https:\/\/roveyayinevi.com.tr\/index.php\/wp-json\/wp\/v2\/media?parent=782500"}],"wp:term":[{"taxonomy":"product_brand","embeddable":true,"href":"https:\/\/roveyayinevi.com.tr\/index.php\/wp-json\/wp\/v2\/product_brand?post=782500"},{"taxonomy":"product_cat","embeddable":true,"href":"https:\/\/roveyayinevi.com.tr\/index.php\/wp-json\/wp\/v2\/product_cat?post=782500"},{"taxonomy":"product_tag","embeddable":true,"href":"https:\/\/roveyayinevi.com.tr\/index.php\/wp-json\/wp\/v2\/product_tag?post=782500"}],"curies":[{"name":"wp","href":"https:\/\/api.w.org\/{rel}","templated":true}]}}