{"id":782499,"date":"2026-02-23T11:52:01","date_gmt":"2026-02-23T08:52:01","guid":{"rendered":"https:\/\/roveyayinevi.com.tr\/index.php\/urun\/panco-kendine-insan-ariyor-ciltli-2\/"},"modified":"2026-04-16T02:43:58","modified_gmt":"2026-04-15T23:43:58","slug":"panco-kendine-insan-ariyor-ciltli-2","status":"publish","type":"product","link":"https:\/\/roveyayinevi.com.tr\/index.php\/urun\/panco-kendine-insan-ariyor-ciltli-2\/","title":{"rendered":"Pan\u00e7o Kendine \u0130nsan Ar\u0131yor (Ciltli)"},"content":{"rendered":"<p>Bir k\u00f6pek insan \u201csahiplenmeye\u201d kalkarsa&#8230;Avustralyal\u0131 sanat\u00e7\u0131 Gabriel Evans&#8217;\u0131n yaz\u0131p resimledi\u011fi Pan\u00e7o Kendine \u0130nsan Ar\u0131yor, insan-hayvan ili\u015fkisindeki rollerin tersine \u00e7evrildi\u011fi, sevimli mi sevimli bir anlat\u0131. Hayvanlar\u0131n insanlar hakk\u0131ndaki d\u00fc\u015f\u00fcncelerinden yola \u00e7\u0131karak bamba\u015fka bir aray\u0131\u015f \u00f6yk\u00fcs\u00fc betimleyen Evans, kadim dostlar\u0131m\u0131z\u0131n kendi istedikleri gibi bir ya\u015fam s\u00fcrebilme haklar\u0131 \u00fcst\u00fcne zihinleri soru i\u015faretleriyle dolduruyor.   Bireysel farkl\u0131l\u0131klar \u00fczerinden insanlar aras\u0131ndaki \u00e7e\u015fitlili\u011fe vurgu yapan kitap, miniklerin d\u00fcnyaya bir de hayvanlar\u0131n g\u00f6z\u00fcnden bakmalar\u0131 i\u00e7in f\u0131rsat tan\u0131yor. Yaln\u0131zl\u0131k can\u0131na tak eden Pan\u00e7o, bir insan edinmeye karar verir. Ama i\u015fi bir hayli zor! \u00c7\u00fcnk\u00fc insan beslemek, b\u00fcy\u00fck sorumluluk gerektirir. \u00dcstelik etrafta bu kadar \u00e7ok insan varken birini se\u00e7mek hi\u00e7 de kolay de\u011fil. B\u00fcy\u00fck, h\u0131zl\u0131, g\u00fcr\u00fclt\u00fcc\u00fc, huysuz ve hatta kendisi gibi bol t\u00fcyl\u00fc&#8230; Ah, herkes birbirinden ne kadar da farkl\u0131! Gel g\u00f6r ki ger\u00e7ekte hi\u00e7biri Pan\u00e7o&#8217;nun istedi\u011fi gibi de\u011fil. Sevimli dostumuz arad\u0131\u011f\u0131 o m\u00fckemmel insan\u0131 bulabilecek mi dersiniz? Kim bilir, belki de onun tek eksi\u011fi, kendisine ihtiya\u00e7 duyan bir insanla ya\u015famakt\u0131r.Hik\u00e2yesini \u201cAramaktan vazge\u00e7me!\u201d \u00f6zdeyi\u015fi \u00fcst\u00fcne \u015fekillendiren Pan\u00e7o Kendine \u0130nsan Ar\u0131yor; d\u00fcnyam\u0131zda hayvanlar\u0131n da insanlar kadar hak sahibi oldu\u011funun alt\u0131n\u0131 \u00e7iziyor, ya\u015fam\u0131 t\u00fcyl\u00fc dostlar\u0131m\u0131zla payla\u015fman\u0131n g\u00fczelliklerini hat\u0131rlat\u0131yor. <\/p>\n","protected":false},"excerpt":{"rendered":"<p>Bir k\u00f6pek insan \u201csahiplenmeye\u201d kalkarsa&#8230;Avustralyal\u0131 sanat\u00e7\u0131 Gabriel Evans&#8217;\u0131n yaz\u0131p resimledi\u011fi Pan\u00e7o Kendine \u0130nsan Ar\u0131yor, insan-hayvan ili\u015fkisindeki rollerin tersine \u00e7evrildi\u011fi, sevimli mi sevimli bir anlat\u0131. Hayvanlar\u0131n insanlar<span class=\"excerpt-hellip\"> [\u2026]<\/span><\/p>\n","protected":false},"featured_media":0,"template":"","meta":{"_monsterinsights_skip_tracking":false,"_monsterinsights_sitenote_active":false,"_monsterinsights_sitenote_note":"","_monsterinsights_sitenote_category":0},"product_brand":[],"product_cat":[12274,12518],"product_tag":[],"class_list":{"0":"post-782499","1":"product","2":"type-product","3":"status-publish","5":"product_cat-cocuk-ve-genclik-kitaplari","6":"product_cat-okul-oncesi-kitaplar","7":"pa_cilt-ciltli","8":"pa_tur-kitap","9":"pa_yayinevi-ucanbalik-yayincilik","10":"pa_yazar-gabriel-evans","12":"first","13":"instock","14":"sale","15":"shipping-taxable","16":"purchasable","17":"product-type-simple"},"_links":{"self":[{"href":"https:\/\/roveyayinevi.com.tr\/index.php\/wp-json\/wp\/v2\/product\/782499","targetHints":{"allow":["GET"]}}],"collection":[{"href":"https:\/\/roveyayinevi.com.tr\/index.php\/wp-json\/wp\/v2\/product"}],"about":[{"href":"https:\/\/roveyayinevi.com.tr\/index.php\/wp-json\/wp\/v2\/types\/product"}],"wp:attachment":[{"href":"https:\/\/roveyayinevi.com.tr\/index.php\/wp-json\/wp\/v2\/media?parent=782499"}],"wp:term":[{"taxonomy":"product_brand","embeddable":true,"href":"https:\/\/roveyayinevi.com.tr\/index.php\/wp-json\/wp\/v2\/product_brand?post=782499"},{"taxonomy":"product_cat","embeddable":true,"href":"https:\/\/roveyayinevi.com.tr\/index.php\/wp-json\/wp\/v2\/product_cat?post=782499"},{"taxonomy":"product_tag","embeddable":true,"href":"https:\/\/roveyayinevi.com.tr\/index.php\/wp-json\/wp\/v2\/product_tag?post=782499"}],"curies":[{"name":"wp","href":"https:\/\/api.w.org\/{rel}","templated":true}]}}