{"id":782496,"date":"2026-02-23T11:50:17","date_gmt":"2026-02-23T08:50:17","guid":{"rendered":"https:\/\/roveyayinevi.com.tr\/index.php\/urun\/pence\/"},"modified":"2026-04-16T02:42:54","modified_gmt":"2026-04-15T23:42:54","slug":"pence","status":"publish","type":"product","link":"https:\/\/roveyayinevi.com.tr\/index.php\/urun\/pence\/","title":{"rendered":"Pen\u00e7e"},"content":{"rendered":"<p>Afrika\u2019da uzayan sesi ald\u0131m kuca\u011f\u0131maKula\u011f\u0131ma de\u011fil asla kuca\u011f\u0131maDerimin y\u0131rt\u0131lmas\u0131n\u0131 ba\u011f\u0131r\u0131yorBir ba\u015fkas\u0131 bana Afrika\u2019daOna beni b\u0131rak diyece\u011fimB\u0131rak ben ba\u015fka \u00e7\u0131\u011fl\u0131klara gebeyim G\u00f6zbebe\u011fimde g\u00f6lgelerin s\u0131cakl\u0131\u011f\u0131 y\u00fcr\u00fcyorYand\u0131k\u00e7a yana yak\u0131la bir tela\u015f y\u00fcr\u00fcyorAkl\u0131mda hep ayn\u0131 soruBiz yery\u00fcz\u00fcnde ne hakla<\/p>\n","protected":false},"excerpt":{"rendered":"<p>Afrika\u2019da uzayan sesi ald\u0131m kuca\u011f\u0131maKula\u011f\u0131ma de\u011fil asla kuca\u011f\u0131maDerimin y\u0131rt\u0131lmas\u0131n\u0131 ba\u011f\u0131r\u0131yorBir ba\u015fkas\u0131 bana Afrika\u2019daOna beni b\u0131rak diyece\u011fimB\u0131rak ben ba\u015fka \u00e7\u0131\u011fl\u0131klara gebeyim G\u00f6zbebe\u011fimde g\u00f6lgelerin s\u0131cakl\u0131\u011f\u0131 y\u00fcr\u00fcyorYand\u0131k\u00e7a yana yak\u0131la<span class=\"excerpt-hellip\"> [\u2026]<\/span><\/p>\n","protected":false},"featured_media":0,"template":"","meta":{"_monsterinsights_skip_tracking":false,"_monsterinsights_sitenote_active":false,"_monsterinsights_sitenote_note":"","_monsterinsights_sitenote_category":0},"product_brand":[],"product_cat":[12291,12509],"product_tag":[],"class_list":{"0":"post-782496","1":"product","2":"type-product","3":"status-publish","5":"product_cat-edebiyat","6":"product_cat-siir","7":"pa_cilt-ciltsiz","8":"pa_tur-kitap","9":"pa_yayinevi-everest-yayinlari","10":"pa_yazar-elif-sofya","12":"first","13":"instock","14":"sale","15":"shipping-taxable","16":"purchasable","17":"product-type-simple"},"_links":{"self":[{"href":"https:\/\/roveyayinevi.com.tr\/index.php\/wp-json\/wp\/v2\/product\/782496","targetHints":{"allow":["GET"]}}],"collection":[{"href":"https:\/\/roveyayinevi.com.tr\/index.php\/wp-json\/wp\/v2\/product"}],"about":[{"href":"https:\/\/roveyayinevi.com.tr\/index.php\/wp-json\/wp\/v2\/types\/product"}],"wp:attachment":[{"href":"https:\/\/roveyayinevi.com.tr\/index.php\/wp-json\/wp\/v2\/media?parent=782496"}],"wp:term":[{"taxonomy":"product_brand","embeddable":true,"href":"https:\/\/roveyayinevi.com.tr\/index.php\/wp-json\/wp\/v2\/product_brand?post=782496"},{"taxonomy":"product_cat","embeddable":true,"href":"https:\/\/roveyayinevi.com.tr\/index.php\/wp-json\/wp\/v2\/product_cat?post=782496"},{"taxonomy":"product_tag","embeddable":true,"href":"https:\/\/roveyayinevi.com.tr\/index.php\/wp-json\/wp\/v2\/product_tag?post=782496"}],"curies":[{"name":"wp","href":"https:\/\/api.w.org\/{rel}","templated":true}]}}