{"id":782484,"date":"2026-02-23T11:49:03","date_gmt":"2026-02-23T08:49:03","guid":{"rendered":"https:\/\/roveyayinevi.com.tr\/index.php\/urun\/kurtulus-paradoksu\/"},"modified":"2026-03-30T02:51:07","modified_gmt":"2026-03-29T23:51:07","slug":"kurtulus-paradoksu","status":"publish","type":"product","link":"https:\/\/roveyayinevi.com.tr\/index.php\/urun\/kurtulus-paradoksu\/","title":{"rendered":"Kurtulu\u015f Paradoksu"},"content":{"rendered":"<p>\u201cBahsetti\u011fim paradoks, kurtar\u0131c\u0131larla, kurtarmay\u0131 hedefledikleri ve asl\u0131nda kurtard\u0131klar\u0131 insanlar\u0131n aras\u0131ndaki gerilimli ili\u015fkiyle ilgili. Bu ili\u015fki e\u015fzamanl\u0131 olarak hem derin bir sempati hem de derin bir d\u00fc\u015fmanl\u0131k i\u00e7erir. Sempati diyorum \u00e7\u00fcnk\u00fc kurtar\u0131c\u0131lar sadece yabanc\u0131 egemenli\u011fine kar\u015f\u0131 \u00e7\u0131k\u0131p onun yerini almakla kalmad\u0131lar; kendileriyle \u00f6zde\u015fle\u015ftirdikleri erkek ve kad\u0131nlar\u0131n g\u00fcndelik hayatlar\u0131n\u0131 iyile\u015ftirmek istediler: onlar\u0131n olan insanlar\u0131. D\u00fc\u015fmanl\u0131k diyorum \u00e7\u00fcnk\u00fc kurtar\u0131c\u0131lar ayn\u0131 zamanda ayn\u0131 insanlar\u0131n geri kalm\u0131\u015f, cahil, edilgen ve boyun e\u011fmi\u015f olarak tan\u0131mlad\u0131klar\u0131 hallerinden nefret ettiler. Halklar\u0131na, onlar\u0131 d\u00f6n\u00fc\u015ft\u00fcrerek, s\u0131k\u0131 s\u0131k\u0131ya ba\u011fl\u0131 olduklar\u0131 geleneksel din\u00ee inan\u00e7 ve pratiklerine bask\u0131n \u00e7\u0131karak, onlar\u0131 modernle\u015ftirerek yard\u0131m etmeye \u00e7al\u0131\u015ft\u0131lar.\u201d Ulusu kurtaranlar, s\u0131kl\u0131kla siyasetin bug\u00fcn\u00fcn\u00fc etkilemi\u015f, sembolik anlamlar edinmi\u015f ve toplumlar\u0131n\u0131n siyasi k\u00fclt\u00fcr\u00fc \u00fczerinde belirleyici olmu\u015ftur. Kurtar\u0131c\u0131lar-kurtar\u0131lanlar aras\u0131ndaki ili\u015fki, bilhassa devletle\u015fmi\u015f ulusal kurtulu\u015f hareketleri s\u00f6z konusuysa, siyaseten ciddi bir gerilim hatt\u0131 olu\u015fturmu\u015f, bu hareketler ve partiler farkl\u0131 toplumsal gruplar\u0131n \u00e7e\u015fitli meydan okumalar\u0131yla kar\u015f\u0131la\u015fm\u0131\u015ft\u0131r. Michael Walzer, \u0130kinci D\u00fcnya Sava\u015f\u0131 sonras\u0131 kurulan \u00fc\u00e7 ba\u011f\u0131ms\u0131z devleti, Hindistan, \u0130srail ve Cezayir\u2019i ele ald\u0131\u011f\u0131 Kurtulu\u015f Paradoksu\u2019nda ulusal kurtulu\u015f hareketlerinin vaatlerini, kazan\u0131mlar\u0131n\u0131 ve toplumlar\u0131 i\u00e7erisindeki alg\u0131lanma bi\u00e7imleriyle birlikte paradokslar\u0131n\u0131, \u00e7\u0131kmazlar\u0131n\u0131 ve \u00e7eli\u015fkilerini de g\u00f6steriyor. Toplumlar\u0131n d\u00fcnyevi ve ilerlemeci \u201cvizyon\u201dlarla nas\u0131l ili\u015fkilendi\u011fine ve kar\u015f\u0131 hareket \u00fcretti\u011fine odaklan\u0131yor. Kitap, radikal toplumsal de\u011fi\u015fim ve d\u00f6n\u00fc\u015f\u00fcmleri anlamak a\u00e7\u0131s\u0131ndan verimli bir kar\u015f\u0131la\u015ft\u0131rmal\u0131 perspektif sunuyor.<\/p>\n","protected":false},"excerpt":{"rendered":"<p>\u201cBahsetti\u011fim paradoks, kurtar\u0131c\u0131larla, kurtarmay\u0131 hedefledikleri ve asl\u0131nda kurtard\u0131klar\u0131 insanlar\u0131n aras\u0131ndaki gerilimli ili\u015fkiyle ilgili. Bu ili\u015fki e\u015fzamanl\u0131 olarak hem derin bir sempati hem de derin bir d\u00fc\u015fmanl\u0131k<span class=\"excerpt-hellip\"> [\u2026]<\/span><\/p>\n","protected":false},"featured_media":0,"template":"","meta":{"_monsterinsights_skip_tracking":false,"_monsterinsights_sitenote_active":false,"_monsterinsights_sitenote_note":"","_monsterinsights_sitenote_category":0},"product_brand":[],"product_cat":[13590,12337],"product_tag":[],"class_list":{"0":"post-782484","1":"product","2":"type-product","3":"status-publish","5":"product_cat-arastirma-inceleme-politika-siyaset","6":"product_cat-politika-siyaset","7":"pa_cilt-ciltsiz","8":"pa_tur-kitap","9":"pa_yayinevi-iletisim-yayinlari","10":"pa_yazar-michael-walzer","12":"first","13":"instock","14":"sale","15":"shipping-taxable","16":"purchasable","17":"product-type-simple"},"_links":{"self":[{"href":"https:\/\/roveyayinevi.com.tr\/index.php\/wp-json\/wp\/v2\/product\/782484","targetHints":{"allow":["GET"]}}],"collection":[{"href":"https:\/\/roveyayinevi.com.tr\/index.php\/wp-json\/wp\/v2\/product"}],"about":[{"href":"https:\/\/roveyayinevi.com.tr\/index.php\/wp-json\/wp\/v2\/types\/product"}],"wp:attachment":[{"href":"https:\/\/roveyayinevi.com.tr\/index.php\/wp-json\/wp\/v2\/media?parent=782484"}],"wp:term":[{"taxonomy":"product_brand","embeddable":true,"href":"https:\/\/roveyayinevi.com.tr\/index.php\/wp-json\/wp\/v2\/product_brand?post=782484"},{"taxonomy":"product_cat","embeddable":true,"href":"https:\/\/roveyayinevi.com.tr\/index.php\/wp-json\/wp\/v2\/product_cat?post=782484"},{"taxonomy":"product_tag","embeddable":true,"href":"https:\/\/roveyayinevi.com.tr\/index.php\/wp-json\/wp\/v2\/product_tag?post=782484"}],"curies":[{"name":"wp","href":"https:\/\/api.w.org\/{rel}","templated":true}]}}