{"id":782477,"date":"2026-02-23T11:48:02","date_gmt":"2026-02-23T08:48:02","guid":{"rendered":"https:\/\/roveyayinevi.com.tr\/index.php\/urun\/veganizm\/"},"modified":"2026-04-16T02:41:33","modified_gmt":"2026-04-15T23:41:33","slug":"veganizm","status":"publish","type":"product","link":"https:\/\/roveyayinevi.com.tr\/index.php\/urun\/veganizm\/","title":{"rendered":"Veganizm"},"content":{"rendered":"<p>Vale\u0301ry Giroux ve Renan Larue, veganizmi mercek alt\u0131na al\u0131yorlar. Vegan felsefesinin ne oldug\u0306unu, veganizmin tarihini, gu\u0308nu\u0308mu\u0308zde geldig\u0306i noktay\u0131 aras\u0327t\u0131r\u0131yorlar. Kimi zaman alay konusu olan, c\u0327og\u0306u zamansa sanayicileri ve hayvan so\u0308mu\u0308ru\u0308su\u0308nden ka\u0302r elde edenleri k\u0131zd\u0131ran veganizmi hayvanlara eziyet etmeme c\u0327erc\u0327evesinin yan\u0131 s\u0131ra, dog\u0306aya, du\u0308nyaya, bizzat insanlara olan faydalar\u0131 ac\u0327\u0131s\u0131ndan da du\u0308s\u0327u\u0308nerek bu felsefeyi daha genis\u0327 bir bag\u0306lama yerles\u0327tiriyorlar. \u201cGo\u0308ru\u0308nmez \u0131st\u0131rab\u0131\u201d go\u0308ru\u0308nu\u0308r k\u0131lmaya c\u0327al\u0131s\u0327an hayvan haklar\u0131 savunucular\u0131na reva go\u0308ru\u0308len muameleden, veganlar\u0131n kendi ic\u0327lerinde birbirlerine yo\u0308nelttikleri eles\u0327tirilere, konuyla ilgili devlet politikalar\u0131ndan hayvan hislerine ve insan psikolojisine kadar genis\u0327 bir kapsamda konuyu ele al\u0131yorlar. Veganizm, yaln\u0131zca bir manifesto deg\u0306il, hayvanlar\u0131n, insanlar\u0131n ve tu\u0308m du\u0308nyan\u0131n o\u0308zgu\u0308rles\u0327mesi i\u00e7in bir \u00e7a\u011fr\u0131. \u201cElbette c\u0327og\u0306umuz milyarlarca canl\u0131ya reva go\u0308rdu\u0308g\u0306u\u0308mu\u0308z bu kaderi du\u0308s\u0327u\u0308nmemeyi becerebiliyor. Ancak bu go\u0308nu\u0308llu\u0308 ko\u0308rles\u0327me haline kendimizi teslim etmek son y\u0131llarda biraz zorlas\u0327t\u0131. Zira c\u0327ok say\u0131da kitap, makale, belgesel, radyo ve televizyon yay\u0131n\u0131, so\u0308mu\u0308rdu\u0308g\u0306u\u0308mu\u0308z hayvanlara uygulanan ko\u0308tu\u0308 muameleden bahsediyor. Bu ko\u0308leles\u0327tirmenin temellerini ve mes\u0327ruiyetini art\u0131k yu\u0308ksek sesle sorgulamaya bas\u0327l\u0131yoruz. Gittikc\u0327e daha c\u0327ok ve daha ciddi bir s\u0327ekilde veganizmden konus\u0327uyoruz.\u201d<\/p>\n","protected":false},"excerpt":{"rendered":"<p>Vale\u0301ry Giroux ve Renan Larue, veganizmi mercek alt\u0131na al\u0131yorlar. Vegan felsefesinin ne oldug\u0306unu, veganizmin tarihini, gu\u0308nu\u0308mu\u0308zde geldig\u0306i noktay\u0131 aras\u0327t\u0131r\u0131yorlar. Kimi zaman alay konusu olan, c\u0327og\u0306u zamansa<span class=\"excerpt-hellip\"> [\u2026]<\/span><\/p>\n","protected":false},"featured_media":0,"template":"","meta":{"_monsterinsights_skip_tracking":false,"_monsterinsights_sitenote_active":false,"_monsterinsights_sitenote_note":"","_monsterinsights_sitenote_category":0},"product_brand":[],"product_cat":[13590,12337],"product_tag":[],"class_list":{"0":"post-782477","1":"product","2":"type-product","3":"status-publish","5":"product_cat-arastirma-inceleme-politika-siyaset","6":"product_cat-politika-siyaset","7":"pa_cilt-ciltsiz","8":"pa_tur-kitap","9":"pa_yayinevi-iletisim-yayinlari","10":"pa_yazar-valery-giroux-renan-larue","12":"first","13":"instock","14":"sale","15":"shipping-taxable","16":"purchasable","17":"product-type-simple"},"_links":{"self":[{"href":"https:\/\/roveyayinevi.com.tr\/index.php\/wp-json\/wp\/v2\/product\/782477","targetHints":{"allow":["GET"]}}],"collection":[{"href":"https:\/\/roveyayinevi.com.tr\/index.php\/wp-json\/wp\/v2\/product"}],"about":[{"href":"https:\/\/roveyayinevi.com.tr\/index.php\/wp-json\/wp\/v2\/types\/product"}],"wp:attachment":[{"href":"https:\/\/roveyayinevi.com.tr\/index.php\/wp-json\/wp\/v2\/media?parent=782477"}],"wp:term":[{"taxonomy":"product_brand","embeddable":true,"href":"https:\/\/roveyayinevi.com.tr\/index.php\/wp-json\/wp\/v2\/product_brand?post=782477"},{"taxonomy":"product_cat","embeddable":true,"href":"https:\/\/roveyayinevi.com.tr\/index.php\/wp-json\/wp\/v2\/product_cat?post=782477"},{"taxonomy":"product_tag","embeddable":true,"href":"https:\/\/roveyayinevi.com.tr\/index.php\/wp-json\/wp\/v2\/product_tag?post=782477"}],"curies":[{"name":"wp","href":"https:\/\/api.w.org\/{rel}","templated":true}]}}