{"id":782469,"date":"2026-02-23T11:46:37","date_gmt":"2026-02-23T08:46:37","guid":{"rendered":"https:\/\/roveyayinevi.com.tr\/index.php\/urun\/dinozorlar-arasinda\/"},"modified":"2026-04-16T02:40:48","modified_gmt":"2026-04-15T23:40:48","slug":"dinozorlar-arasinda","status":"publish","type":"product","link":"https:\/\/roveyayinevi.com.tr\/index.php\/urun\/dinozorlar-arasinda\/","title":{"rendered":"Dinozorlar Aras\u0131nda"},"content":{"rendered":"<p>Ge\u00e7mi\u015f zamana yapt\u0131klar\u0131 ikinci yolculu\u011fun sonunda, S\u00fcmerlere sald\u0131ran Akadl\u0131lardan ka\u00e7an Do\u011fan, Banu ve Selin, ola\u011fand\u0131\u015f\u0131 bilgisayarlar\u0131yla D\u00fcnya\u2019n\u0131n milyonlarca y\u0131l \u00f6ncesine gidiyor ve dinozorlarla arkada\u015f oluyorlar! Birlikte u\u00e7an dinozorlar\u0131n sald\u0131r\u0131s\u0131na kar\u015f\u0131 koyuyor, yavru Dino\u2019nun s\u0131rt\u0131na binip ko\u015fturuyor ve ate\u015f \u00e7ukurlar\u0131n\u0131 a\u015f\u0131yorlar\u2026 Ve tabii ki, ser\u00fcven devam ediyor! Dinozorlar Aras\u0131nda, Ge\u00e7mi\u015f Zaman Gezginleri dizisinin \u00fc\u00e7\u00fcnc\u00fc kitab\u0131. Ge\u00e7mi\u015f Zaman Gezginleri, kahramanlar\u0131m\u0131z Do\u011fan, Banu ve Selim\u2019in Ta\u015f Devri, S\u00fcmer \u00dclkesi, Dinozorlar \u00c7a\u011f\u0131, Eski M\u0131s\u0131r, Buz Devri ve Orta \u00c7a\u011f\u2019da ge\u00e7en ola\u011fan\u00fcst\u00fc ser\u00fcvenlerini, teknolojiden tarihe, co\u011frafyadan insanbilime uzanan \u00e7ok geni\u015f bir \u00e7er\u00e7eve i\u00e7inde anlat\u0131yor.     \u201cG\u00fcn\u00fcm\u00fczden milyonlarca y\u0131l \u00f6ncesinde dinozorlar aras\u0131nda dola\u015fan ge\u00e7mi\u015f zaman gezginlerimiz merak edilen bir d\u00fcnyan\u0131n kap\u0131lar\u0131n\u0131 aral\u0131yor. Hi\u00e7 bitmeyen heyecan\u0131 ya\u015fat\u0131rken okuyucusunun kafas\u0131nda evren ve do\u011fa hakk\u0131nda yeni sorular yaratan bu hik\u00e2yeyi ilk\u00f6\u011fretim \u00f6\u011frencilerine ve \u00f6\u011fretmenlere \u00f6neririm.\u201d &#8211;      Selda Fillik\u00e7io\u011flu- Sosyal Bilgiler \u00d6\u011fretmeni <\/p>\n","protected":false},"excerpt":{"rendered":"<p>Ge\u00e7mi\u015f zamana yapt\u0131klar\u0131 ikinci yolculu\u011fun sonunda, S\u00fcmerlere sald\u0131ran Akadl\u0131lardan ka\u00e7an Do\u011fan, Banu ve Selin, ola\u011fand\u0131\u015f\u0131 bilgisayarlar\u0131yla D\u00fcnya\u2019n\u0131n milyonlarca y\u0131l \u00f6ncesine gidiyor ve dinozorlarla arkada\u015f oluyorlar! Birlikte<span class=\"excerpt-hellip\"> [\u2026]<\/span><\/p>\n","protected":false},"featured_media":0,"template":"","meta":{"_monsterinsights_skip_tracking":false,"_monsterinsights_sitenote_active":false,"_monsterinsights_sitenote_note":"","_monsterinsights_sitenote_category":0},"product_brand":[],"product_cat":[12275,12274],"product_tag":[],"class_list":{"0":"post-782469","1":"product","2":"type-product","3":"status-publish","5":"product_cat-6-12-yas-kitaplari","6":"product_cat-cocuk-ve-genclik-kitaplari","7":"pa_cilt-ciltsiz","8":"pa_tur-kitap","9":"pa_yayinevi-epsilon-ozel-urun","10":"pa_yazar-mustafa-hakki-kurt","12":"first","13":"instock","14":"sale","15":"shipping-taxable","16":"purchasable","17":"product-type-simple"},"_links":{"self":[{"href":"https:\/\/roveyayinevi.com.tr\/index.php\/wp-json\/wp\/v2\/product\/782469","targetHints":{"allow":["GET"]}}],"collection":[{"href":"https:\/\/roveyayinevi.com.tr\/index.php\/wp-json\/wp\/v2\/product"}],"about":[{"href":"https:\/\/roveyayinevi.com.tr\/index.php\/wp-json\/wp\/v2\/types\/product"}],"wp:attachment":[{"href":"https:\/\/roveyayinevi.com.tr\/index.php\/wp-json\/wp\/v2\/media?parent=782469"}],"wp:term":[{"taxonomy":"product_brand","embeddable":true,"href":"https:\/\/roveyayinevi.com.tr\/index.php\/wp-json\/wp\/v2\/product_brand?post=782469"},{"taxonomy":"product_cat","embeddable":true,"href":"https:\/\/roveyayinevi.com.tr\/index.php\/wp-json\/wp\/v2\/product_cat?post=782469"},{"taxonomy":"product_tag","embeddable":true,"href":"https:\/\/roveyayinevi.com.tr\/index.php\/wp-json\/wp\/v2\/product_tag?post=782469"}],"curies":[{"name":"wp","href":"https:\/\/api.w.org\/{rel}","templated":true}]}}