{"id":782461,"date":"2026-02-23T11:45:53","date_gmt":"2026-02-23T08:45:53","guid":{"rendered":"https:\/\/roveyayinevi.com.tr\/index.php\/urun\/bitkisel-hafiza-ve-bibliyofili-uzerine-diger-yazilar\/"},"modified":"2026-04-16T02:40:20","modified_gmt":"2026-04-15T23:40:20","slug":"bitkisel-hafiza-ve-bibliyofili-uzerine-diger-yazilar","status":"publish","type":"product","link":"https:\/\/roveyayinevi.com.tr\/index.php\/urun\/bitkisel-hafiza-ve-bibliyofili-uzerine-diger-yazilar\/","title":{"rendered":"Bitkisel Haf\u0131za ve Bibliyofili \u00dczerine Di\u011fer Yaz\u0131lar"},"content":{"rendered":"<p>Umberto Eco Bitkisel Haf\u0131za\u2019da kitab\u0131n, ortaya \u00e7\u0131kt\u0131\u011f\u0131 andan itibaren uygarl\u0131klar\u0131n evrimi ve b\u00fcy\u00fck tektanr\u0131l\u0131 dinlerin do\u011fu\u015fu a\u00e7\u0131s\u0131ndan \u00f6nemini anlat\u0131yor. Ve bir bibliyofil g\u00f6z\u00fcnden bak\u0131yor kitap d\u00fcnyas\u0131na. Peki nedir bibliyofil? Bibliyofil kitab\u0131 sevendir, ama sadece kitap okumakla yetinmeyen, ayn\u0131 zamanda ona nesne olarak da sahip olmak isteyendir. Bu nedenle bibliyofili, her \u015feyden \u00f6nce kitap nesnesine duyulan a\u015fkt\u0131r. Her zamanki keskinli\u011fi, mizah\u0131 ve yetkinli\u011fiyle Eco, bibliyofili a\u00e7\u0131s\u0131ndan \u00f6nemli g\u00f6rd\u00fc\u011f\u00fc eserleri g\u00f6zden ge\u00e7iriyor, anekdotlar anlat\u0131yor, bir de\u011ferin izini s\u00fcr\u00fcyor, k\u0131sacas\u0131 bibliyofilinin b\u00fcy\u00fcl\u00fc d\u00fcnyas\u0131 i\u00e7in bize rehberlik ediyor. \u00c7\u00fcnk\u00fc Eco \u00f6ncelikli olarak zaten bibliyofil olanlar\u0131 hedeflemiyor, hen\u00fcz \u00f6yle oldu\u011funu bilmeyen say\u0131s\u0131z potansiyel okura sesleniyor.<\/p>\n","protected":false},"excerpt":{"rendered":"<p>Umberto Eco Bitkisel Haf\u0131za\u2019da kitab\u0131n, ortaya \u00e7\u0131kt\u0131\u011f\u0131 andan itibaren uygarl\u0131klar\u0131n evrimi ve b\u00fcy\u00fck tektanr\u0131l\u0131 dinlerin do\u011fu\u015fu a\u00e7\u0131s\u0131ndan \u00f6nemini anlat\u0131yor. Ve bir bibliyofil g\u00f6z\u00fcnden bak\u0131yor kitap d\u00fcnyas\u0131na.<span class=\"excerpt-hellip\"> [\u2026]<\/span><\/p>\n","protected":false},"featured_media":0,"template":"","meta":{"_monsterinsights_skip_tracking":false,"_monsterinsights_sitenote_active":false,"_monsterinsights_sitenote_note":"","_monsterinsights_sitenote_category":0},"product_brand":[],"product_cat":[13072,12291],"product_tag":[],"class_list":{"0":"post-782461","1":"product","2":"type-product","3":"status-publish","5":"product_cat-arastirma-inceleme-referans","6":"product_cat-edebiyat","7":"pa_cilt-ciltsiz","8":"pa_tur-kitap","9":"pa_yayinevi-alfa-yayinlari","10":"pa_yazar-umberto-eco","12":"first","13":"instock","14":"sale","15":"shipping-taxable","16":"purchasable","17":"product-type-simple"},"_links":{"self":[{"href":"https:\/\/roveyayinevi.com.tr\/index.php\/wp-json\/wp\/v2\/product\/782461","targetHints":{"allow":["GET"]}}],"collection":[{"href":"https:\/\/roveyayinevi.com.tr\/index.php\/wp-json\/wp\/v2\/product"}],"about":[{"href":"https:\/\/roveyayinevi.com.tr\/index.php\/wp-json\/wp\/v2\/types\/product"}],"wp:attachment":[{"href":"https:\/\/roveyayinevi.com.tr\/index.php\/wp-json\/wp\/v2\/media?parent=782461"}],"wp:term":[{"taxonomy":"product_brand","embeddable":true,"href":"https:\/\/roveyayinevi.com.tr\/index.php\/wp-json\/wp\/v2\/product_brand?post=782461"},{"taxonomy":"product_cat","embeddable":true,"href":"https:\/\/roveyayinevi.com.tr\/index.php\/wp-json\/wp\/v2\/product_cat?post=782461"},{"taxonomy":"product_tag","embeddable":true,"href":"https:\/\/roveyayinevi.com.tr\/index.php\/wp-json\/wp\/v2\/product_tag?post=782461"}],"curies":[{"name":"wp","href":"https:\/\/api.w.org\/{rel}","templated":true}]}}