{"id":782454,"date":"2026-02-23T11:44:34","date_gmt":"2026-02-23T08:44:34","guid":{"rendered":"https:\/\/roveyayinevi.com.tr\/index.php\/urun\/bu-propaganda-degil\/"},"modified":"2026-04-16T02:39:48","modified_gmt":"2026-04-15T23:39:48","slug":"bu-propaganda-degil","status":"publish","type":"product","link":"https:\/\/roveyayinevi.com.tr\/index.php\/urun\/bu-propaganda-degil\/","title":{"rendered":"Bu Propaganda De\u011fil"},"content":{"rendered":"<p>Bilgi silah olursa, fikir sava\u015f \u00e7\u0131kar\u0131r. Psikolojik operasyonlar\u0131n, bilgisayar korsanlar\u0131n\u0131n, bot\u2019lar\u0131n, I\u015e\u0130D\u2019in, Putin\u2019in, trollerin, Trump\u2019\u0131n ve daha nicesinin hakikati \u015fekillendirmeye \u00e7al\u0131\u015ft\u0131\u011f\u0131 bir d\u00fcnyada ya\u015f\u0131yoruz. Akl\u0131m\u0131z\u0131 kar\u0131\u015ft\u0131rmak, ger\u00e7eklik alg\u0131m\u0131z\u0131 zay\u0131flatmak i\u00e7in yarat\u0131lan bu ger\u00e7ek\u00fcst\u00fc atmosferde sadece bar\u0131\u015f ve demokrasi \u00fczerindeki kontrol\u00fcm\u00fcz\u00fc kaybetmekle kalmad\u0131k, bu kelimelere atfetti\u011fimiz anlamlar\u0131 da yitirdik. Peter Pomerantsev, kimi zaman analitik kimi zaman \u015fairane \u00fcslubuyla okurlar\u0131 \u00e7okuluslu enformasyon sava\u015f\u0131n\u0131n d\u00fc\u015fman hatlar\u0131n\u0131n gerisinde bir yolculu\u011fa \u00e7\u0131kar\u0131yor. S\u0131rbistan\u2019daki protestocular\u0131n, Meksika\u2019daki uyu\u015fturucu \u00e7etelerinin, ABD\u2019deki Fox News sunucular\u0131n\u0131n ve ailesini s\u00fcrg\u00fcne zorlayan KGB\u2019nin taktiklerini \u00f6\u011freniyor. Bu ger\u00e7ek\u00fcst\u00fc ama \u00f6nemli dersleri al\u0131rken gelece\u011fe de bak\u0131yor ve bu yeni ger\u00e7eklikte nas\u0131l yolumuzu bulabilece\u011fimizi, daha iyi bir demokrasinin nas\u0131l in\u015fa edilebilece\u011fini sorguluyor.   \u201cDezenformasyon \u00e7a\u011f\u0131nda Rusya ve di\u011fer \u00fclkelerin propaganda ara\u00e7lar\u0131n\u0131 kullanarak ger\u00e7eklik alg\u0131s\u0131n\u0131 nas\u0131l silah haline getirdi\u011fine dair ayd\u0131nlat\u0131c\u0131 bir anlat\u0131.\u201d The New York Times <\/p>\n","protected":false},"excerpt":{"rendered":"<p>Bilgi silah olursa, fikir sava\u015f \u00e7\u0131kar\u0131r. Psikolojik operasyonlar\u0131n, bilgisayar korsanlar\u0131n\u0131n, bot\u2019lar\u0131n, I\u015e\u0130D\u2019in, Putin\u2019in, trollerin, Trump\u2019\u0131n ve daha nicesinin hakikati \u015fekillendirmeye \u00e7al\u0131\u015ft\u0131\u011f\u0131 bir d\u00fcnyada ya\u015f\u0131yoruz. Akl\u0131m\u0131z\u0131 kar\u0131\u015ft\u0131rmak,<span class=\"excerpt-hellip\"> [\u2026]<\/span><\/p>\n","protected":false},"featured_media":0,"template":"","meta":{"_monsterinsights_skip_tracking":false,"_monsterinsights_sitenote_active":false,"_monsterinsights_sitenote_note":"","_monsterinsights_sitenote_category":0},"product_brand":[],"product_cat":[12965,12337],"product_tag":[],"class_list":{"0":"post-782454","1":"product","2":"type-product","3":"status-publish","5":"product_cat-genel-politika","6":"product_cat-politika-siyaset","7":"pa_cilt-ciltsiz","8":"pa_tur-kitap","9":"pa_yayinevi-mundi","10":"pa_yazar-peter-pomerantsev","12":"first","13":"instock","14":"sale","15":"shipping-taxable","16":"purchasable","17":"product-type-simple"},"_links":{"self":[{"href":"https:\/\/roveyayinevi.com.tr\/index.php\/wp-json\/wp\/v2\/product\/782454","targetHints":{"allow":["GET"]}}],"collection":[{"href":"https:\/\/roveyayinevi.com.tr\/index.php\/wp-json\/wp\/v2\/product"}],"about":[{"href":"https:\/\/roveyayinevi.com.tr\/index.php\/wp-json\/wp\/v2\/types\/product"}],"wp:attachment":[{"href":"https:\/\/roveyayinevi.com.tr\/index.php\/wp-json\/wp\/v2\/media?parent=782454"}],"wp:term":[{"taxonomy":"product_brand","embeddable":true,"href":"https:\/\/roveyayinevi.com.tr\/index.php\/wp-json\/wp\/v2\/product_brand?post=782454"},{"taxonomy":"product_cat","embeddable":true,"href":"https:\/\/roveyayinevi.com.tr\/index.php\/wp-json\/wp\/v2\/product_cat?post=782454"},{"taxonomy":"product_tag","embeddable":true,"href":"https:\/\/roveyayinevi.com.tr\/index.php\/wp-json\/wp\/v2\/product_tag?post=782454"}],"curies":[{"name":"wp","href":"https:\/\/api.w.org\/{rel}","templated":true}]}}