{"id":782433,"date":"2026-02-23T11:40:44","date_gmt":"2026-02-23T08:40:44","guid":{"rendered":"https:\/\/roveyayinevi.com.tr\/index.php\/urun\/muzik-nasil-isler\/"},"modified":"2026-03-23T02:45:04","modified_gmt":"2026-03-22T23:45:04","slug":"muzik-nasil-isler","status":"publish","type":"product","link":"https:\/\/roveyayinevi.com.tr\/index.php\/urun\/muzik-nasil-isler\/","title":{"rendered":"M\u00fczik Nas\u0131l \u0130\u015fler"},"content":{"rendered":"<p>Talking Heads grubunun kurucular\u0131ndan David Byrne\u2019\u00fcn ola\u011fan\u00fcst\u00fc kitab\u0131 M\u00fczik Nas\u0131l \u0130\u015fler, d\u00e2hi denebilecek kadar yetenekli bir m\u00fczisyenin d\u00fcnya \u00e7ap\u0131nda bir kariyerden s\u00fczd\u00fc\u011f\u00fc pratik deneyimleri ve bilgece g\u00f6zlemleri i\u00e7eriyor. Byrne m\u00fczi\u011fi yaln\u0131zca bir sanat formu olarak ele alm\u0131yor, akustik, ekonomik, teknolojik ve sosyal y\u00f6nlerini de tart\u0131\u015f\u0131yor. M\u00fczik Nas\u0131l \u0130\u015fler, bir i\u015f kolu olarak m\u00fczi\u011fin \u00e7arklar\u0131n\u0131n nas\u0131l d\u00f6nd\u00fc\u011f\u00fcn\u00fc anlatmakla kalm\u0131yor, \u015fark\u0131lar\u0131n, senfonilerin, ritimlerin ve nakaratlar\u0131n hayat\u0131m\u0131z boyunca nas\u0131l i\u00e7imize i\u015fledi\u011fini de g\u00f6zler \u00f6n\u00fcne seriyor. \u201cTalking Heads\u2019in eski solistinden bir sanat dal\u0131 ve bir ya\u015fam bi\u00e7imi olarak m\u00fczik hakk\u0131nda son derece ustal\u0131kla yaz\u0131lm\u0131\u015f, had safhada zekice ve derinlemesine bir inceleme\u2026 Byrne her \u00e7a\u011fdan, her t\u00fcrden ve d\u00fcnyan\u0131n her yerinden m\u00fczikleri ele al\u0131yor\u2026 M\u00fczikle ilgilenen herhangi birinin bu kitaptan \u00f6\u011frenece\u011fi \u00e7ok \u015fey var. \u015eiddetle tavsiye ediyorum.\u201d Kirkus \u201cDavid Byrne, M\u00fczik Nas\u0131l \u0130\u015fler i\u00e7in b\u00fcy\u00fck bir \u00f6vg\u00fcy\u00fc hak ediyor. Pop m\u00fczik kadar kolay anla\u015f\u0131l\u0131r bir yap\u0131t yine de her paragrafta derin ve \u00fcrpertici orijinallikte fikirler ve ke\u015fifler ileri s\u00fcrmeyi ba\u015far\u0131yor\u2026 Bu kitap m\u00fczi\u011fi ba\u015fka bir kulakla dinlemenize yol a\u00e7acak.\u201d Oliver Keens, The Telegraph \u201cE\u011flenceli ve \u00f6\u011fretici s\u0131fatlar\u0131n\u0131n bir arada bulunabilece\u011fini kariyeriyle kan\u0131tlam\u0131\u015f birinden bu s\u0131fatlar\u0131 hak eden bir kitap\u2026 M\u00fczik ekonomisi hakk\u0131ndaki b\u00f6l\u00fcm GarageBand yaz\u0131l\u0131m\u0131n\u0131 kurcalay\u0131p dolar i\u015faretlerinin hayalini kuran t\u00fcm 16 ya\u015f ergenleri i\u00e7in zorunlu okuma olmal\u0131. \u2018Bir Sahne Yaratmak\u2019 b\u00f6l\u00fcm\u00fcn\u00fcn pop k\u00fclt\u00fcr\u00fc arac\u0131l\u0131\u011f\u0131yla kentsel d\u00f6n\u00fc\u015f\u00fcm elkitab\u0131ndan a\u015fa\u011f\u0131 kal\u0131r yan\u0131 yok. Bir sanat dal\u0131n\u0131n ilham verici olmay\u0131 da ba\u015faran, ciddi ve dolamba\u00e7s\u0131z hik\u00e2yesi. Kal\u0131plar\u0131n-d\u0131\u015f\u0131nda-d\u00fc\u015f\u00fcn-i\u015fletme-rehberi veya \u00fcniversite ders kitab\u0131 olarak kullan\u0131labilir: Sanat ve Topluma Giri\u015f: Ak\u0131lc\u0131 Olmay\u0131 B\u0131rak\u0131n.\u201d Peter Aspden, Financial Times<\/p>\n","protected":false},"excerpt":{"rendered":"<p>Talking Heads grubunun kurucular\u0131ndan David Byrne\u2019\u00fcn ola\u011fan\u00fcst\u00fc kitab\u0131 M\u00fczik Nas\u0131l \u0130\u015fler, d\u00e2hi denebilecek kadar yetenekli bir m\u00fczisyenin d\u00fcnya \u00e7ap\u0131nda bir kariyerden s\u00fczd\u00fc\u011f\u00fc pratik deneyimleri ve bilgece<span class=\"excerpt-hellip\"> [\u2026]<\/span><\/p>\n","protected":false},"featured_media":0,"template":"","meta":{"_monsterinsights_skip_tracking":false,"_monsterinsights_sitenote_active":false,"_monsterinsights_sitenote_note":"","_monsterinsights_sitenote_category":0},"product_brand":[],"product_cat":[14591,14556],"product_tag":[],"class_list":{"0":"post-782433","1":"product","2":"type-product","3":"status-publish","5":"product_cat-genel-kavramlar-kuram-ve-tarihce","6":"product_cat-muzik","7":"pa_cilt-ciltsiz","8":"pa_tur-kitap","9":"pa_yayinevi-mundi","10":"pa_yazar-david-byrne","12":"first","13":"instock","14":"sale","15":"shipping-taxable","16":"purchasable","17":"product-type-simple"},"_links":{"self":[{"href":"https:\/\/roveyayinevi.com.tr\/index.php\/wp-json\/wp\/v2\/product\/782433","targetHints":{"allow":["GET"]}}],"collection":[{"href":"https:\/\/roveyayinevi.com.tr\/index.php\/wp-json\/wp\/v2\/product"}],"about":[{"href":"https:\/\/roveyayinevi.com.tr\/index.php\/wp-json\/wp\/v2\/types\/product"}],"wp:attachment":[{"href":"https:\/\/roveyayinevi.com.tr\/index.php\/wp-json\/wp\/v2\/media?parent=782433"}],"wp:term":[{"taxonomy":"product_brand","embeddable":true,"href":"https:\/\/roveyayinevi.com.tr\/index.php\/wp-json\/wp\/v2\/product_brand?post=782433"},{"taxonomy":"product_cat","embeddable":true,"href":"https:\/\/roveyayinevi.com.tr\/index.php\/wp-json\/wp\/v2\/product_cat?post=782433"},{"taxonomy":"product_tag","embeddable":true,"href":"https:\/\/roveyayinevi.com.tr\/index.php\/wp-json\/wp\/v2\/product_tag?post=782433"}],"curies":[{"name":"wp","href":"https:\/\/api.w.org\/{rel}","templated":true}]}}