{"id":782418,"date":"2026-02-23T11:37:36","date_gmt":"2026-02-23T08:37:36","guid":{"rendered":"https:\/\/roveyayinevi.com.tr\/index.php\/urun\/brunelleschinin-kubbesi\/"},"modified":"2026-04-16T02:35:19","modified_gmt":"2026-04-15T23:35:19","slug":"brunelleschinin-kubbesi","status":"publish","type":"product","link":"https:\/\/roveyayinevi.com.tr\/index.php\/urun\/brunelleschinin-kubbesi\/","title":{"rendered":"Brunelleschi\u2019nin Kubbesi"},"content":{"rendered":"<p>Filippo Brunelleschi, R\u00f6nesans d\u00f6neminde \u0130talyan h\u00fcmanist d\u00fc\u015f\u00fcn\u00fcrlerin \u00f6zg\u00fcn icatlara y\u00f6nelik do\u011fal yetene\u011fi ifade etmek i\u00e7in t\u00fcretti\u011fi ingegno yani \u201cdeha\u201d s\u0131fat\u0131na lay\u0131k g\u00f6r\u00fclen tarihteki ilk mimar hatt\u00e2 ilk sanat\u00e7\u0131d\u0131r. \u00c7o\u011fu Orta\u00e7a\u011f mimar\u0131n\u0131n ad\u0131 dahi bilinmezken onun ad\u0131na \u015fiirler d\u00fcz\u00fclm\u00fc\u015f, kitaplar ithaf edilmi\u015f, biyografiler kaleme al\u0131nm\u0131\u015f, b\u00fcstleri ve portreleri yap\u0131lm\u0131\u015ft\u0131r. Onunla birlikte yap\u0131 ustalar\u0131 mimarl\u0131k yan\u0131nda \u201cisim\u201d de yapmaya ba\u015flam\u0131\u015f, yap\u0131tlar\u0131 d\u00fcnyaya bak\u0131\u015flar\u0131, ki\u015filikleri ve hayat hik\u00e2yeleriyle birlikte her dem yeniden \u201cokunur\u201d hale gelmi\u015ftir. Mimar\u0131n ilahi g\u00fc\u00e7le h\u00e2lelendirilmesi yeni ve okumas\u0131 keyifli bir efsane k\u00fclt\u00fcr\u00fcn\u00fcn de do\u011fmas\u0131na yol a\u00e7m\u0131\u015ft\u0131r.  Floransa\u2019daki Santa Maria del Fiore Katedrali&#8217;nin kubbesi b\u00f6yle bir okumaya izin veren tarihteki ilk \u201cba\u015fyap\u0131t\u201dlardan biridir. Yap\u0131m\u0131na 1296\u2019da ba\u015flanan, ama aradan y\u00fcz y\u0131ldan fazla bir s\u00fcre ge\u00e7mesine ra\u011fmen devasa b\u00fcy\u00fckl\u00fc\u011f\u00fc nedeniyle kubbesi bir t\u00fcrl\u00fc tamamlanamayan katedral, d\u00f6nemin yap\u0131 ustalar\u0131 ve ileri gelenlerinin, \u00e7\u00f6z\u00fcm\u00fc i\u00e7in ilahi bir g\u00fcc\u00fcn dokunu\u015funu bekledikleri bir muammaya d\u00f6n\u00fc\u015fm\u00fc\u015ft\u00fcr. Brunelleschi bu muammay\u0131, \u00fcstelik d\u00f6nemin in\u015faat tekni\u011finin olmazsa olmaz kabul etti\u011fi ah\u015fap kemer kal\u0131b\u0131n\u0131 kullanmadan, \u00f6k\u00fcz-kald\u0131rac\u0131 gibi t\u00fcrl\u00fc mekanik bulu\u015flarla \u201cmucizevi\u201d bir \u015fekilde \u00e7\u00f6zm\u00fc\u015f, b\u00f6ylece hem kendisine hem de mimarl\u0131\u011fa yeni bir toplumsal ve entelekt\u00fcel sayg\u0131nl\u0131k kazand\u0131rm\u0131\u015ft\u0131r.  Pop\u00fcler k\u00fclt\u00fcr tarihi ara\u015ft\u0131rmac\u0131s\u0131 Ross King\u2019in, yay\u0131mland\u0131\u011f\u0131 y\u0131l Amerika\u2019da \u00e7oksatan kitaplar aras\u0131na giren bu \u00e7al\u0131\u015fmas\u0131, Brunelleschi\u2019nin kubbesinin yap\u0131m s\u00fcrecini mimar\u0131n ki\u015fisel ser\u00fcveninin yan\u0131 s\u0131ra sava\u015flar, siyasal entrikalar, mesleki rekabetler ve a\u011f\u0131r \u00e7al\u0131\u015fma ko\u015fullar\u0131n\u0131 i\u00e7eren toplumsal ve tarihsel arka plan\u0131yla birlikte dramatik bir anlat\u0131ma kavu\u015fturuyor. <\/p>\n","protected":false},"excerpt":{"rendered":"<p>Filippo Brunelleschi, R\u00f6nesans d\u00f6neminde \u0130talyan h\u00fcmanist d\u00fc\u015f\u00fcn\u00fcrlerin \u00f6zg\u00fcn icatlara y\u00f6nelik do\u011fal yetene\u011fi ifade etmek i\u00e7in t\u00fcretti\u011fi ingegno yani \u201cdeha\u201d s\u0131fat\u0131na lay\u0131k g\u00f6r\u00fclen tarihteki ilk mimar hatt\u00e2<span class=\"excerpt-hellip\"> [\u2026]<\/span><\/p>\n","protected":false},"featured_media":0,"template":"","meta":{"_monsterinsights_skip_tracking":false,"_monsterinsights_sitenote_active":false,"_monsterinsights_sitenote_note":"","_monsterinsights_sitenote_category":0},"product_brand":[],"product_cat":[13512,12408],"product_tag":[],"class_list":{"0":"post-782418","1":"product","2":"type-product","3":"status-publish","5":"product_cat-mimarlik","6":"product_cat-sanat","7":"pa_cilt-ciltsiz","8":"pa_tur-kitap","9":"pa_yayinevi-e-yayinlari","10":"pa_yazar-ross-king","12":"first","13":"instock","14":"sale","15":"shipping-taxable","16":"purchasable","17":"product-type-simple"},"_links":{"self":[{"href":"https:\/\/roveyayinevi.com.tr\/index.php\/wp-json\/wp\/v2\/product\/782418","targetHints":{"allow":["GET"]}}],"collection":[{"href":"https:\/\/roveyayinevi.com.tr\/index.php\/wp-json\/wp\/v2\/product"}],"about":[{"href":"https:\/\/roveyayinevi.com.tr\/index.php\/wp-json\/wp\/v2\/types\/product"}],"wp:attachment":[{"href":"https:\/\/roveyayinevi.com.tr\/index.php\/wp-json\/wp\/v2\/media?parent=782418"}],"wp:term":[{"taxonomy":"product_brand","embeddable":true,"href":"https:\/\/roveyayinevi.com.tr\/index.php\/wp-json\/wp\/v2\/product_brand?post=782418"},{"taxonomy":"product_cat","embeddable":true,"href":"https:\/\/roveyayinevi.com.tr\/index.php\/wp-json\/wp\/v2\/product_cat?post=782418"},{"taxonomy":"product_tag","embeddable":true,"href":"https:\/\/roveyayinevi.com.tr\/index.php\/wp-json\/wp\/v2\/product_tag?post=782418"}],"curies":[{"name":"wp","href":"https:\/\/api.w.org\/{rel}","templated":true}]}}