{"id":782415,"date":"2026-02-23T11:37:25","date_gmt":"2026-02-23T08:37:25","guid":{"rendered":"https:\/\/roveyayinevi.com.tr\/index.php\/urun\/tesaduf-yoktur\/"},"modified":"2026-04-16T02:35:15","modified_gmt":"2026-04-15T23:35:15","slug":"tesaduf-yoktur","status":"publish","type":"product","link":"https:\/\/roveyayinevi.com.tr\/index.php\/urun\/tesaduf-yoktur\/","title":{"rendered":"Tesad\u00fcf Yoktur"},"content":{"rendered":"<p>Sadece bu kitap yetmez, yan\u0131n\u0131zda muhakkak bir kalem bulundurun. Zira bu, alt\u0131 \u00e7izilerek okunacak bir eser. Tesad\u00fcf Yoktur sadece bir \u0131\u015f\u0131k tutmuyor, ayn\u0131 zamanda huzurun, azmin, de\u011ferlerin \u00f6nemine ayna oluyor. \u00c7a\u011fatay \u00d6zdo\u011fru, can\u0131 gibi sevdi\u011fi T\u00fcrkiye\u2019nin evlad\u0131. Kendisi ile ge\u00e7irdi\u011fim 20 y\u0131l, \u00f6n\u00fcm\u00fczdeki 20 y\u0131llar\u0131n habercisi.  \u00d6n\u00fcmde, arkamda, yan\u0131mda olmandan dolay\u0131 sana m\u00fcte\u015fekkirim. <\/p>\n","protected":false},"excerpt":{"rendered":"<p>Sadece bu kitap yetmez, yan\u0131n\u0131zda muhakkak bir kalem bulundurun. Zira bu, alt\u0131 \u00e7izilerek okunacak bir eser. Tesad\u00fcf Yoktur sadece bir \u0131\u015f\u0131k tutmuyor, ayn\u0131 zamanda huzurun, azmin,<span class=\"excerpt-hellip\"> [\u2026]<\/span><\/p>\n","protected":false},"featured_media":0,"template":"","meta":{"_monsterinsights_skip_tracking":false,"_monsterinsights_sitenote_active":false,"_monsterinsights_sitenote_note":"","_monsterinsights_sitenote_category":0},"product_brand":[],"product_cat":[13043,17647],"product_tag":[],"class_list":{"0":"post-782415","1":"product","2":"type-product","3":"status-publish","5":"product_cat-ekonomi","6":"product_cat-is-dunyasi","7":"pa_cilt-ciltsiz","8":"pa_tur-kitap","9":"pa_yayinevi-ceo-plus","10":"pa_yazar-h-cagatay-ozdogru","12":"first","13":"instock","14":"sale","15":"shipping-taxable","16":"purchasable","17":"product-type-simple"},"_links":{"self":[{"href":"https:\/\/roveyayinevi.com.tr\/index.php\/wp-json\/wp\/v2\/product\/782415","targetHints":{"allow":["GET"]}}],"collection":[{"href":"https:\/\/roveyayinevi.com.tr\/index.php\/wp-json\/wp\/v2\/product"}],"about":[{"href":"https:\/\/roveyayinevi.com.tr\/index.php\/wp-json\/wp\/v2\/types\/product"}],"wp:attachment":[{"href":"https:\/\/roveyayinevi.com.tr\/index.php\/wp-json\/wp\/v2\/media?parent=782415"}],"wp:term":[{"taxonomy":"product_brand","embeddable":true,"href":"https:\/\/roveyayinevi.com.tr\/index.php\/wp-json\/wp\/v2\/product_brand?post=782415"},{"taxonomy":"product_cat","embeddable":true,"href":"https:\/\/roveyayinevi.com.tr\/index.php\/wp-json\/wp\/v2\/product_cat?post=782415"},{"taxonomy":"product_tag","embeddable":true,"href":"https:\/\/roveyayinevi.com.tr\/index.php\/wp-json\/wp\/v2\/product_tag?post=782415"}],"curies":[{"name":"wp","href":"https:\/\/api.w.org\/{rel}","templated":true}]}}