{"id":782400,"date":"2026-02-23T11:32:20","date_gmt":"2026-02-23T08:32:20","guid":{"rendered":"https:\/\/roveyayinevi.com.tr\/index.php\/urun\/galata-sarayi-efendileri\/"},"modified":"2026-04-16T02:32:23","modified_gmt":"2026-04-15T23:32:23","slug":"galata-sarayi-efendileri","status":"publish","type":"product","link":"https:\/\/roveyayinevi.com.tr\/index.php\/urun\/galata-sarayi-efendileri\/","title":{"rendered":"Galata Saray\u0131 Efendileri"},"content":{"rendered":"<p>Halil \u00d6zer\u2019in Galatasaray\u2019la ilgili an\u0131lar\u0131n\u0131 kitapla\u015ft\u0131rd\u0131\u011f\u0131n\u0131 duyunca pani\u011fe kap\u0131lmad\u0131m de\u011fil\u2026 \u00c7\u00fcnk\u00fc Halil Galatasaray\u2019\u0131n i\u00e7ini Galatasarayl\u0131lar\u2019dan daha iyi bilen tek gazetecidir. Bu durum zaman zaman y\u00f6neticiler aras\u0131nda espri konusu olmu\u015ftu. Bazen y\u00f6netim kurulu toplant\u0131lar\u0131ndan \u00e7\u0131k\u0131\u015fta \u201cYahu ne konu\u015ftuk hat\u0131rlam\u0131yorum. Halil\u2019i arayal\u0131m da anlats\u0131n\u201d derdik. Ya da kat\u0131lmad\u0131\u011f\u0131m\u0131z y\u00f6netim kurullar\u0131nda ne konu\u015fuldu\u011funu \u00f6\u011frenmek i\u00e7in en iyi kayna\u011f\u0131n Halil oldu\u011funu konu\u015furduk. Sadece y\u00f6netimde de\u011fil, tak\u0131mda, soyunma odas\u0131nda, Kuru\u00e7e\u015fme\u2019de, Kalam\u0131\u015f\u2019ta ne olup bitti\u011fini kimse Halil \u00d6zer\u2019den iyi bilemez. Halil iz s\u00fcren dedektif ustal\u0131\u011f\u0131 ile herkesle konu\u015fup, par\u00e7alar\u0131 bir araya getirir ve Galatasaray\u2019\u0131n i\u00e7ini d\u0131\u015f\u0131n\u0131 \u00e7\u00f6zer. Kitab\u0131nda da aynen \u00f6yle yapm\u0131\u015f. Ortaya \u00e7\u0131kan ise bir spor kul\u00fcb\u00fcn\u00fcn perde arkas\u0131nda ya\u015fananlar de\u011fil, tam bir \u201cthriller\u201d olmu\u015f. Bravo Halil \u00d6zer\u2019e. Bu kitap her Galatasarayl\u0131\u2019n\u0131n evinde olmas\u0131 gereken, Galatasaray\u2019\u0131 anlatan bir \u00e7al\u0131\u015fma.                                                                                                                                    Fatih Altayl\u0131   Bir g\u00fcn transfer g\u00f6r\u00fc\u015fmesine girece\u011fim. Tam kap\u0131dan i\u00e7eriye girerken Halil \u00d6zer kula\u011f\u0131ma e\u011filip bana alaca\u011f\u0131m paray\u0131, ma\u00e7 ba\u015f\u0131n\u0131, her \u015feyi s\u00f6yledi. Ben inanmad\u0131m. \u0130\u00e7eriye girdim. G\u00f6r\u00fc\u015fme s\u0131ras\u0131nda \u00f6nerilen rakamlar Halil \u00d6zer\u2019in bana s\u00f6yledi\u011fi rakamlarla birebir ayn\u0131yd\u0131. B\u00fclent Korkmaz (Galatasaray eski kaptan\u0131) <\/p>\n","protected":false},"excerpt":{"rendered":"<p>Halil \u00d6zer\u2019in Galatasaray\u2019la ilgili an\u0131lar\u0131n\u0131 kitapla\u015ft\u0131rd\u0131\u011f\u0131n\u0131 duyunca pani\u011fe kap\u0131lmad\u0131m de\u011fil\u2026 \u00c7\u00fcnk\u00fc Halil Galatasaray\u2019\u0131n i\u00e7ini Galatasarayl\u0131lar\u2019dan daha iyi bilen tek gazetecidir. Bu durum zaman zaman y\u00f6neticiler aras\u0131nda<span class=\"excerpt-hellip\"> [\u2026]<\/span><\/p>\n","protected":false},"featured_media":0,"template":"","meta":{"_monsterinsights_skip_tracking":false,"_monsterinsights_sitenote_active":false,"_monsterinsights_sitenote_note":"","_monsterinsights_sitenote_category":0},"product_brand":[],"product_cat":[12777,12291],"product_tag":[],"class_list":{"0":"post-782400","1":"product","2":"type-product","3":"status-publish","5":"product_cat-deneme","6":"product_cat-edebiyat","7":"pa_cilt-ciltsiz","8":"pa_tur-kitap","9":"pa_yayinevi-profil-kitap","10":"pa_yazar-halil-ozer","12":"first","13":"instock","14":"sale","15":"shipping-taxable","16":"purchasable","17":"product-type-simple"},"_links":{"self":[{"href":"https:\/\/roveyayinevi.com.tr\/index.php\/wp-json\/wp\/v2\/product\/782400","targetHints":{"allow":["GET"]}}],"collection":[{"href":"https:\/\/roveyayinevi.com.tr\/index.php\/wp-json\/wp\/v2\/product"}],"about":[{"href":"https:\/\/roveyayinevi.com.tr\/index.php\/wp-json\/wp\/v2\/types\/product"}],"wp:attachment":[{"href":"https:\/\/roveyayinevi.com.tr\/index.php\/wp-json\/wp\/v2\/media?parent=782400"}],"wp:term":[{"taxonomy":"product_brand","embeddable":true,"href":"https:\/\/roveyayinevi.com.tr\/index.php\/wp-json\/wp\/v2\/product_brand?post=782400"},{"taxonomy":"product_cat","embeddable":true,"href":"https:\/\/roveyayinevi.com.tr\/index.php\/wp-json\/wp\/v2\/product_cat?post=782400"},{"taxonomy":"product_tag","embeddable":true,"href":"https:\/\/roveyayinevi.com.tr\/index.php\/wp-json\/wp\/v2\/product_tag?post=782400"}],"curies":[{"name":"wp","href":"https:\/\/api.w.org\/{rel}","templated":true}]}}