{"id":782398,"date":"2026-02-23T11:31:52","date_gmt":"2026-02-23T08:31:52","guid":{"rendered":"https:\/\/roveyayinevi.com.tr\/index.php\/urun\/yildiz-guncesi\/"},"modified":"2026-04-16T02:32:19","modified_gmt":"2026-04-15T23:32:19","slug":"yildiz-guncesi","status":"publish","type":"product","link":"https:\/\/roveyayinevi.com.tr\/index.php\/urun\/yildiz-guncesi\/","title":{"rendered":"Y\u0131ld\u0131z G\u00fcncesi"},"content":{"rendered":"<p>\u201cLem muazzam bir hayal g\u00fcc\u00fc zenginli\u011fine ve karakter yaratma h\u00fcnerine sahip. \u00c7ok komik, alayc\u0131, \u015fa\u015f\u0131rt\u0131c\u0131 ve bilgili bir yazar.\u201d \u2014 Theodore Sturgeon Zaman atlamalar\u0131nda s\u00fcrekli kendine rastlayan bir gezgin, robotlar\u0131n d\u00fcnyas\u0131n\u0131 g\u00f6zetlemeye giden bir casus, uzayda birbirinden garip canl\u0131larla ve uygarl\u0131klarla kar\u015f\u0131la\u015fan bir k\u00e2\u015fif ve bir s\u00fcpernova orman\u0131nda umutsuzca kaybolup \u00e7\u0131k\u0131\u015f\u0131 arayan bir yolcu. Uzay gezgini Ijon Tichy\u2019nin ak\u0131l almaz maceralar\u0131na ho\u015f geldiniz! Uzay yolculu\u011funa merakl\u0131 patatesler mi istersiniz ya da dindar robotlar m\u0131 veya insanl\u0131\u011f\u0131n k\u0131y\u0131m tarihini haf\u0131zalar\u0131ndan silemeyen robotlar, otuz iki k\u0131s\u0131m tekmili birden burada! D\u00fcnyan\u0131n en b\u00fcy\u00fck bilimkurgu yazarlar\u0131ndan biri olan Stanislaw Lem, bu e\u011flenceli roman\u0131nda teknoloji, teoloji, rasyonel ak\u0131l gibi insanl\u0131k gururunun ikonlar\u0131n\u0131 tiye al\u0131yor.<\/p>\n","protected":false},"excerpt":{"rendered":"<p>\u201cLem muazzam bir hayal g\u00fcc\u00fc zenginli\u011fine ve karakter yaratma h\u00fcnerine sahip. \u00c7ok komik, alayc\u0131, \u015fa\u015f\u0131rt\u0131c\u0131 ve bilgili bir yazar.\u201d \u2014 Theodore Sturgeon Zaman atlamalar\u0131nda s\u00fcrekli kendine<span class=\"excerpt-hellip\"> [\u2026]<\/span><\/p>\n","protected":false},"featured_media":0,"template":"","meta":{"_monsterinsights_skip_tracking":false,"_monsterinsights_sitenote_active":false,"_monsterinsights_sitenote_note":"","_monsterinsights_sitenote_category":0},"product_brand":[],"product_cat":[12540,12291],"product_tag":[],"class_list":{"0":"post-782398","1":"product","2":"type-product","3":"status-publish","5":"product_cat-bilim-kurgu","6":"product_cat-edebiyat","7":"pa_cilt-ciltsiz","8":"pa_tur-kitap","9":"pa_yayinevi-alfa-yayinlari","10":"pa_yazar-stanislaw-lem","12":"first","13":"instock","14":"sale","15":"shipping-taxable","16":"purchasable","17":"product-type-simple"},"_links":{"self":[{"href":"https:\/\/roveyayinevi.com.tr\/index.php\/wp-json\/wp\/v2\/product\/782398","targetHints":{"allow":["GET"]}}],"collection":[{"href":"https:\/\/roveyayinevi.com.tr\/index.php\/wp-json\/wp\/v2\/product"}],"about":[{"href":"https:\/\/roveyayinevi.com.tr\/index.php\/wp-json\/wp\/v2\/types\/product"}],"wp:attachment":[{"href":"https:\/\/roveyayinevi.com.tr\/index.php\/wp-json\/wp\/v2\/media?parent=782398"}],"wp:term":[{"taxonomy":"product_brand","embeddable":true,"href":"https:\/\/roveyayinevi.com.tr\/index.php\/wp-json\/wp\/v2\/product_brand?post=782398"},{"taxonomy":"product_cat","embeddable":true,"href":"https:\/\/roveyayinevi.com.tr\/index.php\/wp-json\/wp\/v2\/product_cat?post=782398"},{"taxonomy":"product_tag","embeddable":true,"href":"https:\/\/roveyayinevi.com.tr\/index.php\/wp-json\/wp\/v2\/product_tag?post=782398"}],"curies":[{"name":"wp","href":"https:\/\/api.w.org\/{rel}","templated":true}]}}