{"id":782393,"date":"2026-02-23T11:31:24","date_gmt":"2026-02-23T08:31:24","guid":{"rendered":"https:\/\/roveyayinevi.com.tr\/index.php\/urun\/eve-donus-4\/"},"modified":"2026-04-16T02:31:53","modified_gmt":"2026-04-15T23:31:53","slug":"eve-donus-4","status":"publish","type":"product","link":"https:\/\/roveyayinevi.com.tr\/index.php\/urun\/eve-donus-4\/","title":{"rendered":"Eve D\u00f6n\u00fc\u015f"},"content":{"rendered":"<p>D\u0131\u015f d\u00fcnyada ba\u015far\u0131l\u0131s\u0131n\u0131z, ama i\u00e7 d\u00fcnyan\u0131zda kendinizi kocaman bir \u00e7ocuk gibi mi hissediyorsunuz? \u0130yi bir ebeveyn olmak istiyor, ama s\u0131k s\u0131k k\u0131r\u0131c\u0131 davranarak kendinizi kaybediyor musunuz? Samimiyet ve yak\u0131nl\u0131k istiyor, ama bazen g\u00f6sterdi\u011finiz \u00e7abaya de\u011fece\u011finden ku\u015fkuya m\u0131 d\u00fc\u015f\u00fcyorsunuz? Mu\u011flak kayg\u0131 ve depresyon duygular\u0131yla bitmeyen bir m\u00fccadele i\u00e7inde misiniz?Bunlar size tan\u0131d\u0131k geliyorsa \u0131st\u0131rapl\u0131 bir \u00e7ocuklu\u011fun gizli ve zararl\u0131 etkileri alt\u0131nda olabilirsiniz; i\u00e7inizde dikkat ve \u015fifa bekleyen \u201cyaral\u0131 \u00e7ocu\u011funuzu\u201d ta\u015f\u0131yor olabilirsiniz.Bu g\u00fc\u00e7l\u00fc kitapta, John Bradshaw, i\u00e7imizdeki \u00e7ocu\u011fumuzu nas\u0131l besleyece\u011fimizi g\u00f6steriyor; ihtiyac\u0131m\u0131z olan ve \u00f6zlemini \u00e7ekti\u011fimiz iyi ebeveynler olmam\u0131z\u0131n yollar\u0131n\u0131 anlat\u0131yor. Her geli\u015fim a\u015famas\u0131n\u0131n yar\u0131m kalm\u0131\u015f y\u00f6nlerini ad\u0131m ad\u0131m ke\u015ffederek y\u0131k\u0131c\u0131 aile kurallar\u0131ndan ve rollerinden kurtulabilir, \u015fimdiki zamanda sorumlu bir ya\u015fant\u0131 s\u00fcrecek \u015fekilde \u00f6zg\u00fcrle\u015febiliriz. Bradshaw\u2019a kal\u0131rsa \u015fifa bulan i\u00e7imizdeki \u00e7ocu\u011fumuz bir canl\u0131l\u0131k ve hayat kayna\u011f\u0131 olarak ya\u015famda yepyeni sevin\u00e7ler ve enerji bulmam\u0131z\u0131 sa\u011flayacakt\u0131r.Eve D\u00f6n\u00fc\u015f, benzeri olmayan hik\u00e2yeler, etkile\u015fimli teknikler, anketler, i\u00e7imizdeki yaral\u0131 \u00e7ocu\u011fumuza mektup yazma, rehberli meditasyonlar ve onamalarla bize yol g\u00f6steriyor. Bradshaw\u2019un ilk ba\u015flad\u0131\u011f\u0131 d\u00f6nemde alan\u0131nda \u00f6nc\u00fc olan bu klasik terapilerin de\u011feri yeni yap\u0131lan ara\u015ft\u0131rmalar ve beyin bilimindeki geli\u015fmelerle bir kez daha kan\u0131tlanm\u0131\u015ft\u0131r. Kimse bu terapileri John Bradshaw\u2019dan daha etkili ve ilham verecek \u015fekilde s\u0131radan insanlar\u0131n g\u00fcndelik ya\u015fant\u0131lar\u0131na ta\u015f\u0131mam\u0131\u015ft\u0131r.<\/p>\n","protected":false},"excerpt":{"rendered":"<p>D\u0131\u015f d\u00fcnyada ba\u015far\u0131l\u0131s\u0131n\u0131z, ama i\u00e7 d\u00fcnyan\u0131zda kendinizi kocaman bir \u00e7ocuk gibi mi hissediyorsunuz? \u0130yi bir ebeveyn olmak istiyor, ama s\u0131k s\u0131k k\u0131r\u0131c\u0131 davranarak kendinizi kaybediyor musunuz?<span class=\"excerpt-hellip\"> [\u2026]<\/span><\/p>\n","protected":false},"featured_media":0,"template":"","meta":{"_monsterinsights_skip_tracking":false,"_monsterinsights_sitenote_active":false,"_monsterinsights_sitenote_note":"","_monsterinsights_sitenote_category":0},"product_brand":[],"product_cat":[12831,12324],"product_tag":[],"class_list":{"0":"post-782393","1":"product","2":"type-product","3":"status-publish","5":"product_cat-aile-ve-cocuk","6":"product_cat-sosyoloji","7":"pa_cilt-ciltsiz","8":"pa_tur-kitap","9":"pa_yayinevi-butik-yayinlari","10":"pa_yazar-john-bradshaw","12":"first","13":"instock","14":"sale","15":"shipping-taxable","16":"purchasable","17":"product-type-simple"},"_links":{"self":[{"href":"https:\/\/roveyayinevi.com.tr\/index.php\/wp-json\/wp\/v2\/product\/782393","targetHints":{"allow":["GET"]}}],"collection":[{"href":"https:\/\/roveyayinevi.com.tr\/index.php\/wp-json\/wp\/v2\/product"}],"about":[{"href":"https:\/\/roveyayinevi.com.tr\/index.php\/wp-json\/wp\/v2\/types\/product"}],"wp:attachment":[{"href":"https:\/\/roveyayinevi.com.tr\/index.php\/wp-json\/wp\/v2\/media?parent=782393"}],"wp:term":[{"taxonomy":"product_brand","embeddable":true,"href":"https:\/\/roveyayinevi.com.tr\/index.php\/wp-json\/wp\/v2\/product_brand?post=782393"},{"taxonomy":"product_cat","embeddable":true,"href":"https:\/\/roveyayinevi.com.tr\/index.php\/wp-json\/wp\/v2\/product_cat?post=782393"},{"taxonomy":"product_tag","embeddable":true,"href":"https:\/\/roveyayinevi.com.tr\/index.php\/wp-json\/wp\/v2\/product_tag?post=782393"}],"curies":[{"name":"wp","href":"https:\/\/api.w.org\/{rel}","templated":true}]}}