{"id":782385,"date":"2026-02-23T11:29:52","date_gmt":"2026-02-23T08:29:52","guid":{"rendered":"https:\/\/roveyayinevi.com.tr\/index.php\/urun\/uyku-tanrisinin-evi\/"},"modified":"2026-04-16T02:30:59","modified_gmt":"2026-04-15T23:30:59","slug":"uyku-tanrisinin-evi","status":"publish","type":"product","link":"https:\/\/roveyayinevi.com.tr\/index.php\/urun\/uyku-tanrisinin-evi\/","title":{"rendered":"Uyku Tanr\u0131s\u0131n\u0131n Evi"},"content":{"rendered":"<p>\u201cModern yazarlar\u0131n en gizemlilerinden biri olan  Anna Kavan, e\u015fsiz b\u00fcy\u00fcleyicilikte bir kurmaca d\u00fcnya yaratt\u0131. Onun g\u00f6r\u00fc\u015f g\u00fcc\u00fcn\u00fcn yo\u011funlu\u011fuyla  \u00e7ok az \u00e7a\u011fda\u015f romanc\u0131 boy \u00f6l\u00e7\u00fc\u015febilir.\u201d J. G. BALLARD \u00c7ocuklu\u011fun uzak gezegeni belli belirsiz hat\u0131ralar e\u015fli\u011finde s\u00f6k\u00fcn ediyor. Gece ve g\u00fcnd\u00fcz, karanl\u0131k ve g\u00fcn \u0131\u015f\u0131\u011f\u0131, anne ve baba\u2026 Haf\u0131zan\u0131n iki yar\u0131mk\u00fcresi daima i\u015fliyor. Par\u00e7alar art arda geldi\u011finde kaplanlar\u0131n, g\u00f6lgelerin, uykular\u0131n ve r\u00fcyalar\u0131n i\u015fgal etti\u011fi m\u00fcstakil bir not defterini okuyor, bu deftere s\u0131\u011fmayanlar\u0131n silik izlerini de s\u00fcr\u00fcyoruz.   Uyku Tanr\u0131s\u0131n\u0131n Evi bir periferi anlat\u0131. G\u00f6r\u00fcnt\u00fclerin ak\u0131\u015f\u0131nda g\u00f6zler s\u0131k s\u0131k aralan\u0131p kapan\u0131yor.      \u201cKavan, bizlere kad\u0131n sanat\u00e7\u0131 evreninin \u015fiirsel anlat\u0131m\u0131n\u0131 vermeyi ama\u00e7 edinen o b\u00fcy\u00fck \u00f6znel-kad\u0131ns\u0131 gelene\u011fe (Woolf, Barnes, Nin) aittir.\u201d LAWRENCE DURRELL<\/p>\n","protected":false},"excerpt":{"rendered":"<p>\u201cModern yazarlar\u0131n en gizemlilerinden biri olan Anna Kavan, e\u015fsiz b\u00fcy\u00fcleyicilikte bir kurmaca d\u00fcnya yaratt\u0131. Onun g\u00f6r\u00fc\u015f g\u00fcc\u00fcn\u00fcn yo\u011funlu\u011fuyla \u00e7ok az \u00e7a\u011fda\u015f romanc\u0131 boy \u00f6l\u00e7\u00fc\u015febilir.\u201d J. G.<span class=\"excerpt-hellip\"> [\u2026]<\/span><\/p>\n","protected":false},"featured_media":0,"template":"","meta":{"_monsterinsights_skip_tracking":false,"_monsterinsights_sitenote_active":false,"_monsterinsights_sitenote_note":"","_monsterinsights_sitenote_category":0},"product_brand":[],"product_cat":[12291,26797],"product_tag":[],"class_list":{"0":"post-782385","1":"product","2":"type-product","3":"status-publish","5":"product_cat-edebiyat","6":"product_cat-modern-klasikler","7":"pa_cilt-ciltsiz","8":"pa_tur-kitap","9":"pa_yayinevi-everest-yayinlari","10":"pa_yazar-anna-kavan","12":"first","13":"instock","14":"sale","15":"shipping-taxable","16":"purchasable","17":"product-type-simple"},"_links":{"self":[{"href":"https:\/\/roveyayinevi.com.tr\/index.php\/wp-json\/wp\/v2\/product\/782385","targetHints":{"allow":["GET"]}}],"collection":[{"href":"https:\/\/roveyayinevi.com.tr\/index.php\/wp-json\/wp\/v2\/product"}],"about":[{"href":"https:\/\/roveyayinevi.com.tr\/index.php\/wp-json\/wp\/v2\/types\/product"}],"wp:attachment":[{"href":"https:\/\/roveyayinevi.com.tr\/index.php\/wp-json\/wp\/v2\/media?parent=782385"}],"wp:term":[{"taxonomy":"product_brand","embeddable":true,"href":"https:\/\/roveyayinevi.com.tr\/index.php\/wp-json\/wp\/v2\/product_brand?post=782385"},{"taxonomy":"product_cat","embeddable":true,"href":"https:\/\/roveyayinevi.com.tr\/index.php\/wp-json\/wp\/v2\/product_cat?post=782385"},{"taxonomy":"product_tag","embeddable":true,"href":"https:\/\/roveyayinevi.com.tr\/index.php\/wp-json\/wp\/v2\/product_tag?post=782385"}],"curies":[{"name":"wp","href":"https:\/\/api.w.org\/{rel}","templated":true}]}}