{"id":782367,"date":"2026-02-23T11:22:30","date_gmt":"2026-02-23T08:22:30","guid":{"rendered":"https:\/\/roveyayinevi.com.tr\/index.php\/urun\/cocuk-gelisimi-bakis-acisi-ile-ustun-yetenekli-cocuklar\/"},"modified":"2026-04-16T02:26:16","modified_gmt":"2026-04-15T23:26:16","slug":"cocuk-gelisimi-bakis-acisi-ile-ustun-yetenekli-cocuklar","status":"publish","type":"product","link":"https:\/\/roveyayinevi.com.tr\/index.php\/urun\/cocuk-gelisimi-bakis-acisi-ile-ustun-yetenekli-cocuklar\/","title":{"rendered":"\u00c7ocuk Geli\u015fimi Bak\u0131\u015f A\u00e7\u0131s\u0131 ile \u00dcst\u00fcn Yetenekli \u00c7ocuklar"},"content":{"rendered":"<p>Geli\u015fim \u00f6zellikleri ve ihtiya\u00e7lar\u0131 dolay\u0131s\u0131yla \u00f6zel gereksinimli \u00e7ocuklar grubunda yer alan \u00fcst\u00fcn yetenekli \u00e7ocuklar, do\u011falar\u0131 gere\u011fi erkenden ele al\u0131nmal\u0131 ve yeteneklerini geli\u015ftirebilecekleri aile, e\u011fitim ve sosyal \u00e7evrelerde b\u00fcy\u00fcmelerine olanak sa\u011flanmal\u0131d\u0131r. Bu \u00fc\u00e7 ortamdan herhangi birinde gereksinimlerinin kar\u015f\u0131lanamamas\u0131, yeteneklerinin k\u00f6relmesi ve kaybolup gitmesine neden oldu\u011fu gibi ileriki y\u0131llarda akademik, sosyal-duygusal ve topluma uyum problemlerinin ortaya \u00e7\u0131kmas\u0131na yol a\u00e7abilir ve bu problemlerle ba\u015f etmek olduk\u00e7a g\u00fc\u00e7 olabilir. \u00dcst\u00fcn yetenekli \u00e7ocuklar\u0131n akademik y\u00f6nden ba\u015far\u0131l\u0131 olmas\u0131 ve yetene\u011finin ele\u015ftirilmesi kadar ruh sa\u011fl\u0131\u011f\u0131n\u0131n yerinde olmas\u0131 ve sosyal \u00e7evresi ile uyumlu, mutlu bir birey olmas\u0131 da son derece \u00f6nemlidir. Bu bak\u0131mdan ailelerin ve bu \u00e7ocuklarla \u00e7al\u0131\u015fan profesyonellerin \u00fcst\u00fcn yetenekli \u00e7ocuklar\u0131n \u00f6zellikleri, ihtiya\u00e7lar\u0131 ve g\u00f6sterecekleri uygun yakla\u015f\u0131mlar konusunda yeterli donan\u0131ma sahip olmalar\u0131 gerekir ve elinizdeki bu kitab\u0131n da bu donan\u0131ma katk\u0131 sa\u011flayabilece\u011fini d\u00fc\u015f\u00fcn\u00fcyoruz.  <\/p>\n","protected":false},"excerpt":{"rendered":"<p>Geli\u015fim \u00f6zellikleri ve ihtiya\u00e7lar\u0131 dolay\u0131s\u0131yla \u00f6zel gereksinimli \u00e7ocuklar grubunda yer alan \u00fcst\u00fcn yetenekli \u00e7ocuklar, do\u011falar\u0131 gere\u011fi erkenden ele al\u0131nmal\u0131 ve yeteneklerini geli\u015ftirebilecekleri aile, e\u011fitim ve sosyal<span class=\"excerpt-hellip\"> [\u2026]<\/span><\/p>\n","protected":false},"featured_media":0,"template":"","meta":{"_monsterinsights_skip_tracking":false,"_monsterinsights_sitenote_active":false,"_monsterinsights_sitenote_note":"","_monsterinsights_sitenote_category":0},"product_brand":[],"product_cat":[12567,12566],"product_tag":[],"class_list":{"0":"post-782367","1":"product","2":"type-product","3":"status-publish","5":"product_cat-diger-egitim","6":"product_cat-egitim","7":"pa_cilt-ciltsiz","8":"pa_tur-kitap","9":"pa_yayinevi-hedef-cs-yayincilik","10":"pa_yazar-kolektif","12":"first","13":"instock","14":"sale","15":"shipping-taxable","16":"purchasable","17":"product-type-simple"},"_links":{"self":[{"href":"https:\/\/roveyayinevi.com.tr\/index.php\/wp-json\/wp\/v2\/product\/782367","targetHints":{"allow":["GET"]}}],"collection":[{"href":"https:\/\/roveyayinevi.com.tr\/index.php\/wp-json\/wp\/v2\/product"}],"about":[{"href":"https:\/\/roveyayinevi.com.tr\/index.php\/wp-json\/wp\/v2\/types\/product"}],"wp:attachment":[{"href":"https:\/\/roveyayinevi.com.tr\/index.php\/wp-json\/wp\/v2\/media?parent=782367"}],"wp:term":[{"taxonomy":"product_brand","embeddable":true,"href":"https:\/\/roveyayinevi.com.tr\/index.php\/wp-json\/wp\/v2\/product_brand?post=782367"},{"taxonomy":"product_cat","embeddable":true,"href":"https:\/\/roveyayinevi.com.tr\/index.php\/wp-json\/wp\/v2\/product_cat?post=782367"},{"taxonomy":"product_tag","embeddable":true,"href":"https:\/\/roveyayinevi.com.tr\/index.php\/wp-json\/wp\/v2\/product_tag?post=782367"}],"curies":[{"name":"wp","href":"https:\/\/api.w.org\/{rel}","templated":true}]}}