{"id":782365,"date":"2026-02-23T11:21:51","date_gmt":"2026-02-23T08:21:51","guid":{"rendered":"https:\/\/roveyayinevi.com.tr\/index.php\/urun\/cocuklar-icin-dunya-tarihi-2\/"},"modified":"2026-04-16T02:25:48","modified_gmt":"2026-04-15T23:25:48","slug":"cocuklar-icin-dunya-tarihi-2","status":"publish","type":"product","link":"https:\/\/roveyayinevi.com.tr\/index.php\/urun\/cocuklar-icin-dunya-tarihi-2\/","title":{"rendered":"\u00c7ocuklar \u0130\u00e7in D\u00fcnya Tarihi"},"content":{"rendered":"<p>\u201c\u00c7ocuklar i\u00e7in D\u00fcnya Tarihi\u201d kitab\u0131m\u0131z, ilk insan\u0131n ortaya \u00e7\u0131k\u0131\u015f\u0131ndan devletlerin kurulu\u015funa, hayvanlar\u0131n evcille\u015ftirilmesinden tar\u0131ma, dinlerin ortaya \u00e7\u0131k\u0131\u015f\u0131ndan yaz\u0131n\u0131n bulunu\u015funa kadar \u00e7ok geni\u015f bir alan\u0131 ele al\u0131r. Son derece net ve anla\u015f\u0131l\u0131rd\u0131r; e\u011flencelidir. Bir konudan di\u011ferine ge\u00e7erken sebep sonu\u00e7 ili\u015fkilerine \u00f6nem verir; hi\u00e7bir konu di\u011ferinden kopmaz. Bir hik\u00e2ye gibi s\u00fcr\u00fckleyip g\u00f6t\u00fcr\u00fcr. Dili son derece ak\u0131c\u0131 ve masals\u0131d\u0131r. \u00c7ocuklarda merak duygusunu art\u0131r\u0131r; okuma, ara\u015ft\u0131rma iste\u011fini k\u00f6r\u00fckler. <\/p>\n","protected":false},"excerpt":{"rendered":"<p>\u201c\u00c7ocuklar i\u00e7in D\u00fcnya Tarihi\u201d kitab\u0131m\u0131z, ilk insan\u0131n ortaya \u00e7\u0131k\u0131\u015f\u0131ndan devletlerin kurulu\u015funa, hayvanlar\u0131n evcille\u015ftirilmesinden tar\u0131ma, dinlerin ortaya \u00e7\u0131k\u0131\u015f\u0131ndan yaz\u0131n\u0131n bulunu\u015funa kadar \u00e7ok geni\u015f bir alan\u0131 ele al\u0131r.<span class=\"excerpt-hellip\"> [\u2026]<\/span><\/p>\n","protected":false},"featured_media":0,"template":"","meta":{"_monsterinsights_skip_tracking":false,"_monsterinsights_sitenote_active":false,"_monsterinsights_sitenote_note":"","_monsterinsights_sitenote_category":0},"product_brand":[],"product_cat":[12274,12631],"product_tag":[],"class_list":{"0":"post-782365","1":"product","2":"type-product","3":"status-publish","5":"product_cat-cocuk-ve-genclik-kitaplari","6":"product_cat-diger-cocuk-ve-genclik-kitaplari","7":"pa_cilt-ciltsiz","8":"pa_tur-kitap","9":"pa_yayinevi-odtu-gelistirme-vakfi-yayincilik","10":"pa_yazar-hendrik-willem-van-loon","12":"first","13":"instock","14":"sale","15":"shipping-taxable","16":"purchasable","17":"product-type-simple"},"_links":{"self":[{"href":"https:\/\/roveyayinevi.com.tr\/index.php\/wp-json\/wp\/v2\/product\/782365","targetHints":{"allow":["GET"]}}],"collection":[{"href":"https:\/\/roveyayinevi.com.tr\/index.php\/wp-json\/wp\/v2\/product"}],"about":[{"href":"https:\/\/roveyayinevi.com.tr\/index.php\/wp-json\/wp\/v2\/types\/product"}],"wp:attachment":[{"href":"https:\/\/roveyayinevi.com.tr\/index.php\/wp-json\/wp\/v2\/media?parent=782365"}],"wp:term":[{"taxonomy":"product_brand","embeddable":true,"href":"https:\/\/roveyayinevi.com.tr\/index.php\/wp-json\/wp\/v2\/product_brand?post=782365"},{"taxonomy":"product_cat","embeddable":true,"href":"https:\/\/roveyayinevi.com.tr\/index.php\/wp-json\/wp\/v2\/product_cat?post=782365"},{"taxonomy":"product_tag","embeddable":true,"href":"https:\/\/roveyayinevi.com.tr\/index.php\/wp-json\/wp\/v2\/product_tag?post=782365"}],"curies":[{"name":"wp","href":"https:\/\/api.w.org\/{rel}","templated":true}]}}