{"id":782364,"date":"2026-02-23T11:21:34","date_gmt":"2026-02-23T08:21:34","guid":{"rendered":"https:\/\/roveyayinevi.com.tr\/index.php\/urun\/good-business\/"},"modified":"2026-04-16T02:25:10","modified_gmt":"2026-04-15T23:25:10","slug":"good-business","status":"publish","type":"product","link":"https:\/\/roveyayinevi.com.tr\/index.php\/urun\/good-business\/","title":{"rendered":"Good Business"},"content":{"rendered":"<p>Bug\u00fcn\u00fcn ve gelece\u011fin i\u015f hayat\u0131nda tatmin duygusu nas\u0131l yarat\u0131lacak?\u0130nsanlar\u0131n hakiki tatmine ula\u015fmas\u0131n\u0131 hedefleyen bilin\u00e7 halini ke\u015ffederek \u201cAk\u0131\u015f\u201d kavram\u0131n\u0131 yaratan; Tony Blair, Bill Clinton gibi liderlere, Super Bowl \u015fampiyonu Jimmy Johnson\u2019a ilham veren pozitif psikolojinin en \u00f6nde gelen ismi Mihaly Csikszentmihaly, Good Business\u2019da i\u015f d\u00fcnyas\u0131ndaki tatminin yollar\u0131n\u0131 anlat\u0131yor.K\u00e2rdan \u00d6nce \u0130nsanCsikszentmihalyi, i\u015f d\u00fcnyas\u0131n\u0131n liderlerine ak\u0131\u015f\u0131 nas\u0131l destekleyeceklerini ve ruhsal enerjilerini \u00e7al\u0131\u015fanlar\u0131n, m\u00fc\u015fterilerin ve hatta kendilerinin mutlulu\u011funu art\u0131rmada nas\u0131l kullanacaklar\u0131n\u0131 g\u00f6steriyor. Bir faaliyete kendini tam olarak verebilme kapasitesi olan \u201cak\u0131\u015f\u201d tan\u0131m\u0131n\u0131 kullanarak, \u00e7al\u0131\u015fanlar\u0131n i\u00e7lerindeki cevheri ortaya \u00e7\u0131karmay\u0131 \u00fcr\u00fcn ve karl\u0131l\u0131\u011f\u0131n \u00f6n\u00fcne koyan bir i\u015f yerinin \u015femas\u0131n\u0131 \u00e7iziyor.Pek \u00e7ok CEO\u2019nun h\u0131rslar\u0131 dilden dile dola\u015f\u0131rken, ger\u00e7ek anlamda vizyon sahibi liderler kendileri kadar ba\u015fkalar\u0131 i\u00e7in de yararl\u0131 olacak hedeflere inan\u0131yorlar. D\u00fcnyan\u0131n en \u00f6nemli CEO\u2019lar\u0131n\u0131n g\u00f6r\u00fc\u015flerinin yer ald\u0131\u011f\u0131 Good Business\u2019da en alt d\u00fczeydeki \u00e7al\u0131\u015fanlardan y\u00f6neticilere kadar, t\u00fcm pozisyonlardaki ki\u015filer i\u00e7in i\u015f hayat\u0131n\u0131n iyile\u015ftirilmesine dair al\u0131nacak dersler var. Good Business de\u011fi\u015fen i\u015f d\u00fcnyas\u0131nda bireylerin sa\u011flad\u0131klar\u0131 katk\u0131ya de\u011fer veren herkes i\u00e7in klasik haline gelecek.\u201cRefah ve kazan\u0131m psikolojisinin temel kitab\u0131.\u201dPeter Drucker, Management Challenges for the 21st Century\u2019nin yan\u0131 s\u0131ra y\u00f6netim ve ekonomi \u00fczerine elliden fazla kitab\u0131n yazar\u0131\u201c\u00c7ok etkili ve tam zaman\u0131nda gelen bir kitap \u2026insani kurumlar\u0131n optimal sonu\u00e7lar\u0131 nas\u0131l elde edeceklerine dair d\u00fcnya g\u00f6r\u00fc\u015f\u00fcm\u00fcz\u00fc kesin olarak \u015fekillendirecek benzersiz bir katk\u0131 sunuyor.\u201dWarren Bennis, University of Southern California\u2019da i\u015fletme profes\u00f6r\u00fc ve Geeks and Geezers: How Era, Values and Defining Moments Shape Leaders kitab\u0131 yazarlar\u0131ndan.<\/p>\n","protected":false},"excerpt":{"rendered":"<p>Bug\u00fcn\u00fcn ve gelece\u011fin i\u015f hayat\u0131nda tatmin duygusu nas\u0131l yarat\u0131lacak?\u0130nsanlar\u0131n hakiki tatmine ula\u015fmas\u0131n\u0131 hedefleyen bilin\u00e7 halini ke\u015ffederek \u201cAk\u0131\u015f\u201d kavram\u0131n\u0131 yaratan; Tony Blair, Bill Clinton gibi liderlere, Super<span class=\"excerpt-hellip\"> [\u2026]<\/span><\/p>\n","protected":false},"featured_media":0,"template":"","meta":{"_monsterinsights_skip_tracking":false,"_monsterinsights_sitenote_active":false,"_monsterinsights_sitenote_note":"","_monsterinsights_sitenote_category":0},"product_brand":[],"product_cat":[14787,13488],"product_tag":[],"class_list":{"0":"post-782364","1":"product","2":"type-product","3":"status-publish","5":"product_cat-diger-toplum-ve-insan","6":"product_cat-toplum-ve-insan","7":"pa_cilt-ciltsiz","8":"pa_tur-kitap","9":"pa_yayinevi-okuyan-us-yayin","10":"pa_yazar-prof-dr-mihaly-csikszentmihalyi","12":"first","13":"instock","14":"sale","15":"shipping-taxable","16":"purchasable","17":"product-type-simple"},"_links":{"self":[{"href":"https:\/\/roveyayinevi.com.tr\/index.php\/wp-json\/wp\/v2\/product\/782364","targetHints":{"allow":["GET"]}}],"collection":[{"href":"https:\/\/roveyayinevi.com.tr\/index.php\/wp-json\/wp\/v2\/product"}],"about":[{"href":"https:\/\/roveyayinevi.com.tr\/index.php\/wp-json\/wp\/v2\/types\/product"}],"wp:attachment":[{"href":"https:\/\/roveyayinevi.com.tr\/index.php\/wp-json\/wp\/v2\/media?parent=782364"}],"wp:term":[{"taxonomy":"product_brand","embeddable":true,"href":"https:\/\/roveyayinevi.com.tr\/index.php\/wp-json\/wp\/v2\/product_brand?post=782364"},{"taxonomy":"product_cat","embeddable":true,"href":"https:\/\/roveyayinevi.com.tr\/index.php\/wp-json\/wp\/v2\/product_cat?post=782364"},{"taxonomy":"product_tag","embeddable":true,"href":"https:\/\/roveyayinevi.com.tr\/index.php\/wp-json\/wp\/v2\/product_tag?post=782364"}],"curies":[{"name":"wp","href":"https:\/\/api.w.org\/{rel}","templated":true}]}}