{"id":782361,"date":"2026-02-23T11:21:00","date_gmt":"2026-02-23T08:21:00","guid":{"rendered":"https:\/\/roveyayinevi.com.tr\/index.php\/urun\/ejdarha-laneti-nasil-bozulur-ejderhani-nasil-egitirsin-4-ciltli\/"},"modified":"2026-03-01T02:44:27","modified_gmt":"2026-02-28T23:44:27","slug":"ejdarha-laneti-nasil-bozulur-ejderhani-nasil-egitirsin-4-ciltli","status":"publish","type":"product","link":"https:\/\/roveyayinevi.com.tr\/index.php\/urun\/ejdarha-laneti-nasil-bozulur-ejderhani-nasil-egitirsin-4-ciltli\/","title":{"rendered":"Ejdarha Laneti Nas\u0131l Bozulur &#8211; Ejderhan\u0131 Nas\u0131l E\u011fitirsin 4 (Ciltli)"},"content":{"rendered":"<p>\u201cLiderlik i\u00e7in g\u00fc\u00e7 m\u00fc, cesaret mi yoksa zek\u00e2 m\u0131 gerekli?\u201d sorusuna cevap arayan Korkun\u00e7 G\u0131c\u0131k \u00dc\u00e7\u00fcnc\u00fc H\u0131\u00e7k\u0131r\u0131k, esprili anlat\u0131m\u0131yla \u00e7ocuklar\u0131 hem e\u011flendirecek hem de onlara okumay\u0131 sevdirecek. Arkada\u015fl\u0131k, azim ve dayan\u0131\u015fma \u00fczerine e\u011flenceli bir ba\u015flang\u0131\u00e7 hik\u00e2yesi olan, t\u00fcm d\u00fcnyada 8 milyondan fazla satan ve 26 dile \u00e7evrilen serinin ilk kitab\u0131 Ejderhan\u0131 Nas\u0131l E\u011fitirsin ayn\u0131 isimle 2010 y\u0131l\u0131nda Dreamworks taraf\u0131ndan beyazperdeye de uyarland\u0131. \u0130kinci animasyon filmi 2014 y\u0131l\u0131nda izleyiciyle bulu\u015fan serinin \u00fc\u00e7\u00fcnc\u00fc filmiyse 2019 y\u0131l\u0131nda g\u00f6sterime girecek.Korkun\u00e7 G\u0131c\u0131k \u00dc\u00e7\u00fcnc\u00fc H\u0131\u00e7k\u0131r\u0131k cesur, g\u00f6steri\u015fli ve bir o kadar da zeki bir Viking kahraman\u0131. Fakat Viking kahramanlar\u0131n\u0131n bile bir yerlerden ba\u015flamalar\u0131 gerekir. Bu e\u011flenceli ve s\u00fcr\u00fckleyici macerada H\u0131\u00e7k\u0131r\u0131k, en yak\u0131n arkada\u015f\u0131n\u0131n hayat\u0131n\u0131 kurtarmak i\u00e7in donmu\u015f denizlere a\u00e7\u0131ld\u0131\u011f\u0131, kan dondurucu deniz ejderhas\u0131 Beladi\u015f\u2019le kar\u015f\u0131la\u015ft\u0131\u011f\u0131 ve tam bir z\u0131rdeli olan F\u0131tt\u0131r\u0131k Norb\u0131k\u2019la m\u00fccadele etti\u011fi o eski g\u00fcnlerini anlat\u0131yor\u2026<\/p>\n","protected":false},"excerpt":{"rendered":"<p>\u201cLiderlik i\u00e7in g\u00fc\u00e7 m\u00fc, cesaret mi yoksa zek\u00e2 m\u0131 gerekli?\u201d sorusuna cevap arayan Korkun\u00e7 G\u0131c\u0131k \u00dc\u00e7\u00fcnc\u00fc H\u0131\u00e7k\u0131r\u0131k, esprili anlat\u0131m\u0131yla \u00e7ocuklar\u0131 hem e\u011flendirecek hem de onlara okumay\u0131<span class=\"excerpt-hellip\"> [\u2026]<\/span><\/p>\n","protected":false},"featured_media":0,"template":"","meta":{"_monsterinsights_skip_tracking":false,"_monsterinsights_sitenote_active":false,"_monsterinsights_sitenote_note":"","_monsterinsights_sitenote_category":0},"product_brand":[],"product_cat":[12274,12284],"product_tag":[],"class_list":{"0":"post-782361","1":"product","2":"type-product","3":"status-publish","5":"product_cat-cocuk-ve-genclik-kitaplari","6":"product_cat-hikayeler","7":"pa_cilt-ciltli","8":"pa_tur-kitap","9":"pa_yayinevi-epsilon-yayinlari","10":"pa_yazar-cressida-cowell","12":"first","13":"instock","14":"sale","15":"shipping-taxable","16":"purchasable","17":"product-type-simple"},"_links":{"self":[{"href":"https:\/\/roveyayinevi.com.tr\/index.php\/wp-json\/wp\/v2\/product\/782361","targetHints":{"allow":["GET"]}}],"collection":[{"href":"https:\/\/roveyayinevi.com.tr\/index.php\/wp-json\/wp\/v2\/product"}],"about":[{"href":"https:\/\/roveyayinevi.com.tr\/index.php\/wp-json\/wp\/v2\/types\/product"}],"wp:attachment":[{"href":"https:\/\/roveyayinevi.com.tr\/index.php\/wp-json\/wp\/v2\/media?parent=782361"}],"wp:term":[{"taxonomy":"product_brand","embeddable":true,"href":"https:\/\/roveyayinevi.com.tr\/index.php\/wp-json\/wp\/v2\/product_brand?post=782361"},{"taxonomy":"product_cat","embeddable":true,"href":"https:\/\/roveyayinevi.com.tr\/index.php\/wp-json\/wp\/v2\/product_cat?post=782361"},{"taxonomy":"product_tag","embeddable":true,"href":"https:\/\/roveyayinevi.com.tr\/index.php\/wp-json\/wp\/v2\/product_tag?post=782361"}],"curies":[{"name":"wp","href":"https:\/\/api.w.org\/{rel}","templated":true}]}}