{"id":782355,"date":"2026-02-23T11:19:51","date_gmt":"2026-02-23T08:19:51","guid":{"rendered":"https:\/\/roveyayinevi.com.tr\/index.php\/urun\/kitap-kiyiminin-evrensel-tarihi\/"},"modified":"2026-04-16T02:24:29","modified_gmt":"2026-04-15T23:24:29","slug":"kitap-kiyiminin-evrensel-tarihi","status":"publish","type":"product","link":"https:\/\/roveyayinevi.com.tr\/index.php\/urun\/kitap-kiyiminin-evrensel-tarihi\/","title":{"rendered":"Kitap K\u0131y\u0131m\u0131n\u0131n Evrensel Tarihi"},"content":{"rendered":"<p>Kitap yak\u0131lan bir yerde sonunda insanlar\u0131 yakarlar. Heinrich Heine Kitap K\u0131y\u0131m\u0131n\u0131n Evrensel Tarihi, S\u00fcmer tabletlerinden 2003\u2019te Irak Ulusal K\u00fct\u00fcphanesi\u2019ndeki elyazmalar\u0131 ve sanat eserlerinin yok edili\u015fine kadar uzanan bir yelpazede kitap k\u0131y\u0131m\u0131n\u0131 ele al\u0131yor.  \u0130skenderiye K\u00fct\u00fcphanesi\u2019nin yak\u0131l\u0131\u015f\u0131, kaybolan b\u00fcy\u00fck Yunan klasikleri, 13. y\u00fczy\u0131lda d\u00f6nemin k\u00fclt\u00fcr ba\u015fkenti Ba\u011fdat\u2019\u0131 i\u015fgal etti\u011fi s\u0131rada k\u00fct\u00fcphaneleri yak\u0131p y\u0131kan Mo\u011fol h\u00fck\u00fcmdar\u0131 H\u00fclagu, Avrupal\u0131 fatihlere e\u015flik eden misyonerlerin Aztek ve Maya kodekslerini yakmas\u0131, Herculaneum\u2019un yanm\u0131\u015f papir\u00fcsleri, engizisyonun ak\u0131ld\u0131\u015f\u0131 ac\u0131mas\u0131zl\u0131\u011f\u0131, D.H. Lawrence\u2019tan James Joyce ve Salman Rushdie\u2019ye \u00e7e\u015fitli yazarlar\u0131n maruz kald\u0131\u011f\u0131 sans\u00fcr ve benzeri uygulamalar, bu ilgin\u00e7 ve \u00fcrk\u00fct\u00fcc\u00fc \u00e7al\u0131\u015fman\u0131n konusunu olu\u015fturuyor. Venezuelal\u0131 yazar Fernando B\u00e1ez, \u00e7e\u015fitli \u00fclkelerde k\u00fclt\u00fcr k\u0131y\u0131m\u0131na kar\u015f\u0131 toplumun her kesimini bilin\u00e7lendirmek amac\u0131yla b\u00f6lgesel ve kentsel \u00e7al\u0131\u015fmalarda dan\u0131\u015fmanl\u0131k yap\u0131yor ve k\u00fct\u00fcphanecilik alan\u0131nda bir otorite olarak tan\u0131n\u0131yor. <\/p>\n","protected":false},"excerpt":{"rendered":"<p>Kitap yak\u0131lan bir yerde sonunda insanlar\u0131 yakarlar. Heinrich Heine Kitap K\u0131y\u0131m\u0131n\u0131n Evrensel Tarihi, S\u00fcmer tabletlerinden 2003\u2019te Irak Ulusal K\u00fct\u00fcphanesi\u2019ndeki elyazmalar\u0131 ve sanat eserlerinin yok edili\u015fine kadar<span class=\"excerpt-hellip\"> [\u2026]<\/span><\/p>\n","protected":false},"featured_media":0,"template":"","meta":{"_monsterinsights_skip_tracking":false,"_monsterinsights_sitenote_active":false,"_monsterinsights_sitenote_note":"","_monsterinsights_sitenote_category":0},"product_brand":[],"product_cat":[12370,12304],"product_tag":[],"class_list":{"0":"post-782355","1":"product","2":"type-product","3":"status-publish","5":"product_cat-arastirma-inceleme","6":"product_cat-tarih","7":"pa_cilt-ciltsiz","8":"pa_tur-kitap","9":"pa_yayinevi-can-yayinlari","10":"pa_yazar-tolga-esmer","12":"first","13":"instock","14":"sale","15":"shipping-taxable","16":"purchasable","17":"product-type-simple"},"_links":{"self":[{"href":"https:\/\/roveyayinevi.com.tr\/index.php\/wp-json\/wp\/v2\/product\/782355","targetHints":{"allow":["GET"]}}],"collection":[{"href":"https:\/\/roveyayinevi.com.tr\/index.php\/wp-json\/wp\/v2\/product"}],"about":[{"href":"https:\/\/roveyayinevi.com.tr\/index.php\/wp-json\/wp\/v2\/types\/product"}],"wp:attachment":[{"href":"https:\/\/roveyayinevi.com.tr\/index.php\/wp-json\/wp\/v2\/media?parent=782355"}],"wp:term":[{"taxonomy":"product_brand","embeddable":true,"href":"https:\/\/roveyayinevi.com.tr\/index.php\/wp-json\/wp\/v2\/product_brand?post=782355"},{"taxonomy":"product_cat","embeddable":true,"href":"https:\/\/roveyayinevi.com.tr\/index.php\/wp-json\/wp\/v2\/product_cat?post=782355"},{"taxonomy":"product_tag","embeddable":true,"href":"https:\/\/roveyayinevi.com.tr\/index.php\/wp-json\/wp\/v2\/product_tag?post=782355"}],"curies":[{"name":"wp","href":"https:\/\/api.w.org\/{rel}","templated":true}]}}