{"id":782352,"date":"2026-02-23T11:19:10","date_gmt":"2026-02-23T08:19:10","guid":{"rendered":"https:\/\/roveyayinevi.com.tr\/index.php\/urun\/varlik-ve-zaman-ciltli\/"},"modified":"2026-04-16T02:23:51","modified_gmt":"2026-04-15T23:23:51","slug":"varlik-ve-zaman-ciltli","status":"publish","type":"product","link":"https:\/\/roveyayinevi.com.tr\/index.php\/urun\/varlik-ve-zaman-ciltli\/","title":{"rendered":"Varl\u0131k ve Zaman (Ciltli)"},"content":{"rendered":"<p>Martin Heidegger\u2019in ba\u015fyap\u0131t\u0131 Varl\u0131k ve Zaman 1927 y\u0131l\u0131nda yay\u0131mland\u0131. Bu kitapta Heidegger, insan\u0131n d\u00fcnya i\u00e7indeki varolu\u015funu (Dasein\u2019\u0131) \u00f6zg\u00fcn bir y\u00f6ntem ve terminolojiyle \u00e7\u00f6z\u00fcmleyip a\u00e7\u0131klad\u0131. \u0130nsan\u0131n varolu\u015funun zaman ufku i\u00e7inde a\u00e7\u0131\u011fa \u00e7\u0131kt\u0131\u011f\u0131n\u0131, bunun da varl\u0131\u011f\u0131n a\u00e7\u0131mlanmas\u0131 anlam\u0131na geldi\u011fini ortaya koydu. Bu sayede Heidegger, \u00f6zne-nesne ve ruh-beden ayr\u0131m\u0131n\u0131n \u00fcstesinden gelmeyi hedefleyen bir ontoloji yaratt\u0131. \u00c7a\u011fda\u015f felsefenin en \u00f6nemli yap\u0131tlar\u0131ndan biri olan bu kitapla Heidegger, yaln\u0131zca felsefede de\u011fil sanat, politika, dil, psikoloji, mimarl\u0131k ve teknoloji gibi alanlarda da derin bir etki yaratt\u0131. Sartre, Levinas, Binswanger, Boss, Merleau-Ponty, Foucault, Derrida, Arendt, Gadamer, Jonas, Marcuse, Rorty, Agamben, Dreyfus gibi \u00e7ok say\u0131da \u00e7a\u011fda\u015f d\u00fc\u015f\u00fcn\u00fcr Varl\u0131k ve Zaman\u2019dan ilham ald\u0131.<\/p>\n","protected":false},"excerpt":{"rendered":"<p>Martin Heidegger\u2019in ba\u015fyap\u0131t\u0131 Varl\u0131k ve Zaman 1927 y\u0131l\u0131nda yay\u0131mland\u0131. Bu kitapta Heidegger, insan\u0131n d\u00fcnya i\u00e7indeki varolu\u015funu (Dasein\u2019\u0131) \u00f6zg\u00fcn bir y\u00f6ntem ve terminolojiyle \u00e7\u00f6z\u00fcmleyip a\u00e7\u0131klad\u0131. \u0130nsan\u0131n varolu\u015funun<span class=\"excerpt-hellip\"> [\u2026]<\/span><\/p>\n","protected":false},"featured_media":0,"template":"","meta":{"_monsterinsights_skip_tracking":false,"_monsterinsights_sitenote_active":false,"_monsterinsights_sitenote_note":"","_monsterinsights_sitenote_category":0},"product_brand":[],"product_cat":[16038,12388],"product_tag":[],"class_list":{"0":"post-782352","1":"product","2":"type-product","3":"status-publish","5":"product_cat-arastirma-inceleme-referans-felsefe","6":"product_cat-felsefe","7":"pa_cilt-ciltli","8":"pa_tur-kitap","9":"pa_yayinevi-alfa-yayinlari","10":"pa_yazar-martin-heidegger","12":"first","13":"instock","14":"sale","15":"shipping-taxable","16":"purchasable","17":"product-type-simple"},"_links":{"self":[{"href":"https:\/\/roveyayinevi.com.tr\/index.php\/wp-json\/wp\/v2\/product\/782352","targetHints":{"allow":["GET"]}}],"collection":[{"href":"https:\/\/roveyayinevi.com.tr\/index.php\/wp-json\/wp\/v2\/product"}],"about":[{"href":"https:\/\/roveyayinevi.com.tr\/index.php\/wp-json\/wp\/v2\/types\/product"}],"wp:attachment":[{"href":"https:\/\/roveyayinevi.com.tr\/index.php\/wp-json\/wp\/v2\/media?parent=782352"}],"wp:term":[{"taxonomy":"product_brand","embeddable":true,"href":"https:\/\/roveyayinevi.com.tr\/index.php\/wp-json\/wp\/v2\/product_brand?post=782352"},{"taxonomy":"product_cat","embeddable":true,"href":"https:\/\/roveyayinevi.com.tr\/index.php\/wp-json\/wp\/v2\/product_cat?post=782352"},{"taxonomy":"product_tag","embeddable":true,"href":"https:\/\/roveyayinevi.com.tr\/index.php\/wp-json\/wp\/v2\/product_tag?post=782352"}],"curies":[{"name":"wp","href":"https:\/\/api.w.org\/{rel}","templated":true}]}}