{"id":782340,"date":"2026-02-23T11:17:49","date_gmt":"2026-02-23T08:17:49","guid":{"rendered":"https:\/\/roveyayinevi.com.tr\/index.php\/urun\/la-mancali-don-kisot\/"},"modified":"2026-03-16T12:09:30","modified_gmt":"2026-03-16T09:09:30","slug":"la-mancali-don-kisot","status":"publish","type":"product","link":"https:\/\/roveyayinevi.com.tr\/index.php\/urun\/la-mancali-don-kisot\/","title":{"rendered":"La Man\u00e7a\u2019l\u0131 Don Ki\u015fot"},"content":{"rendered":"<p>Yel de\u011firmenleriyle sava\u015f\u0131l\u0131r m\u0131? \u0130ki koyun s\u00fcr\u00fcs\u00fcn\u00fcn kavga etti\u011fine hi\u00e7 inan\u0131r m\u0131s\u0131n? Sence insan okudu\u011fu kitaplardan etkilenip kendi ser\u00fcvenleriniya\u015famak i\u00e7in b\u00fcy\u00fck yolculuklara \u00e7\u0131kar m\u0131? Bu sorular\u0131n yan\u0131t\u0131n\u0131 merak ettiysen, Don Ki\u015fot ve San\u00e7oPanza\u2019n\u0131n \u00e7ok sevilen, heyecanla okunan, unutulmazmaceralar\u0131yla tan\u0131\u015fman\u0131n tam zaman\u0131! Miguel de Cervantes\u2019in y\u00fczy\u0131llar \u00f6nce yazd\u0131\u011f\u0131 bu yap\u0131t senini\u00e7in yeniden anlat\u0131ld\u0131 ve resimlendi.<\/p>\n","protected":false},"excerpt":{"rendered":"<p>Yel de\u011firmenleriyle sava\u015f\u0131l\u0131r m\u0131? \u0130ki koyun s\u00fcr\u00fcs\u00fcn\u00fcn kavga etti\u011fine hi\u00e7 inan\u0131r m\u0131s\u0131n? Sence insan okudu\u011fu kitaplardan etkilenip kendi ser\u00fcvenleriniya\u015famak i\u00e7in b\u00fcy\u00fck yolculuklara \u00e7\u0131kar m\u0131? Bu sorular\u0131n<span class=\"excerpt-hellip\"> [\u2026]<\/span><\/p>\n","protected":false},"featured_media":0,"template":"","meta":{"_monsterinsights_skip_tracking":false,"_monsterinsights_sitenote_active":false,"_monsterinsights_sitenote_note":"","_monsterinsights_sitenote_category":0},"product_brand":[],"product_cat":[12275,12274],"product_tag":[],"class_list":{"0":"post-782340","1":"product","2":"type-product","3":"status-publish","5":"product_cat-6-12-yas-kitaplari","6":"product_cat-cocuk-ve-genclik-kitaplari","7":"pa_cilt-ciltsiz","8":"pa_tur-kitap","9":"pa_yayinevi-is-bankasi-kultur-yayinlari","10":"pa_yazar-kolektif","12":"first","13":"instock","14":"sale","15":"shipping-taxable","16":"purchasable","17":"product-type-simple"},"_links":{"self":[{"href":"https:\/\/roveyayinevi.com.tr\/index.php\/wp-json\/wp\/v2\/product\/782340","targetHints":{"allow":["GET"]}}],"collection":[{"href":"https:\/\/roveyayinevi.com.tr\/index.php\/wp-json\/wp\/v2\/product"}],"about":[{"href":"https:\/\/roveyayinevi.com.tr\/index.php\/wp-json\/wp\/v2\/types\/product"}],"wp:attachment":[{"href":"https:\/\/roveyayinevi.com.tr\/index.php\/wp-json\/wp\/v2\/media?parent=782340"}],"wp:term":[{"taxonomy":"product_brand","embeddable":true,"href":"https:\/\/roveyayinevi.com.tr\/index.php\/wp-json\/wp\/v2\/product_brand?post=782340"},{"taxonomy":"product_cat","embeddable":true,"href":"https:\/\/roveyayinevi.com.tr\/index.php\/wp-json\/wp\/v2\/product_cat?post=782340"},{"taxonomy":"product_tag","embeddable":true,"href":"https:\/\/roveyayinevi.com.tr\/index.php\/wp-json\/wp\/v2\/product_tag?post=782340"}],"curies":[{"name":"wp","href":"https:\/\/api.w.org\/{rel}","templated":true}]}}