{"id":782333,"date":"2026-02-23T11:15:35","date_gmt":"2026-02-23T08:15:35","guid":{"rendered":"https:\/\/roveyayinevi.com.tr\/index.php\/urun\/adim-adim-piyano-metodu-1\/"},"modified":"2026-04-16T02:22:20","modified_gmt":"2026-04-15T23:22:20","slug":"adim-adim-piyano-metodu-1","status":"publish","type":"product","link":"https:\/\/roveyayinevi.com.tr\/index.php\/urun\/adim-adim-piyano-metodu-1\/","title":{"rendered":"Ad\u0131m Ad\u0131m Piyano Metodu 1"},"content":{"rendered":"<p>\u00d6\u011frenme ilgi ile ba\u015flar, sevgi ile devam eder. K\u00fc\u00e7\u00fck ya\u015flardaki \u00f6\u011frenme, b\u00fcy\u00fcklerin yarataca\u011f\u0131 ortam ve y\u00f6nlendirmeyle h\u0131z kazan\u0131r. Ad\u0131m Ad\u0131m Piyano Metodu \u2013 1, b\u00fcnyesinde bar\u0131nd\u0131rd\u0131\u011f\u0131 kuramsal bilgiler ve ev \u00e7al\u0131\u015fmalar\u0131 dikkate al\u0131narak haz\u0131rlanan notalarla piyano \u00e7almay\u0131 zevkli bir s\u00fcre\u00e7 haline getiriyor. Bu kitapla \u00e7ocuklar\u0131n piyanoya ilgi duymalar\u0131, piyano \u00e7almaya yak\u0131n zamanda ba\u015flam\u0131\u015f olanlar\u0131nsa severek \u00e7alacaklar\u0131 par\u00e7a say\u0131s\u0131n\u0131n ve m\u00fczik sanat\u0131na olan sevgilerinin art\u0131r\u0131lmas\u0131 ama\u00e7lanm\u0131\u015ft\u0131r. Yak\u0131ndan uza\u011fa ve bilinenden bilinmeyene ilkeleri do\u011frultusunda haz\u0131rlanan Ad\u0131m Ad\u0131m Piyano Metodu &#8211; 1, piyano \u00e7almay\u0131 \u00f6\u011frenmek isteyen herkesin fayda sa\u011flayaca\u011f\u0131 bir kaynak niteli\u011findedir. <\/p>\n","protected":false},"excerpt":{"rendered":"<p>\u00d6\u011frenme ilgi ile ba\u015flar, sevgi ile devam eder. K\u00fc\u00e7\u00fck ya\u015flardaki \u00f6\u011frenme, b\u00fcy\u00fcklerin yarataca\u011f\u0131 ortam ve y\u00f6nlendirmeyle h\u0131z kazan\u0131r. Ad\u0131m Ad\u0131m Piyano Metodu \u2013 1, b\u00fcnyesinde bar\u0131nd\u0131rd\u0131\u011f\u0131<span class=\"excerpt-hellip\"> [\u2026]<\/span><\/p>\n","protected":false},"featured_media":0,"template":"","meta":{"_monsterinsights_skip_tracking":false,"_monsterinsights_sitenote_active":false,"_monsterinsights_sitenote_note":"","_monsterinsights_sitenote_category":0},"product_brand":[],"product_cat":[12274,12649],"product_tag":[],"class_list":{"0":"post-782333","1":"product","2":"type-product","3":"status-publish","5":"product_cat-cocuk-ve-genclik-kitaplari","6":"product_cat-hobi-muzik","7":"pa_cilt-ciltsiz","8":"pa_tur-kitap","9":"pa_yayinevi-arkadas-yayinlari-muzik-kitaplari","10":"pa_yazar-sezgin-dinc","12":"first","13":"instock","14":"sale","15":"shipping-taxable","16":"purchasable","17":"product-type-simple"},"_links":{"self":[{"href":"https:\/\/roveyayinevi.com.tr\/index.php\/wp-json\/wp\/v2\/product\/782333","targetHints":{"allow":["GET"]}}],"collection":[{"href":"https:\/\/roveyayinevi.com.tr\/index.php\/wp-json\/wp\/v2\/product"}],"about":[{"href":"https:\/\/roveyayinevi.com.tr\/index.php\/wp-json\/wp\/v2\/types\/product"}],"wp:attachment":[{"href":"https:\/\/roveyayinevi.com.tr\/index.php\/wp-json\/wp\/v2\/media?parent=782333"}],"wp:term":[{"taxonomy":"product_brand","embeddable":true,"href":"https:\/\/roveyayinevi.com.tr\/index.php\/wp-json\/wp\/v2\/product_brand?post=782333"},{"taxonomy":"product_cat","embeddable":true,"href":"https:\/\/roveyayinevi.com.tr\/index.php\/wp-json\/wp\/v2\/product_cat?post=782333"},{"taxonomy":"product_tag","embeddable":true,"href":"https:\/\/roveyayinevi.com.tr\/index.php\/wp-json\/wp\/v2\/product_tag?post=782333"}],"curies":[{"name":"wp","href":"https:\/\/api.w.org\/{rel}","templated":true}]}}