{"id":782328,"date":"2026-02-23T11:15:15","date_gmt":"2026-02-23T08:15:15","guid":{"rendered":"https:\/\/roveyayinevi.com.tr\/index.php\/urun\/anlasilmamis-devirlerin-hikayesi-komplo\/"},"modified":"2026-03-27T02:31:18","modified_gmt":"2026-03-26T23:31:18","slug":"anlasilmamis-devirlerin-hikayesi-komplo","status":"publish","type":"product","link":"https:\/\/roveyayinevi.com.tr\/index.php\/urun\/anlasilmamis-devirlerin-hikayesi-komplo\/","title":{"rendered":"Anla\u015f\u0131lmam\u0131\u015f Devirlerin Hikayesi Komplo"},"content":{"rendered":"<p>\u0130n\u00f6n\u00fc\u2019n\u00fcn Atat\u00fcrk\u2019e \u0130haneti. Enver Pa\u015fa\u2019n\u0131n karde\u015fi Nuri Pa\u015fa\u2019n\u0131n k\u00fcresel silah sava\u015fndaki m\u00fccadelesi. Lawrence ve Theodor  Herzl\u2019in okunmam\u015f hikayesi. Nefret tarih\u00e7ili\u011finden uzak bir \u015fekilde yak\u0131n tarihin bir ba\u015fka yorumu. Vahdettin ile Atat\u00fcrk\u2019\u00fcn derin planlar\u0131. Ha\u00e7l\u0131lar\u0131n, k\u00fcresel d\u00fczenin ve evangelistlerin kurdu\u011fu planlar ile bize kar\u015f\u0131 y\u00fcr\u00fct\u00fclen daha nice komplolar\u0131n perde arkas\u0131 ve daha fazlas\u0131 ak\u0131c\u0131 \u00fcslubuyla bu kitapta. Bu kitap sizi, bu zamana kadar \u00f6\u011frenmeniz istenmeyen tarihin derin sular\u0131na dald\u0131racak. <\/p>\n","protected":false},"excerpt":{"rendered":"<p>\u0130n\u00f6n\u00fc\u2019n\u00fcn Atat\u00fcrk\u2019e \u0130haneti. Enver Pa\u015fa\u2019n\u0131n karde\u015fi Nuri Pa\u015fa\u2019n\u0131n k\u00fcresel silah sava\u015fndaki m\u00fccadelesi. Lawrence ve Theodor Herzl\u2019in okunmam\u015f hikayesi. Nefret tarih\u00e7ili\u011finden uzak bir \u015fekilde yak\u0131n tarihin bir<span class=\"excerpt-hellip\"> [\u2026]<\/span><\/p>\n","protected":false},"featured_media":0,"template":"","meta":{"_monsterinsights_skip_tracking":false,"_monsterinsights_sitenote_active":false,"_monsterinsights_sitenote_note":"","_monsterinsights_sitenote_category":0},"product_brand":[],"product_cat":[12291,12745],"product_tag":[],"class_list":{"0":"post-782328","1":"product","2":"type-product","3":"status-publish","5":"product_cat-edebiyat","6":"product_cat-tarihi-roman","7":"pa_cilt-ciltsiz","8":"pa_tur-kitap","9":"pa_yayinevi-lopus-yayinlari","10":"pa_yazar-ahmet-han","12":"first","13":"instock","14":"sale","15":"shipping-taxable","16":"purchasable","17":"product-type-simple"},"_links":{"self":[{"href":"https:\/\/roveyayinevi.com.tr\/index.php\/wp-json\/wp\/v2\/product\/782328","targetHints":{"allow":["GET"]}}],"collection":[{"href":"https:\/\/roveyayinevi.com.tr\/index.php\/wp-json\/wp\/v2\/product"}],"about":[{"href":"https:\/\/roveyayinevi.com.tr\/index.php\/wp-json\/wp\/v2\/types\/product"}],"wp:attachment":[{"href":"https:\/\/roveyayinevi.com.tr\/index.php\/wp-json\/wp\/v2\/media?parent=782328"}],"wp:term":[{"taxonomy":"product_brand","embeddable":true,"href":"https:\/\/roveyayinevi.com.tr\/index.php\/wp-json\/wp\/v2\/product_brand?post=782328"},{"taxonomy":"product_cat","embeddable":true,"href":"https:\/\/roveyayinevi.com.tr\/index.php\/wp-json\/wp\/v2\/product_cat?post=782328"},{"taxonomy":"product_tag","embeddable":true,"href":"https:\/\/roveyayinevi.com.tr\/index.php\/wp-json\/wp\/v2\/product_tag?post=782328"}],"curies":[{"name":"wp","href":"https:\/\/api.w.org\/{rel}","templated":true}]}}