{"id":782320,"date":"2026-02-23T11:11:54","date_gmt":"2026-02-23T08:11:54","guid":{"rendered":"https:\/\/roveyayinevi.com.tr\/index.php\/urun\/kalbine-dokun-ciltli\/"},"modified":"2026-03-25T13:49:02","modified_gmt":"2026-03-25T10:49:02","slug":"kalbine-dokun-ciltli","status":"publish","type":"product","link":"https:\/\/roveyayinevi.com.tr\/index.php\/urun\/kalbine-dokun-ciltli\/","title":{"rendered":"Kalbine Dokun (Ciltli)"},"content":{"rendered":"<p>Kalpler \u00dclkesi\u2019nde ke\u015ffe \u00e7\u0131kan Sarp ve arkada\u015flar\u0131, tats\u0131z bir manzarayla kar\u015f\u0131 kar\u015f\u0131ya kal\u0131rlar. Her yer \u00e7\u00f6ple dolmu\u015f, hatta minik bir ku\u015fun gagas\u0131na sak\u0131z yap\u0131\u015fm\u0131\u015ft\u0131r. Derken gizemli bir k\u0131z \u00e7\u0131kagelir, onlar\u0131n kalplerine dokunur ve her \u015fey de\u011fi\u015fir\u2026 ***   Sarp ve k\u0131rk bir arkada\u015f\u0131, kendi \u00fclkelerinden ba\u015flayarak reng\u00e2renk bir d\u00fcnya i\u00e7in yola \u00e7\u0131k\u0131yor, ilk ad\u0131mlar\u0131n\u0131 da bu kitab\u0131n i\u00e7ine at\u0131yorlar. Dokunduklar\u0131 yeri tatl\u0131 kelebekler saran, mavi kurdeleli \u00e7ocuklar\u0131n hik\u00e2yesi bu. Kumbaralar\u0131n\u0131 g\u00fczelliklerle dolduranlar i\u00e7in bir \u00e7a\u011fr\u0131\u2026   \u201cHer y\u0131l 28 \u015eubat geldi\u011finde, d\u00fcnya genelinde ender hastal\u0131klara dikkat \u00e7ekmek i\u00e7in mavi kurdele etkinlikleri d\u00fczenleniyor. Biz de masal kitab\u0131m\u0131zla bu etkinliklere katk\u0131da bulunmak istedik. Kitab\u0131m\u0131z Sarp ile k\u0131rk bir arkada\u015f\u0131na umut olmak i\u00e7in yaz\u0131ld\u0131 ve t\u00fcm geliri T\u00fcrkiye\u2019deki canavan hastas\u0131 kelebek \u00e7ocuklara ba\u011f\u0131\u015fland\u0131. \u0130ki kapak aras\u0131nda da olsa onlar\u0131n masal gibi hayatlar\u0131na umut olsun diye.\u201d     Tema: Gezegeni payla\u015fma                Kavramlar ve Anahtar S\u00f6zc\u00fckler: \u0130yilik, ke\u015fif, do\u011fa, \u00e7evre, sevgi, arkada\u015fl\u0131k, sorumluluk, birlikte ya\u015famak, ender hastal\u0131klar Tutumlar: Sayg\u0131, i\u015fbirli\u011fi, empati    Profil \u00d6\u011feleri: Duyarl\u0131, d\u00fc\u015f\u00fcnen <\/p>\n","protected":false},"excerpt":{"rendered":"<p>Kalpler \u00dclkesi\u2019nde ke\u015ffe \u00e7\u0131kan Sarp ve arkada\u015flar\u0131, tats\u0131z bir manzarayla kar\u015f\u0131 kar\u015f\u0131ya kal\u0131rlar. Her yer \u00e7\u00f6ple dolmu\u015f, hatta minik bir ku\u015fun gagas\u0131na sak\u0131z yap\u0131\u015fm\u0131\u015ft\u0131r. Derken gizemli<span class=\"excerpt-hellip\"> [\u2026]<\/span><\/p>\n","protected":false},"featured_media":0,"template":"","meta":{"_monsterinsights_skip_tracking":false,"_monsterinsights_sitenote_active":false,"_monsterinsights_sitenote_note":"","_monsterinsights_sitenote_category":0},"product_brand":[],"product_cat":[12274,12518],"product_tag":[],"class_list":{"0":"post-782320","1":"product","2":"type-product","3":"status-publish","5":"product_cat-cocuk-ve-genclik-kitaplari","6":"product_cat-okul-oncesi-kitaplar","7":"pa_cilt-ciltli","8":"pa_tur-kitap","9":"pa_yayinevi-elma-cocuk","10":"pa_yazar-berna-uslu-kaya","12":"first","13":"instock","14":"sale","15":"shipping-taxable","16":"purchasable","17":"product-type-simple"},"_links":{"self":[{"href":"https:\/\/roveyayinevi.com.tr\/index.php\/wp-json\/wp\/v2\/product\/782320","targetHints":{"allow":["GET"]}}],"collection":[{"href":"https:\/\/roveyayinevi.com.tr\/index.php\/wp-json\/wp\/v2\/product"}],"about":[{"href":"https:\/\/roveyayinevi.com.tr\/index.php\/wp-json\/wp\/v2\/types\/product"}],"wp:attachment":[{"href":"https:\/\/roveyayinevi.com.tr\/index.php\/wp-json\/wp\/v2\/media?parent=782320"}],"wp:term":[{"taxonomy":"product_brand","embeddable":true,"href":"https:\/\/roveyayinevi.com.tr\/index.php\/wp-json\/wp\/v2\/product_brand?post=782320"},{"taxonomy":"product_cat","embeddable":true,"href":"https:\/\/roveyayinevi.com.tr\/index.php\/wp-json\/wp\/v2\/product_cat?post=782320"},{"taxonomy":"product_tag","embeddable":true,"href":"https:\/\/roveyayinevi.com.tr\/index.php\/wp-json\/wp\/v2\/product_tag?post=782320"}],"curies":[{"name":"wp","href":"https:\/\/api.w.org\/{rel}","templated":true}]}}