{"id":782308,"date":"2026-02-23T11:09:11","date_gmt":"2026-02-23T08:09:11","guid":{"rendered":"https:\/\/roveyayinevi.com.tr\/index.php\/urun\/ingilizce-ilk-kelimeler-ve-kavramlar\/"},"modified":"2026-04-16T02:18:51","modified_gmt":"2026-04-15T23:18:51","slug":"ingilizce-ilk-kelimeler-ve-kavramlar","status":"publish","type":"product","link":"https:\/\/roveyayinevi.com.tr\/index.php\/urun\/ingilizce-ilk-kelimeler-ve-kavramlar\/","title":{"rendered":"\u0130ngilizce \u0130lk Kelimeler ve Kavramlar"},"content":{"rendered":"<p>Larousse \u0130ngilizce \u0130lk Kelimeler ve Kavramlar, \u0130ngilizce \u00f6\u011frenmek isteyen herkesin en b\u00fcy\u00fck deste\u011fi olacak. Bu kitap sayesinde \u0130ngilizcenin en temel kelime ve kavramlar\u0131n\u0131 bir arada bulacak, kitab\u0131n sundu\u011fu zengin g\u00f6rsellik sayesinde kolayca \u00f6\u011frenmi\u015f olacaks\u0131n\u0131z.Larousse Kelime \u00d6\u011freten Kitaplar dizisinde yer alan kitaplar, b\u00fcy\u00fck k\u00fc\u00e7\u00fck herkesin dil \u00f6\u011frenimini kolayla\u015ft\u0131rmak amac\u0131yla haz\u0131rlanm\u0131\u015ft\u0131r <\/p>\n","protected":false},"excerpt":{"rendered":"<p>Larousse \u0130ngilizce \u0130lk Kelimeler ve Kavramlar, \u0130ngilizce \u00f6\u011frenmek isteyen herkesin en b\u00fcy\u00fck deste\u011fi olacak. Bu kitap sayesinde \u0130ngilizcenin en temel kelime ve kavramlar\u0131n\u0131 bir arada bulacak,<span class=\"excerpt-hellip\"> [\u2026]<\/span><\/p>\n","protected":false},"featured_media":0,"template":"","meta":{"_monsterinsights_skip_tracking":false,"_monsterinsights_sitenote_active":false,"_monsterinsights_sitenote_note":"","_monsterinsights_sitenote_category":0},"product_brand":[],"product_cat":[14597,12566,14702],"product_tag":[],"class_list":{"0":"post-782308","1":"product","2":"type-product","3":"status-publish","5":"product_cat-dil-ogrenimi","6":"product_cat-egitim","7":"product_cat-ingilizce","8":"pa_cilt-ciltsiz","9":"pa_tur-kitap","10":"pa_yayinevi-mavi-kelebek-yayinlari","11":"pa_yazar-agnes-besson","13":"first","14":"instock","15":"sale","16":"shipping-taxable","17":"purchasable","18":"product-type-simple"},"_links":{"self":[{"href":"https:\/\/roveyayinevi.com.tr\/index.php\/wp-json\/wp\/v2\/product\/782308","targetHints":{"allow":["GET"]}}],"collection":[{"href":"https:\/\/roveyayinevi.com.tr\/index.php\/wp-json\/wp\/v2\/product"}],"about":[{"href":"https:\/\/roveyayinevi.com.tr\/index.php\/wp-json\/wp\/v2\/types\/product"}],"wp:attachment":[{"href":"https:\/\/roveyayinevi.com.tr\/index.php\/wp-json\/wp\/v2\/media?parent=782308"}],"wp:term":[{"taxonomy":"product_brand","embeddable":true,"href":"https:\/\/roveyayinevi.com.tr\/index.php\/wp-json\/wp\/v2\/product_brand?post=782308"},{"taxonomy":"product_cat","embeddable":true,"href":"https:\/\/roveyayinevi.com.tr\/index.php\/wp-json\/wp\/v2\/product_cat?post=782308"},{"taxonomy":"product_tag","embeddable":true,"href":"https:\/\/roveyayinevi.com.tr\/index.php\/wp-json\/wp\/v2\/product_tag?post=782308"}],"curies":[{"name":"wp","href":"https:\/\/api.w.org\/{rel}","templated":true}]}}