{"id":782300,"date":"2026-02-23T11:07:56","date_gmt":"2026-02-23T08:07:56","guid":{"rendered":"https:\/\/roveyayinevi.com.tr\/index.php\/urun\/magriplinin-son-ic-cekisi\/"},"modified":"2026-04-16T02:17:58","modified_gmt":"2026-04-15T23:17:58","slug":"magriplinin-son-ic-cekisi","status":"publish","type":"product","link":"https:\/\/roveyayinevi.com.tr\/index.php\/urun\/magriplinin-son-ic-cekisi\/","title":{"rendered":"Ma\u011friplinin Son \u0130\u00e7 \u00c7eki\u015fi"},"content":{"rendered":"<p>Salman Rushdie\u2019nin bu s\u00fcr\u00fckleyici roman\u0131, kendini, \u201cAna rahmine d\u00fc\u015ft\u00fc\u011f\u00fcm andan itibaren, ba\u015fka bir boyuttan, zaman t\u00fcnelinden gelen bir ziyaret\u00e7i gibi d\u00fcnyadan ve \u00fczerindeki her \u015fey ve herkesten iki kat h\u0131zl\u0131 ya\u015fland\u0131m. Ana rahmine d\u00fc\u015fmemle do\u011fumum aras\u0131nda d\u00f6rt bu\u00e7uk ay vard\u0131,\u201d diye tan\u0131tan bir Hintli-Yahudinin a\u011fz\u0131ndan anlat\u0131l\u0131yor. Moraes \u201cMa\u011fripli\u201d Zogoiby, Ko\u015fin baharat tacirleriyle yeralt\u0131 d\u00fcnyas\u0131n\u0131 y\u00f6netenlerin melezi bir soyun son temsilcisi.  Rushdie, okurlar\u0131n\u0131 Ma\u011friplinin hik\u00e2yesi e\u015fli\u011finde Hindistan\u2019dan \u0130spanya\u2019ya uzanan bir yolculu\u011fa \u00e7\u0131kar\u0131rken, bir yandan da Hindistan\u2019\u0131n i\u00e7 politikas\u0131ndaki, toplumsal ya\u015fam\u0131ndaki ve Hint alt k\u0131tas\u0131ndaki de\u011fi\u015fimleri aktar\u0131yor. Salman Rushdie, Ma\u011friplinin Son \u0130\u00e7 \u00c7eki\u015fi\u2019nde \u0130spanyol ressam Francisco Pradilla y Ortiz\u2019in 1492\u2019de Granada\u2019n\u0131n d\u00fc\u015fmesiyle ilgili bir tablosunda ele ald\u0131\u011f\u0131 efsaneden esinlendi. \u0130spanya\u2019daki son Ma\u011fripli h\u00fck\u00fcmdar XII. Muhammed, Granada\u2019y\u0131 terk etmek zorunda kal\u0131nca son bir kez d\u00f6n\u00fcp arkas\u0131na bakar ve i\u00e7ini \u00e7eker. Bunun \u00fczerine annesi \u015f\u00f6yle der: \u201cErkek gibi m\u00fcdafaa edemedi\u011fin \u015fey i\u00e7in kad\u0131n gibi a\u011flama.\u201d <\/p>\n","protected":false},"excerpt":{"rendered":"<p>Salman Rushdie\u2019nin bu s\u00fcr\u00fckleyici roman\u0131, kendini, \u201cAna rahmine d\u00fc\u015ft\u00fc\u011f\u00fcm andan itibaren, ba\u015fka bir boyuttan, zaman t\u00fcnelinden gelen bir ziyaret\u00e7i gibi d\u00fcnyadan ve \u00fczerindeki her \u015fey ve<span class=\"excerpt-hellip\"> [\u2026]<\/span><\/p>\n","protected":false},"featured_media":0,"template":"","meta":{"_monsterinsights_skip_tracking":false,"_monsterinsights_sitenote_active":false,"_monsterinsights_sitenote_note":"","_monsterinsights_sitenote_category":0},"product_brand":[],"product_cat":[12291,12711],"product_tag":[],"class_list":{"0":"post-782300","1":"product","2":"type-product","3":"status-publish","5":"product_cat-edebiyat","6":"product_cat-roman-oyku","7":"pa_cilt-ciltsiz","8":"pa_tur-kitap","9":"pa_yayinevi-can-yayinlari","10":"pa_yazar-salman-rushdie","12":"first","13":"instock","14":"sale","15":"shipping-taxable","16":"purchasable","17":"product-type-simple"},"_links":{"self":[{"href":"https:\/\/roveyayinevi.com.tr\/index.php\/wp-json\/wp\/v2\/product\/782300","targetHints":{"allow":["GET"]}}],"collection":[{"href":"https:\/\/roveyayinevi.com.tr\/index.php\/wp-json\/wp\/v2\/product"}],"about":[{"href":"https:\/\/roveyayinevi.com.tr\/index.php\/wp-json\/wp\/v2\/types\/product"}],"wp:attachment":[{"href":"https:\/\/roveyayinevi.com.tr\/index.php\/wp-json\/wp\/v2\/media?parent=782300"}],"wp:term":[{"taxonomy":"product_brand","embeddable":true,"href":"https:\/\/roveyayinevi.com.tr\/index.php\/wp-json\/wp\/v2\/product_brand?post=782300"},{"taxonomy":"product_cat","embeddable":true,"href":"https:\/\/roveyayinevi.com.tr\/index.php\/wp-json\/wp\/v2\/product_cat?post=782300"},{"taxonomy":"product_tag","embeddable":true,"href":"https:\/\/roveyayinevi.com.tr\/index.php\/wp-json\/wp\/v2\/product_tag?post=782300"}],"curies":[{"name":"wp","href":"https:\/\/api.w.org\/{rel}","templated":true}]}}