{"id":782226,"date":"2026-02-23T10:54:11","date_gmt":"2026-02-23T07:54:11","guid":{"rendered":"https:\/\/roveyayinevi.com.tr\/index.php\/urun\/mimar-sinanin-istanbulu\/"},"modified":"2026-04-16T02:10:42","modified_gmt":"2026-04-15T23:10:42","slug":"mimar-sinanin-istanbulu","status":"publish","type":"product","link":"https:\/\/roveyayinevi.com.tr\/index.php\/urun\/mimar-sinanin-istanbulu\/","title":{"rendered":"Mimar Sinan\u2019\u0131n \u0130stanbul\u2019u"},"content":{"rendered":"<p>Mimar Sinan, yakla\u015f\u0131k 100 y\u0131ll\u0131k ya\u015fam\u0131 boyunca yorulmadan \u00e7al\u0131\u015fm\u0131\u015f, d\u00fcnyaca \u00fcnl\u00fc bir T\u00fcrk mimard\u0131r. Bizlere, t\u00fcm d\u00fcnyan\u0131n da hayran oldu\u011fu bir\u00e7ok eser b\u0131rakm\u0131\u015ft\u0131r. Bu eserlerin \u00e7o\u011funlu\u011fu \u0130stanbul\u2019dad\u0131r. Bu kitapta Mimar Sinan\u2019\u0131n \u0130stanbul\u2019una gidiyoruz. 16. y\u00fczy\u0131lda \u0130stanbul nas\u0131ld\u0131? Bu b\u00fcy\u00fck usta bize hangi eserleri b\u0131rakt\u0131? Her bir caminin, k\u00fclliyenin, t\u00fcrbenin hik\u00e2yesini \u00f6\u011frenmek istemez misiniz? Haydi, bu tarihi yolculu\u011fa hep birlikte \u00e7\u0131kal\u0131m!<\/p>\n","protected":false},"excerpt":{"rendered":"<p>Mimar Sinan, yakla\u015f\u0131k 100 y\u0131ll\u0131k ya\u015fam\u0131 boyunca yorulmadan \u00e7al\u0131\u015fm\u0131\u015f, d\u00fcnyaca \u00fcnl\u00fc bir T\u00fcrk mimard\u0131r. Bizlere, t\u00fcm d\u00fcnyan\u0131n da hayran oldu\u011fu bir\u00e7ok eser b\u0131rakm\u0131\u015ft\u0131r. Bu eserlerin \u00e7o\u011funlu\u011fu<span class=\"excerpt-hellip\"> [\u2026]<\/span><\/p>\n","protected":false},"featured_media":0,"template":"","meta":{"_monsterinsights_skip_tracking":false,"_monsterinsights_sitenote_active":false,"_monsterinsights_sitenote_note":"","_monsterinsights_sitenote_category":0},"product_brand":[],"product_cat":[12492,12274],"product_tag":[],"class_list":{"0":"post-782226","1":"product","2":"type-product","3":"status-publish","5":"product_cat-bilmece-bulmaca","6":"product_cat-cocuk-ve-genclik-kitaplari","7":"pa_cilt-ciltsiz","8":"pa_tur-kitap","9":"pa_yayinevi-buyulu-fener-yayinlari","10":"pa_yazar-haldun-hurel","12":"first","13":"instock","14":"sale","15":"shipping-taxable","16":"purchasable","17":"product-type-simple"},"_links":{"self":[{"href":"https:\/\/roveyayinevi.com.tr\/index.php\/wp-json\/wp\/v2\/product\/782226","targetHints":{"allow":["GET"]}}],"collection":[{"href":"https:\/\/roveyayinevi.com.tr\/index.php\/wp-json\/wp\/v2\/product"}],"about":[{"href":"https:\/\/roveyayinevi.com.tr\/index.php\/wp-json\/wp\/v2\/types\/product"}],"wp:attachment":[{"href":"https:\/\/roveyayinevi.com.tr\/index.php\/wp-json\/wp\/v2\/media?parent=782226"}],"wp:term":[{"taxonomy":"product_brand","embeddable":true,"href":"https:\/\/roveyayinevi.com.tr\/index.php\/wp-json\/wp\/v2\/product_brand?post=782226"},{"taxonomy":"product_cat","embeddable":true,"href":"https:\/\/roveyayinevi.com.tr\/index.php\/wp-json\/wp\/v2\/product_cat?post=782226"},{"taxonomy":"product_tag","embeddable":true,"href":"https:\/\/roveyayinevi.com.tr\/index.php\/wp-json\/wp\/v2\/product_tag?post=782226"}],"curies":[{"name":"wp","href":"https:\/\/api.w.org\/{rel}","templated":true}]}}