{"id":782202,"date":"2026-02-23T10:50:25","date_gmt":"2026-02-23T07:50:25","guid":{"rendered":"https:\/\/roveyayinevi.com.tr\/index.php\/urun\/dunyamizi-nasil-tukettik\/"},"modified":"2026-04-16T02:08:43","modified_gmt":"2026-04-15T23:08:43","slug":"dunyamizi-nasil-tukettik","status":"publish","type":"product","link":"https:\/\/roveyayinevi.com.tr\/index.php\/urun\/dunyamizi-nasil-tukettik\/","title":{"rendered":"D\u00fcnyam\u0131z\u0131 Nas\u0131l T\u00fckettik"},"content":{"rendered":"<p>Hepimiz tabiat\u0131n bir par\u00e7as\u0131y\u0131z ve \u00e7o\u011fumuz, bazen bir a\u011fa\u00e7 dal\u0131 bile g\u00f6rmekte zorland\u0131\u011f\u0131m\u0131z \u015fehirlerde ya\u015fasak bile onun g\u00fczelli\u011fini biliriz. Okyanuslar\u0131, da\u011flar\u0131, ormanlar\u0131, buzullar\u0131 ve hatta \u00e7\u00f6lleriyle D\u00fcnya, tabiat\u0131n g\u00fczelli\u011fini b\u00fct\u00fcn ihti\u015fam\u0131yla sergiledi\u011fi bir sahne gibidir. Ancak baz\u0131 ortamlar \u00e7ok g\u00fczel olsa da insanlar\u0131n ya\u015famas\u0131na uygun de\u011fildir. Ya\u015fant\u0131m\u0131z\u0131 s\u00fcrd\u00fcrebilmemiz i\u00e7in belli s\u0131cakl\u0131k aral\u0131klar\u0131, yeterli ya\u011fmur, toprak par\u00e7alar\u0131, tar\u0131m alanlar\u0131, ormanl\u0131k araziler, belli oranda oksijen gibi baz\u0131 temel ko\u015fullar gerekir. Yapmam\u0131z gereken \u015fey, tabiat\u0131n ve D\u00fcnya&#8217;n\u0131n bu ko\u015fullar\u0131n\u0131 korumakt\u0131r. <\/p>\n","protected":false},"excerpt":{"rendered":"<p>Hepimiz tabiat\u0131n bir par\u00e7as\u0131y\u0131z ve \u00e7o\u011fumuz, bazen bir a\u011fa\u00e7 dal\u0131 bile g\u00f6rmekte zorland\u0131\u011f\u0131m\u0131z \u015fehirlerde ya\u015fasak bile onun g\u00fczelli\u011fini biliriz. Okyanuslar\u0131, da\u011flar\u0131, ormanlar\u0131, buzullar\u0131 ve hatta \u00e7\u00f6lleriyle<span class=\"excerpt-hellip\"> [\u2026]<\/span><\/p>\n","protected":false},"featured_media":0,"template":"","meta":{"_monsterinsights_skip_tracking":false,"_monsterinsights_sitenote_active":false,"_monsterinsights_sitenote_note":"","_monsterinsights_sitenote_category":0},"product_brand":[],"product_cat":[13829,12274],"product_tag":[],"class_list":{"0":"post-782202","1":"product","2":"type-product","3":"status-publish","5":"product_cat-bilimsel-kitaplar","6":"product_cat-cocuk-ve-genclik-kitaplari","7":"pa_cilt-ciltsiz","8":"pa_tur-kitap","9":"pa_yayinevi-is-bankasi-kultur-yayinlari","10":"pa_yazar-david-burnie","12":"first","13":"instock","14":"sale","15":"shipping-taxable","16":"purchasable","17":"product-type-simple"},"_links":{"self":[{"href":"https:\/\/roveyayinevi.com.tr\/index.php\/wp-json\/wp\/v2\/product\/782202","targetHints":{"allow":["GET"]}}],"collection":[{"href":"https:\/\/roveyayinevi.com.tr\/index.php\/wp-json\/wp\/v2\/product"}],"about":[{"href":"https:\/\/roveyayinevi.com.tr\/index.php\/wp-json\/wp\/v2\/types\/product"}],"wp:attachment":[{"href":"https:\/\/roveyayinevi.com.tr\/index.php\/wp-json\/wp\/v2\/media?parent=782202"}],"wp:term":[{"taxonomy":"product_brand","embeddable":true,"href":"https:\/\/roveyayinevi.com.tr\/index.php\/wp-json\/wp\/v2\/product_brand?post=782202"},{"taxonomy":"product_cat","embeddable":true,"href":"https:\/\/roveyayinevi.com.tr\/index.php\/wp-json\/wp\/v2\/product_cat?post=782202"},{"taxonomy":"product_tag","embeddable":true,"href":"https:\/\/roveyayinevi.com.tr\/index.php\/wp-json\/wp\/v2\/product_tag?post=782202"}],"curies":[{"name":"wp","href":"https:\/\/api.w.org\/{rel}","templated":true}]}}