{"id":782146,"date":"2026-02-23T10:27:17","date_gmt":"2026-02-23T07:27:17","guid":{"rendered":"https:\/\/roveyayinevi.com.tr\/index.php\/urun\/kasabanin-en-guzel-kizi\/"},"modified":"2026-04-16T02:02:08","modified_gmt":"2026-04-15T23:02:08","slug":"kasabanin-en-guzel-kizi","status":"publish","type":"product","link":"https:\/\/roveyayinevi.com.tr\/index.php\/urun\/kasabanin-en-guzel-kizi\/","title":{"rendered":"Kasaban\u0131n En G\u00fczel K\u0131z\u0131"},"content":{"rendered":"<p>Kasaban\u0131n En G\u00fczel K\u0131z\u0131\u2019nda yer alan \u00f6yk\u00fcleri, Charles Bukowski&#8217;nin hakl\u0131 \u015f\u00f6hretini kazanmas\u0131n\u0131n en iyi \u00f6rnekleri say\u0131l\u0131yor. Bukowski bu \u00f6yk\u00fclerde kendi hayat\u0131ndan yola \u00e7\u0131karak, kaybedenlerin d\u00fcnyas\u0131na, ayya\u015flar, ka\u00e7\u0131klar, d\u00fczenbazlar, fahi\u015felerden olu\u015fan bir d\u00fcnyaya kendine has farkl\u0131 bir mercekten bak\u0131yor ve her \u015feyi olabildi\u011fince a\u00e7\u0131k ve net anlat\u0131yor.  \u201cSahile g\u00f6t\u00fcrd\u00fcm onu o g\u00fcn. Yaz hen\u00fcz ba\u015flamam\u0131\u015ft\u0131, hafta sonuydu, tenhayd\u0131 sahil. Harikuladeydi. Berdu\u015flar pa\u00e7avralar\u0131 ile kuma uzanm\u0131\u015flard\u0131. Baz\u0131lar\u0131 ta\u015f banklara oturmu\u015f \u015fi\u015feyi payla\u015f\u0131yorlard\u0131. Mart\u0131lar tela\u015fs\u0131z ve aptal u\u00e7u\u015flar\u0131ndayd\u0131lar. Yetmi\u015flik-seksenlik kar\u0131lar kocalar\u0131 \u00f6ld\u00fckten sonra kendilerine kalacak evleri sat\u0131p satmamay\u0131 tart\u0131\u015f\u0131yorlard\u0131. Her \u015feye ra\u011fmen huzur vard\u0131 havada. Denize do\u011fru y\u00fcr\u00fcd\u00fck. \u00c7ok az konu\u015farak. Mutluyduk birlikte. \u0130ki sandvi\u00e7, biraz cips ve i\u00e7ecek bir \u015feyler ald\u0131m. Kuma uzan\u0131p at\u0131\u015ft\u0131rd\u0131k. Birbirimize sar\u0131l\u0131p uyuduk bir s\u00fcre. Sevi\u015fmekten bile g\u00fczeldi sanki. Gerilimsiz bir birlikte ak\u0131\u015f. Uyand\u0131ktan bir s\u00fcre sonra eve d\u00f6nd\u00fck. Yemek pi\u015firdim. Yemekten sonra birlikte oturmay\u0131 teklif ettim. Bir \u015fey s\u00f6ylemeden uzun uzun bakt\u0131 bana. Sonra yumu\u015fak bir sesle, &#8220;Olmaz,&#8221; dedi. Onu bara b\u0131rakt\u0131m, \u00e7\u0131kmadan \u00f6nce eline bir i\u00e7ki tutu\u015fturdum. Bir ambalaj fabrikas\u0131nda i\u015f buldum. Hafta \u00f6yle ge\u00e7ti.\u201d <\/p>\n","protected":false},"excerpt":{"rendered":"<p>Kasaban\u0131n En G\u00fczel K\u0131z\u0131\u2019nda yer alan \u00f6yk\u00fcleri, Charles Bukowski&#8217;nin hakl\u0131 \u015f\u00f6hretini kazanmas\u0131n\u0131n en iyi \u00f6rnekleri say\u0131l\u0131yor. Bukowski bu \u00f6yk\u00fclerde kendi hayat\u0131ndan yola \u00e7\u0131karak, kaybedenlerin d\u00fcnyas\u0131na, ayya\u015flar,<span class=\"excerpt-hellip\"> [\u2026]<\/span><\/p>\n","protected":false},"featured_media":0,"template":"","meta":{"_monsterinsights_skip_tracking":false,"_monsterinsights_sitenote_active":false,"_monsterinsights_sitenote_note":"","_monsterinsights_sitenote_category":0},"product_brand":[],"product_cat":[12291,12711],"product_tag":[],"class_list":{"0":"post-782146","1":"product","2":"type-product","3":"status-publish","5":"product_cat-edebiyat","6":"product_cat-roman-oyku","7":"pa_cilt-ciltsiz","8":"pa_tur-kitap","9":"pa_yayinevi-parantez-yayinlari","10":"pa_yazar-charles-bukowski","12":"first","13":"instock","14":"sale","15":"shipping-taxable","16":"purchasable","17":"product-type-simple"},"_links":{"self":[{"href":"https:\/\/roveyayinevi.com.tr\/index.php\/wp-json\/wp\/v2\/product\/782146","targetHints":{"allow":["GET"]}}],"collection":[{"href":"https:\/\/roveyayinevi.com.tr\/index.php\/wp-json\/wp\/v2\/product"}],"about":[{"href":"https:\/\/roveyayinevi.com.tr\/index.php\/wp-json\/wp\/v2\/types\/product"}],"wp:attachment":[{"href":"https:\/\/roveyayinevi.com.tr\/index.php\/wp-json\/wp\/v2\/media?parent=782146"}],"wp:term":[{"taxonomy":"product_brand","embeddable":true,"href":"https:\/\/roveyayinevi.com.tr\/index.php\/wp-json\/wp\/v2\/product_brand?post=782146"},{"taxonomy":"product_cat","embeddable":true,"href":"https:\/\/roveyayinevi.com.tr\/index.php\/wp-json\/wp\/v2\/product_cat?post=782146"},{"taxonomy":"product_tag","embeddable":true,"href":"https:\/\/roveyayinevi.com.tr\/index.php\/wp-json\/wp\/v2\/product_tag?post=782146"}],"curies":[{"name":"wp","href":"https:\/\/api.w.org\/{rel}","templated":true}]}}