{"id":782133,"date":"2026-02-23T10:24:23","date_gmt":"2026-02-23T07:24:23","guid":{"rendered":"https:\/\/roveyayinevi.com.tr\/index.php\/urun\/sozun-ozu-2\/"},"modified":"2026-04-16T02:00:14","modified_gmt":"2026-04-15T23:00:14","slug":"sozun-ozu-2","status":"publish","type":"product","link":"https:\/\/roveyayinevi.com.tr\/index.php\/urun\/sozun-ozu-2\/","title":{"rendered":"S\u00f6z\u2019\u00fcn \u00d6z\u00fc"},"content":{"rendered":"<p>Anlama-yorumlama faaliyetinin s\u00fcbjektif karakteri g\u00f6z\u00f6n\u00fcne al\u0131nd\u0131\u011f\u0131nda ve Tefsir Tarihi\u2019nin ortaya koydu\u011fu \u00f6rneklerde elimizdeyken, Kur\u2019an\u2019\u0131n herkes\u00e7e kabul g\u00f6recek \u015fekilde tek ve niha\u00ee yorumunun yap\u0131labilme imk\u00e2n\u0131n\u0131n bulunamayaca\u011f\u0131 a\u015fik\u00e2rd\u0131r. \u0130lah\u00ee vahyin bir noktaya kadar farkl\u0131 okumalar\u0131 olacakt\u0131r ve kanaatimizce bu tabii de kar\u015f\u0131lanmal\u0131d\u0131r. Ancak okudu\u011fumuz, anlamaya yorumlamaya \u00e7al\u0131\u015ft\u0131\u011f\u0131m\u0131z metnin, tabiri caizse kar\u015f\u0131m\u0131zda \u00e2deta eli kolu ba\u011fl\u0131 bir vaziyette duran ve ki\u015fisel ilgilerimize, heyecanlar\u0131m\u0131za, ind\u00ee ve spek\u00fclatif yakla\u015f\u0131mlar\u0131m\u0131za ses \u00e7\u0131karmayan\/\u00e7\u0131karamayan bir mahiyet ta\u015f\u0131d\u0131\u011f\u0131 san\u0131l\u0131yor, bu y\u00fczden de her isteyenin istedi\u011fi \u015fekilde m\u00e2n\u00e2lar istinbat edebilece\u011fi san\u0131lan b\u00f6ylesi bir kel\u00e2m\u2019dan \u00e7e\u015fitli ilhamlar al\u0131nabilece\u011fi d\u00fc\u015f\u00fcn\u00fcl\u00fcyorsa, teredd\u00fct etmeden s\u00f6yleyebiliriz ki bu zanlar fevkal\u00e2de yanl\u0131\u015ft\u0131r ve Kur\u2019an-\u0131 Kerim\u2019in rehberlik vasf\u0131na halel getirecek derecede cahilce yak\u0131\u015ft\u0131rmalard\u0131r. <\/p>\n","protected":false},"excerpt":{"rendered":"<p>Anlama-yorumlama faaliyetinin s\u00fcbjektif karakteri g\u00f6z\u00f6n\u00fcne al\u0131nd\u0131\u011f\u0131nda ve Tefsir Tarihi\u2019nin ortaya koydu\u011fu \u00f6rneklerde elimizdeyken, Kur\u2019an\u2019\u0131n herkes\u00e7e kabul g\u00f6recek \u015fekilde tek ve niha\u00ee yorumunun yap\u0131labilme imk\u00e2n\u0131n\u0131n bulunamayaca\u011f\u0131 a\u015fik\u00e2rd\u0131r.<span class=\"excerpt-hellip\"> [\u2026]<\/span><\/p>\n","protected":false},"featured_media":0,"template":"","meta":{"_monsterinsights_skip_tracking":false,"_monsterinsights_sitenote_active":false,"_monsterinsights_sitenote_note":"","_monsterinsights_sitenote_category":0},"product_brand":[],"product_cat":[13036,12718,12719],"product_tag":[],"class_list":{"0":"post-782133","1":"product","2":"type-product","3":"status-publish","5":"product_cat-arastirma-inceleme-islam","6":"product_cat-din","7":"product_cat-islam","8":"pa_cilt-ciltsiz","9":"pa_tur-kitap","10":"pa_yayinevi-kapi-yayinlari","11":"pa_yazar-ducane-cundioglu","13":"first","14":"instock","15":"sale","16":"shipping-taxable","17":"purchasable","18":"product-type-simple"},"_links":{"self":[{"href":"https:\/\/roveyayinevi.com.tr\/index.php\/wp-json\/wp\/v2\/product\/782133","targetHints":{"allow":["GET"]}}],"collection":[{"href":"https:\/\/roveyayinevi.com.tr\/index.php\/wp-json\/wp\/v2\/product"}],"about":[{"href":"https:\/\/roveyayinevi.com.tr\/index.php\/wp-json\/wp\/v2\/types\/product"}],"wp:attachment":[{"href":"https:\/\/roveyayinevi.com.tr\/index.php\/wp-json\/wp\/v2\/media?parent=782133"}],"wp:term":[{"taxonomy":"product_brand","embeddable":true,"href":"https:\/\/roveyayinevi.com.tr\/index.php\/wp-json\/wp\/v2\/product_brand?post=782133"},{"taxonomy":"product_cat","embeddable":true,"href":"https:\/\/roveyayinevi.com.tr\/index.php\/wp-json\/wp\/v2\/product_cat?post=782133"},{"taxonomy":"product_tag","embeddable":true,"href":"https:\/\/roveyayinevi.com.tr\/index.php\/wp-json\/wp\/v2\/product_tag?post=782133"}],"curies":[{"name":"wp","href":"https:\/\/api.w.org\/{rel}","templated":true}]}}