{"id":782129,"date":"2026-02-23T10:23:47","date_gmt":"2026-02-23T07:23:47","guid":{"rendered":"https:\/\/roveyayinevi.com.tr\/index.php\/urun\/yeni-baslayanlar-icin-ingilizce\/"},"modified":"2026-04-16T01:59:53","modified_gmt":"2026-04-15T22:59:53","slug":"yeni-baslayanlar-icin-ingilizce","status":"publish","type":"product","link":"https:\/\/roveyayinevi.com.tr\/index.php\/urun\/yeni-baslayanlar-icin-ingilizce\/","title":{"rendered":"Yeni Ba\u015flayanlar \u0130\u00e7in \u0130ngilizce"},"content":{"rendered":"<p>On ya\u015f \u00fcst\u00fc \u00f6\u011frencilere kolay ve \u00f6\u011fretici bir ba\u015flang\u0131\u00e7 \u2022  Ba\u015flang\u0131\u00e7 d\u00fczeyinde yetersiz ve da\u011f\u0131n\u0131k \u0130ngilizce bilgisi olan okurlar\u0131n bilgilerini d\u00fczenleme \u2022 \u00d6\u011fretmensiz \u00f6\u011frenimi s\u00fcrd\u00fcrebilme \u2022  \u0130lk\u00f6\u011fretim ve orta\u00f6\u011fretimde \u0130ngilizce \u00f6\u011frenimine rehber \u2022  Pratik konu\u015fma ve \u00f6\u011frenim i\u00e7in yepyeni bir metot \u2022 Yeterli derecede T\u00fcrk\u00e7e a\u00e7\u0131klamalar \u2022 Kolay \u00e7eviri \u00f6rnekleri \u2022  \u0130ngilizce s\u00f6zc\u00fck ve deyimlerin T\u00fcrk\u00e7e okunu\u015flar\u0131 \u2022 Yabanc\u0131 \u00f6\u011fretmenlerce yap\u0131lan ses kay\u0131tlar\u0131 \u2022 Uygulamalar\u0131n \u00e7\u00f6z\u00fcm anahtarlar\u0131 \u2022  Her derste tan\u0131\u015ft\u0131r\u0131lan s\u00f6zc\u00fck, kal\u0131p ve deyimlerin bir listesi ve T\u00fcrk\u00e7e okunu\u015flar\u0131 \u2022 Kitapta ge\u00e7en s\u00f6zc\u00fck, s\u00f6zc\u00fck gruplar\u0131 ve deyimlerin T\u00fcrk\u00e7e&#8217;den \u0130ngilizce&#8217;ye haz\u0131rlanm\u0131\u015f s\u00f6zl\u00fc\u011f\u00fc S\u0131k\u00e7a kullan\u0131lan d\u00fczensiz (irregular) fiillerin \u00fc\u00e7 hali ve T\u00fcrk\u00e7eleri \u2022 T\u00fcrk\u00e7e&#8217;den \u0130ngilizce&#8217;ye ve \u0130ngilizce&#8217;den T\u00fcrk\u00e7e&#8217;ye 2850 s\u00f6zc\u00fck, deyim ve kal\u0131p  <\/p>\n","protected":false},"excerpt":{"rendered":"<p>On ya\u015f \u00fcst\u00fc \u00f6\u011frencilere kolay ve \u00f6\u011fretici bir ba\u015flang\u0131\u00e7 \u2022 Ba\u015flang\u0131\u00e7 d\u00fczeyinde yetersiz ve da\u011f\u0131n\u0131k \u0130ngilizce bilgisi olan okurlar\u0131n bilgilerini d\u00fczenleme \u2022 \u00d6\u011fretmensiz \u00f6\u011frenimi s\u00fcrd\u00fcrebilme \u2022<span class=\"excerpt-hellip\"> [\u2026]<\/span><\/p>\n","protected":false},"featured_media":0,"template":"","meta":{"_monsterinsights_skip_tracking":false,"_monsterinsights_sitenote_active":false,"_monsterinsights_sitenote_note":"","_monsterinsights_sitenote_category":0},"product_brand":[],"product_cat":[14597,12566],"product_tag":[],"class_list":{"0":"post-782129","1":"product","2":"type-product","3":"status-publish","5":"product_cat-dil-ogrenimi","6":"product_cat-egitim","7":"pa_cilt-ciltsiz","8":"pa_tur-kitap","9":"pa_yayinevi-alfa-yayinlari","10":"pa_yazar-yilmaz-hasdemir","12":"first","13":"instock","14":"sale","15":"shipping-taxable","16":"purchasable","17":"product-type-simple"},"_links":{"self":[{"href":"https:\/\/roveyayinevi.com.tr\/index.php\/wp-json\/wp\/v2\/product\/782129","targetHints":{"allow":["GET"]}}],"collection":[{"href":"https:\/\/roveyayinevi.com.tr\/index.php\/wp-json\/wp\/v2\/product"}],"about":[{"href":"https:\/\/roveyayinevi.com.tr\/index.php\/wp-json\/wp\/v2\/types\/product"}],"wp:attachment":[{"href":"https:\/\/roveyayinevi.com.tr\/index.php\/wp-json\/wp\/v2\/media?parent=782129"}],"wp:term":[{"taxonomy":"product_brand","embeddable":true,"href":"https:\/\/roveyayinevi.com.tr\/index.php\/wp-json\/wp\/v2\/product_brand?post=782129"},{"taxonomy":"product_cat","embeddable":true,"href":"https:\/\/roveyayinevi.com.tr\/index.php\/wp-json\/wp\/v2\/product_cat?post=782129"},{"taxonomy":"product_tag","embeddable":true,"href":"https:\/\/roveyayinevi.com.tr\/index.php\/wp-json\/wp\/v2\/product_tag?post=782129"}],"curies":[{"name":"wp","href":"https:\/\/api.w.org\/{rel}","templated":true}]}}