{"id":782125,"date":"2026-02-23T10:23:22","date_gmt":"2026-02-23T07:23:22","guid":{"rendered":"https:\/\/roveyayinevi.com.tr\/index.php\/urun\/neset-ertas-kitabi\/"},"modified":"2026-02-25T12:45:10","modified_gmt":"2026-02-25T09:45:10","slug":"neset-ertas-kitabi","status":"publish","type":"product","link":"https:\/\/roveyayinevi.com.tr\/index.php\/urun\/neset-ertas-kitabi\/","title":{"rendered":"Ne\u015fet Erta\u015f Kitab\u0131"},"content":{"rendered":"<p>Bu t\u00fcrk\u00fc de mi onunmu\u015f?  T\u00fcrk\u00fc seven, t\u00fcrk\u00fclerle ilgilenen, t\u00fcrk\u00fc dinleyenler aras\u0131nda bu \u015fa\u015fk\u0131nl\u0131\u011f\u0131 ya\u015famayan yoktur. Akl\u0131m\u0131za, dilimize ve g\u00f6nl\u00fcm\u00fcze tak\u0131lan; kimindir, ne zaman yak\u0131lm\u0131\u015ft\u0131r diye d\u00fc\u015f\u00fcnmeden \u00e7ald\u0131\u011f\u0131m\u0131z, s\u00f6yledi\u011fimiz, m\u0131r\u0131ldand\u0131\u011f\u0131m\u0131z t\u00fcrk\u00fcler, bir de bakar\u0131z, Ne\u015fet Erta\u015f\u2019\u0131nd\u0131r. \u015eimdiyi, tam \u015fu anda i\u00e7inde bulundu\u011fumuz ruh halini anlatan t\u00fcrk\u00fcler de onundur; \u00e7ok uzak ge\u00e7mi\u015flerin, art\u0131k \u00e7oktan gerilerde b\u0131rakt\u0131\u011f\u0131m\u0131z\u0131 zannetti\u011fimiz ba\u015fka hayatlar\u0131n, ba\u015fka topraklar\u0131n sesini havaland\u0131rarak bize getiren t\u00fcrk\u00fcler de&#8230; Bir bakars\u0131n\u0131z g\u00f6nl\u00fcn\u00fcz\u00fcn bam telinden yakalanm\u0131\u015f, tak\u0131l\u0131p kalm\u0131\u015fs\u0131n\u0131zd\u0131r Ne\u015fet Ustan\u0131n binlerce y\u0131ll\u0131k Abdal birikiminin \u00fcr\u00fcn\u00fc g\u0131rtlak na\u011fmelerine. Ne\u015fet Erta\u015f, sadece t\u00fcrk\u00fclerinin havalar\u0131yla, bug\u00fcne kadar a\u015f\u0131lamayan ses ve saz ustal\u0131\u011f\u0131yla havaland\u0131rmaz insan\u0131. T\u00fcrk\u00fc s\u00f6zleriyle, pek a\u00e7\u0131\u011fa vurmad\u0131\u011f\u0131 d\u00fc\u015f\u00fcnce d\u00fcnyas\u0131n\u0131n kap\u0131s\u0131n\u0131 aralar:  Evvelim sen oldun, ahirim sensin\/ Bat\u0131n\u0131m sen oldun, zahirim sensin  diyerek \u00e7arpar insan\u0131.  Biz erkekler olarak insano\u011fluyuz. \u0130nsan, bizim analar\u0131m\u0131zd\u0131r. Biz erkekler olarak insano\u011fluyuz ve insana benzeriz. Onlar\u0131n y\u00fcz\u00fc suyu h\u00fcrmetine biz de insan\u0131z  diyen engin g\u00f6nl\u00fcn kayna\u011f\u0131na, t\u00fcrk\u00fc s\u00f6zlerinde kap\u0131s\u0131 aralanan Ne\u015fet Erta\u015f\u2019\u0131n o sakl\u0131 i\u00e7 d\u00fcnyas\u0131na, bu kitapla gireceksiniz. &#8211; Ne\u015fet Erta\u015f notalar\u0131 Ne\u015fet Ustan\u0131n ifadesiyle, kendisinin okudu\u011fu \u015fekle ilk kez bu kadar yak\u0131n notaya &#8211; ge\u00e7irilen d\u00f6rt t\u00fcrk\u00fc: Evvelim Sen Oldun, Acem K\u0131z\u0131, Yaz\u0131m\u0131 K\u0131\u015fa \u00c7evirdin, &#8211; Ey Erenler Hak A\u015fk\u0131na. <\/p>\n","protected":false},"excerpt":{"rendered":"<p>Bu t\u00fcrk\u00fc de mi onunmu\u015f? T\u00fcrk\u00fc seven, t\u00fcrk\u00fclerle ilgilenen, t\u00fcrk\u00fc dinleyenler aras\u0131nda bu \u015fa\u015fk\u0131nl\u0131\u011f\u0131 ya\u015famayan yoktur. Akl\u0131m\u0131za, dilimize ve g\u00f6nl\u00fcm\u00fcze tak\u0131lan; kimindir, ne zaman yak\u0131lm\u0131\u015ft\u0131r diye<span class=\"excerpt-hellip\"> [\u2026]<\/span><\/p>\n","protected":false},"featured_media":0,"template":"","meta":{"_monsterinsights_skip_tracking":false,"_monsterinsights_sitenote_active":false,"_monsterinsights_sitenote_note":"","_monsterinsights_sitenote_category":0},"product_brand":[],"product_cat":[12304,13493],"product_tag":[],"class_list":{"0":"post-782125","1":"product","2":"type-product","3":"status-publish","5":"product_cat-tarih","6":"product_cat-turkiye-ve-cumhuriyet-tarihi","7":"pa_tur-kitap","8":"pa_yayinevi-is-bankasi-kultur-yayinlari","9":"pa_yazar-neset-ertas","11":"first","12":"instock","13":"sale","14":"shipping-taxable","15":"purchasable","16":"product-type-simple"},"_links":{"self":[{"href":"https:\/\/roveyayinevi.com.tr\/index.php\/wp-json\/wp\/v2\/product\/782125","targetHints":{"allow":["GET"]}}],"collection":[{"href":"https:\/\/roveyayinevi.com.tr\/index.php\/wp-json\/wp\/v2\/product"}],"about":[{"href":"https:\/\/roveyayinevi.com.tr\/index.php\/wp-json\/wp\/v2\/types\/product"}],"wp:attachment":[{"href":"https:\/\/roveyayinevi.com.tr\/index.php\/wp-json\/wp\/v2\/media?parent=782125"}],"wp:term":[{"taxonomy":"product_brand","embeddable":true,"href":"https:\/\/roveyayinevi.com.tr\/index.php\/wp-json\/wp\/v2\/product_brand?post=782125"},{"taxonomy":"product_cat","embeddable":true,"href":"https:\/\/roveyayinevi.com.tr\/index.php\/wp-json\/wp\/v2\/product_cat?post=782125"},{"taxonomy":"product_tag","embeddable":true,"href":"https:\/\/roveyayinevi.com.tr\/index.php\/wp-json\/wp\/v2\/product_tag?post=782125"}],"curies":[{"name":"wp","href":"https:\/\/api.w.org\/{rel}","templated":true}]}}