{"id":782120,"date":"2026-02-23T10:21:44","date_gmt":"2026-02-23T07:21:44","guid":{"rendered":"https:\/\/roveyayinevi.com.tr\/index.php\/urun\/ankanin-yukselisi-ve-dususu\/"},"modified":"2026-03-06T02:00:24","modified_gmt":"2026-03-05T23:00:24","slug":"ankanin-yukselisi-ve-dususu","status":"publish","type":"product","link":"https:\/\/roveyayinevi.com.tr\/index.php\/urun\/ankanin-yukselisi-ve-dususu\/","title":{"rendered":"Anka\u2019n\u0131n Y\u00fckseli\u015fi ve D\u00fc\u015f\u00fc\u015f\u00fc"},"content":{"rendered":"<p>Phoenix, Grek ve M\u0131s\u0131r mitolojisinde be\u015f y\u00fcz y\u0131l ya\u015fad\u0131ktan sonra kendini ate\u015fe atan ve k\u00fclleri aras\u0131ndan yeniden do\u011fup sonsuza dek var olan bir ku\u015ftur. O kadar ya\u015fad\u0131ktan sonra bu intihar\u0131 neden kendisine reva g\u00f6rd\u00fc\u011f\u00fc pek belirli de\u011filse de, ayn\u0131 kal\u0131p i\u00e7inde uzun s\u00fcre ya\u015faman\u0131n yaratabilece\u011fi s\u0131k\u0131nt\u0131 bir neden olarak d\u00fc\u015f\u00fcn\u00fclebilir. Hele k\u00fclleri aras\u0131ndan ba\u015fka bir ku\u015f olarak yeniden yery\u00fcz\u00fcne d\u00f6nmesi ve sonsuza dek ya\u015fama iste\u011fi dikkate al\u0131n\u0131rsa, bu a\u00e7\u0131klama akla yak\u0131n g\u00f6r\u00fcnmektedir. \ufffcTan\u0131t\u0131m Metni<\/p>\n","protected":false},"excerpt":{"rendered":"<p>Phoenix, Grek ve M\u0131s\u0131r mitolojisinde be\u015f y\u00fcz y\u0131l ya\u015fad\u0131ktan sonra kendini ate\u015fe atan ve k\u00fclleri aras\u0131ndan yeniden do\u011fup sonsuza dek var olan bir ku\u015ftur. O kadar<span class=\"excerpt-hellip\"> [\u2026]<\/span><\/p>\n","protected":false},"featured_media":0,"template":"","meta":{"_monsterinsights_skip_tracking":false,"_monsterinsights_sitenote_active":false,"_monsterinsights_sitenote_note":"","_monsterinsights_sitenote_category":0},"product_brand":[],"product_cat":[13517,12304],"product_tag":[],"class_list":{"0":"post-782120","1":"product","2":"type-product","3":"status-publish","5":"product_cat-osmanli-tarihi","6":"product_cat-tarih","7":"pa_cilt-ciltsiz","8":"pa_tur-kitap","9":"pa_yayinevi-imge-kitabevi-yayinlari","10":"pa_yazar-oral-sander","12":"first","13":"instock","14":"sale","15":"shipping-taxable","16":"purchasable","17":"product-type-simple"},"_links":{"self":[{"href":"https:\/\/roveyayinevi.com.tr\/index.php\/wp-json\/wp\/v2\/product\/782120","targetHints":{"allow":["GET"]}}],"collection":[{"href":"https:\/\/roveyayinevi.com.tr\/index.php\/wp-json\/wp\/v2\/product"}],"about":[{"href":"https:\/\/roveyayinevi.com.tr\/index.php\/wp-json\/wp\/v2\/types\/product"}],"wp:attachment":[{"href":"https:\/\/roveyayinevi.com.tr\/index.php\/wp-json\/wp\/v2\/media?parent=782120"}],"wp:term":[{"taxonomy":"product_brand","embeddable":true,"href":"https:\/\/roveyayinevi.com.tr\/index.php\/wp-json\/wp\/v2\/product_brand?post=782120"},{"taxonomy":"product_cat","embeddable":true,"href":"https:\/\/roveyayinevi.com.tr\/index.php\/wp-json\/wp\/v2\/product_cat?post=782120"},{"taxonomy":"product_tag","embeddable":true,"href":"https:\/\/roveyayinevi.com.tr\/index.php\/wp-json\/wp\/v2\/product_tag?post=782120"}],"curies":[{"name":"wp","href":"https:\/\/api.w.org\/{rel}","templated":true}]}}