{"id":782009,"date":"2026-02-01T15:39:08","date_gmt":"2026-02-01T12:39:08","guid":{"rendered":"https:\/\/roveyayinevi.com.tr\/index.php\/urun\/yuzlesmeler-2\/"},"modified":"2026-04-15T03:45:33","modified_gmt":"2026-04-15T00:45:33","slug":"yuzlesmeler-2","status":"publish","type":"product","link":"https:\/\/roveyayinevi.com.tr\/index.php\/urun\/yuzlesmeler-2\/","title":{"rendered":"Y\u00fczle\u015fmeler"},"content":{"rendered":"<p>\u201cY\u00fczle\u015fmeler\u201d  isimli \u015fiir kitab\u0131m\u0131 i\u00e7inde bir\u00e7ok y\u00fczle\u015fmeyi bar\u0131nd\u0131 ran \u015fiirler ile doldurdum. Teatral-diyalektik anlat\u0131m dili i\u00e7eren \u015fiirlerim ile sizi tan\u0131\u015ft\u0131rmak  istedim. Bazen serbest bazen vezinli diyalog i\u00e7eren \u015fiirlerimin her birini sonunu merak ederek yazd\u0131m. Sizin de merak i\u00e7inde okuyaca\u011f\u0131n\u0131z\u0131 umuyorum.  \u00d6\u011frenmek ve \u00f6\u011fretmek hayat\u0131m\u0131n hep bir par\u00e7as\u0131 oldu. T\u00fcm par\u00e7a lar\u0131 harfler ve kelimeler ile oynayarak, t\u00fcm zaman dilimlerinden (ge\u00e7mi\u015f-gelecek-\u015fimdi) ge\u00e7erken fikir \u00e7at\u0131\u015fmalar\u0131n\u0131 serpi\u015ftirerek \u015fiirlerime  yans\u0131tt\u0131m.  \u00d6z\u00fcnde, \u00f6zg\u00fcn e\u015fitlik ilkesi ile kavramla\u015ft\u0131r\u0131lm\u0131\u015f \u015fiirlerimi, her bir  okuyucu kendi i\u00e7inde  \u00f6zg\u00fcnce ve \u00f6zg\u00fcrce, kendi kavramla\u015ft\u0131rs\u0131n diye  sunuyorum\u2026  Ruhumuzun derinliklerinden i\u00e7 d\u00fcnyam\u0131z\u0131 ke\u015ffeder gibi\u2026  Zaman zaman kendi yolculu\u011fumuza ta\u015f\u0131y\u0131p kendi y\u00fcz\u00fcm\u00fcz ile tan\u0131\u015fmak gibi&#8230;<\/p>\n","protected":false},"excerpt":{"rendered":"<p>\u201cY\u00fczle\u015fmeler\u201d isimli \u015fiir kitab\u0131m\u0131 i\u00e7inde bir\u00e7ok y\u00fczle\u015fmeyi bar\u0131nd\u0131 ran \u015fiirler ile doldurdum. Teatral-diyalektik anlat\u0131m dili i\u00e7eren \u015fiirlerim ile sizi tan\u0131\u015ft\u0131rmak istedim. Bazen serbest bazen vezinli diyalog<span class=\"excerpt-hellip\"> [\u2026]<\/span><\/p>\n","protected":false},"featured_media":0,"template":"","meta":{"_monsterinsights_skip_tracking":false,"_monsterinsights_sitenote_active":false,"_monsterinsights_sitenote_note":"","_monsterinsights_sitenote_category":0},"product_brand":[],"product_cat":[35958],"product_tag":[],"class_list":{"0":"post-782009","1":"product","2":"type-product","3":"status-publish","5":"product_cat-siir-2","6":"pa_cilt-ciltsiz","7":"pa_tur-kitap","8":"pa_yayinevi-gimsetap-yayinlari","9":"pa_yazar-nevin-aksu","11":"first","12":"instock","13":"sale","14":"shipping-taxable","15":"purchasable","16":"product-type-simple"},"_links":{"self":[{"href":"https:\/\/roveyayinevi.com.tr\/index.php\/wp-json\/wp\/v2\/product\/782009","targetHints":{"allow":["GET"]}}],"collection":[{"href":"https:\/\/roveyayinevi.com.tr\/index.php\/wp-json\/wp\/v2\/product"}],"about":[{"href":"https:\/\/roveyayinevi.com.tr\/index.php\/wp-json\/wp\/v2\/types\/product"}],"wp:attachment":[{"href":"https:\/\/roveyayinevi.com.tr\/index.php\/wp-json\/wp\/v2\/media?parent=782009"}],"wp:term":[{"taxonomy":"product_brand","embeddable":true,"href":"https:\/\/roveyayinevi.com.tr\/index.php\/wp-json\/wp\/v2\/product_brand?post=782009"},{"taxonomy":"product_cat","embeddable":true,"href":"https:\/\/roveyayinevi.com.tr\/index.php\/wp-json\/wp\/v2\/product_cat?post=782009"},{"taxonomy":"product_tag","embeddable":true,"href":"https:\/\/roveyayinevi.com.tr\/index.php\/wp-json\/wp\/v2\/product_tag?post=782009"}],"curies":[{"name":"wp","href":"https:\/\/api.w.org\/{rel}","templated":true}]}}