{"id":782004,"date":"2026-02-01T15:38:56","date_gmt":"2026-02-01T12:38:56","guid":{"rendered":"https:\/\/roveyayinevi.com.tr\/index.php\/urun\/ins-us-her-di-nvlde-insanin-ustasi\/"},"modified":"2026-04-15T03:45:33","modified_gmt":"2026-04-15T00:45:33","slug":"ins-us-her-di-nvlde-insanin-ustasi","status":"publish","type":"product","link":"https:\/\/roveyayinevi.com.tr\/index.php\/urun\/ins-us-her-di-nvlde-insanin-ustasi\/","title":{"rendered":"\u0130ns-Us Her Di (NvL)&#8217;de \u0130nsan\u0131n Ustas\u0131"},"content":{"rendered":"<p>As\u0131rlard\u0131r anlat\u0131lan insan\u0131n tekam\u00fcl\u00fc ve basamaklar\u0131 hi\u00e7 bu kadar anla\u015f\u0131l\u0131r olmam\u0131\u015ft\u0131. \u015eimdi kalemi istedi\u011fimiz yeteneklerle kullanma zaman\u0131. \u0130ns-us olma yolculu\u011funda b\u00fct\u00fcn insanlar. Biraz h\u0131z katmak amac\u0131yla bu e\u011fitimi sistem ve d\u00fczenini seri halinde anlatmay\u0131 ama\u00e7lad\u0131k. Herkes kendi yolunun yolcusu, herkes yolunun yazar\u0131 ve oyuncusu. Hepsi bir tek amaca hizmet etmek i\u00e7in. Siz bu mevcut ki\u015fi ki\u015filik DE\u011e\u0130LS\u0130N\u0130Z!. DE\u011e\u0130L\u0130N\u0130Z\u0130N kahraman\u0131 siz DE\u011e\u0130LS\u0130N\u0130Z. Hayat\u0131 hep bir tiyatro sahnesi olarak g\u00f6r\u00fcyorum&#8230; Ve bizlerde bu sahnede kendi \u00fczerimize d\u00fc\u015fen rolleri oynuyoruz&#8230; Her role b\u00fcr\u00fcn\u00fcyor insan.. &#8220;\u0130ns-us&#8221; olma yolunda keyifli roller gelsin hepimize.<\/p>\n","protected":false},"excerpt":{"rendered":"<p>As\u0131rlard\u0131r anlat\u0131lan insan\u0131n tekam\u00fcl\u00fc ve basamaklar\u0131 hi\u00e7 bu kadar anla\u015f\u0131l\u0131r olmam\u0131\u015ft\u0131. \u015eimdi kalemi istedi\u011fimiz yeteneklerle kullanma zaman\u0131. \u0130ns-us olma yolculu\u011funda b\u00fct\u00fcn insanlar. Biraz h\u0131z katmak amac\u0131yla<span class=\"excerpt-hellip\"> [\u2026]<\/span><\/p>\n","protected":false},"featured_media":0,"template":"","meta":{"_monsterinsights_skip_tracking":false,"_monsterinsights_sitenote_active":false,"_monsterinsights_sitenote_note":"","_monsterinsights_sitenote_category":0},"product_brand":[],"product_cat":[12388],"product_tag":[],"class_list":{"0":"post-782004","1":"product","2":"type-product","3":"status-publish","5":"product_cat-felsefe","6":"pa_cilt-ciltsiz","7":"pa_tur-kitap","8":"pa_yayinevi-gimsetap-yayinlari","9":"pa_yazar-kemal-erturk","11":"first","12":"instock","13":"sale","14":"shipping-taxable","15":"purchasable","16":"product-type-simple"},"_links":{"self":[{"href":"https:\/\/roveyayinevi.com.tr\/index.php\/wp-json\/wp\/v2\/product\/782004","targetHints":{"allow":["GET"]}}],"collection":[{"href":"https:\/\/roveyayinevi.com.tr\/index.php\/wp-json\/wp\/v2\/product"}],"about":[{"href":"https:\/\/roveyayinevi.com.tr\/index.php\/wp-json\/wp\/v2\/types\/product"}],"wp:attachment":[{"href":"https:\/\/roveyayinevi.com.tr\/index.php\/wp-json\/wp\/v2\/media?parent=782004"}],"wp:term":[{"taxonomy":"product_brand","embeddable":true,"href":"https:\/\/roveyayinevi.com.tr\/index.php\/wp-json\/wp\/v2\/product_brand?post=782004"},{"taxonomy":"product_cat","embeddable":true,"href":"https:\/\/roveyayinevi.com.tr\/index.php\/wp-json\/wp\/v2\/product_cat?post=782004"},{"taxonomy":"product_tag","embeddable":true,"href":"https:\/\/roveyayinevi.com.tr\/index.php\/wp-json\/wp\/v2\/product_tag?post=782004"}],"curies":[{"name":"wp","href":"https:\/\/api.w.org\/{rel}","templated":true}]}}