{"id":781987,"date":"2026-02-01T15:38:19","date_gmt":"2026-02-01T12:38:19","guid":{"rendered":"https:\/\/roveyayinevi.com.tr\/index.php\/urun\/cen\/"},"modified":"2026-04-15T03:45:31","modified_gmt":"2026-04-15T00:45:31","slug":"cen","status":"publish","type":"product","link":"https:\/\/roveyayinevi.com.tr\/index.php\/urun\/cen\/","title":{"rendered":"Cen"},"content":{"rendered":"<p>Ge\u00e7mi\u015fimizden gelen\u2026 Destans\u0131 bir bi\u00e7imde anlat\u0131lan i\u00e7 i\u00e7ege\u00e7mi\u015f farkl\u0131 \u00f6yk\u00fcler fakat tamamen bir hayal \u00fcr\u00fcn\u00fc olan biredebiyat eserdir.Ortak T\u00fcrk boylar\u0131 tarihinden esinlenen bir hayali destan\u0131d\u0131r.\u0130\u00e7 i\u00e7e ge\u00e7en bu \u00f6yk\u00fclerde T\u00fcrk boylar\u0131n\u0131n k\u00fclt\u00fcr\u00fc ve ya\u015fant\u0131s\u0131baz al\u0131nm\u0131\u015ft\u0131r.Bir o kadar da ba\u015f kahraman\u0131n yi\u011fit Mambet\u2019in mistik olaylar\u0131naras\u0131nda kendini bulmas\u0131yla ba\u015flar.Ve her edebiyat eserlerinde oldu\u011fu gibi iyilik ve k\u00f6t\u00fcl\u00fck aras\u0131ndase\u00e7imini yapmak zorunda kal\u0131r.\u0130blis ile aras\u0131nda ge\u00e7en diyalo\u011fu ile&#8230; Ba\u015f kahraman\u0131m\u0131z yi\u011fit Mambet adeta \u2018\u2019nefse kar\u015f\u0131 nefs\u2019\u2019 sava\u015f\u0131na ba\u015flar&#8230;<\/p>\n","protected":false},"excerpt":{"rendered":"<p>Ge\u00e7mi\u015fimizden gelen\u2026 Destans\u0131 bir bi\u00e7imde anlat\u0131lan i\u00e7 i\u00e7ege\u00e7mi\u015f farkl\u0131 \u00f6yk\u00fcler fakat tamamen bir hayal \u00fcr\u00fcn\u00fc olan biredebiyat eserdir.Ortak T\u00fcrk boylar\u0131 tarihinden esinlenen bir hayali destan\u0131d\u0131r.\u0130\u00e7 i\u00e7e<span class=\"excerpt-hellip\"> [\u2026]<\/span><\/p>\n","protected":false},"featured_media":0,"template":"","meta":{"_monsterinsights_skip_tracking":false,"_monsterinsights_sitenote_active":false,"_monsterinsights_sitenote_note":"","_monsterinsights_sitenote_category":0},"product_brand":[],"product_cat":[35958],"product_tag":[],"class_list":{"0":"post-781987","1":"product","2":"type-product","3":"status-publish","5":"product_cat-siir-2","6":"pa_cilt-ciltsiz","7":"pa_tur-kitap","8":"pa_yayinevi-gimsetap-yayinlari","9":"pa_yazar-elvira-boya","11":"first","12":"instock","13":"sale","14":"shipping-taxable","15":"purchasable","16":"product-type-simple"},"_links":{"self":[{"href":"https:\/\/roveyayinevi.com.tr\/index.php\/wp-json\/wp\/v2\/product\/781987","targetHints":{"allow":["GET"]}}],"collection":[{"href":"https:\/\/roveyayinevi.com.tr\/index.php\/wp-json\/wp\/v2\/product"}],"about":[{"href":"https:\/\/roveyayinevi.com.tr\/index.php\/wp-json\/wp\/v2\/types\/product"}],"wp:attachment":[{"href":"https:\/\/roveyayinevi.com.tr\/index.php\/wp-json\/wp\/v2\/media?parent=781987"}],"wp:term":[{"taxonomy":"product_brand","embeddable":true,"href":"https:\/\/roveyayinevi.com.tr\/index.php\/wp-json\/wp\/v2\/product_brand?post=781987"},{"taxonomy":"product_cat","embeddable":true,"href":"https:\/\/roveyayinevi.com.tr\/index.php\/wp-json\/wp\/v2\/product_cat?post=781987"},{"taxonomy":"product_tag","embeddable":true,"href":"https:\/\/roveyayinevi.com.tr\/index.php\/wp-json\/wp\/v2\/product_tag?post=781987"}],"curies":[{"name":"wp","href":"https:\/\/api.w.org\/{rel}","templated":true}]}}