{"id":781970,"date":"2026-02-01T15:06:02","date_gmt":"2026-02-01T12:06:02","guid":{"rendered":"https:\/\/roveyayinevi.com.tr\/index.php\/urun\/farfara\/"},"modified":"2026-04-16T03:04:05","modified_gmt":"2026-04-16T00:04:05","slug":"farfara","status":"publish","type":"product","link":"https:\/\/roveyayinevi.com.tr\/index.php\/urun\/farfara\/","title":{"rendered":"Farfara"},"content":{"rendered":"<p>Sezgin Kaymaz\u2019\u0131n en sevilen eserlerinden Lucky, yavruluyor bu romanda. Farfara,o ak\u0131ll\u0131 ve karizmatik Lucky\u2019nin yavrular\u0131n\u0131n roman\u0131&#8230; Alt\u0131na sevinc\u0327 c\u0327is\u0327leri kac\u0327\u0131rarak oynas\u0327an alt\u0131 yavrunun oldug\u0306u kadar, onlar\u0131 yas\u0327atmak, bu\u0308yu\u0308tmek, memnun etmek u\u0308zere seferber olmus\u0327 birileri&#8230; Taksiciler, bir eski keraneci, yas tutan bir haza han\u0131mefendi, bir kasap, evde bos\u0327 bos\u0327 dolanan bir herifle \u201csog\u0306uk makarnadan bas\u0327ka yemek yapmas\u0131n\u0131 bilmeyen\u201d bir kad\u0131ndan olus\u0327an saf bir c\u0327ift&#8230; Bu acayip cemaat, \u201cOy Farfara\u201d gibi her kafadan bir ses c\u0327\u0131kartarak, \u201cOy Farfara\u201d gibi nes\u0327eli, k\u0131vrak, Ankara\u2019da fink at\u0131yor. Farfara, arkadas\u0327l\u0131g\u0306\u0131n, dayan\u0131s\u0327man\u0131n ve hayvanlarla o\u0308g\u0306renilen insaniyetin hika\u0302yesi. Masumiyetin kazan\u0131labilir, veya geri kazan\u0131labilir oldug\u0306unu hissettiren bir hika\u0302ye.\u201cUnutulan ac\u0131lar hayat\u0131 yas\u0327anabilir k\u0131lm\u0131yor, bilakis onu yas\u0327anan bir hayat olmaktan c\u0327\u0131kar\u0131yor. U\u0308zu\u0308l gitsin\u201d o\u0308g\u0306u\u0308du\u0308ne uyarak, hu\u0308zu\u0308nden de nes\u0327e c\u0327\u0131kar\u0131labileceg\u0306ini go\u0308steren bir hika\u0302ye.\u201cMutluluk, s\u0131cac\u0131k bir ko\u0308pek yavrusudur.\u201dCharles M. Schulz<\/p>\n","protected":false},"excerpt":{"rendered":"<p>Sezgin Kaymaz\u2019\u0131n en sevilen eserlerinden Lucky, yavruluyor bu romanda. Farfara,o ak\u0131ll\u0131 ve karizmatik Lucky\u2019nin yavrular\u0131n\u0131n roman\u0131&#8230; Alt\u0131na sevinc\u0327 c\u0327is\u0327leri kac\u0327\u0131rarak oynas\u0327an alt\u0131 yavrunun oldug\u0306u kadar, onlar\u0131<span class=\"excerpt-hellip\"> [\u2026]<\/span><\/p>\n","protected":false},"featured_media":0,"template":"","meta":{"_monsterinsights_skip_tracking":false,"_monsterinsights_sitenote_active":false,"_monsterinsights_sitenote_note":"","_monsterinsights_sitenote_category":0},"product_brand":[],"product_cat":[12291,12711],"product_tag":[],"class_list":{"0":"post-781970","1":"product","2":"type-product","3":"status-publish","5":"product_cat-edebiyat","6":"product_cat-roman-oyku","7":"pa_cilt-ciltsiz","8":"pa_tur-kitap","9":"pa_yayinevi-iletisim-yayinlari","10":"pa_yazar-sezgin-kaymaz","12":"first","13":"instock","14":"sale","15":"shipping-taxable","16":"purchasable","17":"product-type-simple"},"_links":{"self":[{"href":"https:\/\/roveyayinevi.com.tr\/index.php\/wp-json\/wp\/v2\/product\/781970","targetHints":{"allow":["GET"]}}],"collection":[{"href":"https:\/\/roveyayinevi.com.tr\/index.php\/wp-json\/wp\/v2\/product"}],"about":[{"href":"https:\/\/roveyayinevi.com.tr\/index.php\/wp-json\/wp\/v2\/types\/product"}],"wp:attachment":[{"href":"https:\/\/roveyayinevi.com.tr\/index.php\/wp-json\/wp\/v2\/media?parent=781970"}],"wp:term":[{"taxonomy":"product_brand","embeddable":true,"href":"https:\/\/roveyayinevi.com.tr\/index.php\/wp-json\/wp\/v2\/product_brand?post=781970"},{"taxonomy":"product_cat","embeddable":true,"href":"https:\/\/roveyayinevi.com.tr\/index.php\/wp-json\/wp\/v2\/product_cat?post=781970"},{"taxonomy":"product_tag","embeddable":true,"href":"https:\/\/roveyayinevi.com.tr\/index.php\/wp-json\/wp\/v2\/product_tag?post=781970"}],"curies":[{"name":"wp","href":"https:\/\/api.w.org\/{rel}","templated":true}]}}