{"id":781965,"date":"2026-02-01T14:48:19","date_gmt":"2026-02-01T11:48:19","guid":{"rendered":"https:\/\/roveyayinevi.com.tr\/index.php\/urun\/dalga-2\/"},"modified":"2026-04-07T02:52:43","modified_gmt":"2026-04-06T23:52:43","slug":"dalga-2","status":"publish","type":"product","link":"https:\/\/roveyayinevi.com.tr\/index.php\/urun\/dalga-2\/","title":{"rendered":"Dalga"},"content":{"rendered":"<p>Cesetler mi? O \u015feyler hakk\u0131nda cevap verme yetkim yok. Benim i\u00e7in onlar art\u0131k ceset falan de\u011filler: ho\u015f kokulu u\u00e7ucular\u0131 buharla\u015ft\u0131ran mumlar, porselen buhurdanl\u0131klarda kullan\u0131lan al\u00fcminyum kenarl\u0131 yuvarlak mumlar. Onlar art\u0131k bundan ibaret. Sakin bir bal\u0131k\u00e7\u0131 kasabas\u0131 olan DF\u2019nin yazg\u0131s\u0131, ya\u015fl\u0131 bal\u0131k\u00e7\u0131 Ventimiglia\u2019n\u0131n denizde bir ceset bulmas\u0131yla k\u00e2busa evrilir. Daha ilk cesedin kimli\u011fi te\u015fhis edilemeden kasaban\u0131n k\u0131y\u0131lar\u0131na ba\u015fka cesetler s\u00fcr\u00fcklenir. Her a\u00e7\u0131dan birbirinin t\u0131pat\u0131p benzeri cesetlerin say\u0131s\u0131 k\u0131sa s\u00fcrede on binleri ge\u00e7ti\u011finde h\u00fck\u00fcmetten destek g\u00f6remeyen DF, sorunu kendi y\u00f6ntemleriyle \u00e7\u00f6zmeye karar verir. Ve ba\u015flang\u0131\u00e7ta toplum sa\u011fl\u0131\u011f\u0131n\u0131n korunmas\u0131 amac\u0131yla y\u00fcr\u00fct\u00fclen eylem plan\u0131 zamanla \u00e7\u0131\u011f\u0131r\u0131ndan \u00e7\u0131kar&#8230; Giulio Cavalli\u2019nin kurdu\u011fu bu distopya, kriz anlar\u0131nda tan\u0131k olunan insanl\u0131k durumlar\u0131na tedirgin edici benzerlikleriyle dikkat \u00e7ekerken k\u0131\u015fk\u0131rt\u0131c\u0131 anlat\u0131m\u0131yla insan\u0131 ve de\u011ferlerini sorgulat\u0131yor. <\/p>\n","protected":false},"excerpt":{"rendered":"<p>Cesetler mi? O \u015feyler hakk\u0131nda cevap verme yetkim yok. Benim i\u00e7in onlar art\u0131k ceset falan de\u011filler: ho\u015f kokulu u\u00e7ucular\u0131 buharla\u015ft\u0131ran mumlar, porselen buhurdanl\u0131klarda kullan\u0131lan al\u00fcminyum kenarl\u0131<span class=\"excerpt-hellip\"> [\u2026]<\/span><\/p>\n","protected":false},"featured_media":0,"template":"","meta":{"_monsterinsights_skip_tracking":false,"_monsterinsights_sitenote_active":false,"_monsterinsights_sitenote_note":"","_monsterinsights_sitenote_category":0},"product_brand":[],"product_cat":[12291,12711],"product_tag":[],"class_list":{"0":"post-781965","1":"product","2":"type-product","3":"status-publish","5":"product_cat-edebiyat","6":"product_cat-roman-oyku","7":"pa_cilt-ciltsiz","8":"pa_tur-kitap","9":"pa_yayinevi-can-yayinlari","10":"pa_yazar-giulio-cavalli","12":"first","13":"instock","14":"sale","15":"shipping-taxable","16":"purchasable","17":"product-type-simple"},"_links":{"self":[{"href":"https:\/\/roveyayinevi.com.tr\/index.php\/wp-json\/wp\/v2\/product\/781965","targetHints":{"allow":["GET"]}}],"collection":[{"href":"https:\/\/roveyayinevi.com.tr\/index.php\/wp-json\/wp\/v2\/product"}],"about":[{"href":"https:\/\/roveyayinevi.com.tr\/index.php\/wp-json\/wp\/v2\/types\/product"}],"wp:attachment":[{"href":"https:\/\/roveyayinevi.com.tr\/index.php\/wp-json\/wp\/v2\/media?parent=781965"}],"wp:term":[{"taxonomy":"product_brand","embeddable":true,"href":"https:\/\/roveyayinevi.com.tr\/index.php\/wp-json\/wp\/v2\/product_brand?post=781965"},{"taxonomy":"product_cat","embeddable":true,"href":"https:\/\/roveyayinevi.com.tr\/index.php\/wp-json\/wp\/v2\/product_cat?post=781965"},{"taxonomy":"product_tag","embeddable":true,"href":"https:\/\/roveyayinevi.com.tr\/index.php\/wp-json\/wp\/v2\/product_tag?post=781965"}],"curies":[{"name":"wp","href":"https:\/\/api.w.org\/{rel}","templated":true}]}}