{"id":781964,"date":"2026-02-01T14:47:15","date_gmt":"2026-02-01T11:47:15","guid":{"rendered":"https:\/\/roveyayinevi.com.tr\/index.php\/urun\/cagdas-sanat\/"},"modified":"2026-02-03T02:58:49","modified_gmt":"2026-02-02T23:58:49","slug":"cagdas-sanat","status":"publish","type":"product","link":"https:\/\/roveyayinevi.com.tr\/index.php\/urun\/cagdas-sanat\/","title":{"rendered":"\u00c7a\u011fda\u015f Sanat"},"content":{"rendered":"<p>So\u011fuk Sava\u015f\u2019\u0131n sona ermesinin ard\u0131ndan devreye giren yeni d\u00fcnya d\u00fczeni, s\u0131n\u0131r tan\u0131mayan bir serbest ticaret rejimini uygulamaya koyarken, \u00e7a\u011fda\u015f sanat\u0131 da derinden etkiler. Sermayeyle birlikte dola\u015f\u0131m\u0131 serbestle\u015fen sanat, giderek dev k\u00fcresel \u015firketlerin, korporasyonlar\u0131n denetimine a\u00e7\u0131l\u0131r. Bu s\u00fcre\u00e7te sanat da, sanat kurumlar\u0131 da temelden d\u00f6n\u00fc\u015f\u00fcr: ba\u015fka ba\u015fka kentlerde \u015fubeler a\u00e7an m\u00fczeler giderek ma\u011faza zincirlerini and\u0131r\u0131r; dev \u015firketlerin logolar\u0131 ile m\u00fczelerin logolar\u0131, sanat\u00e7\u0131 isimleri ile marka isimleri, pazarlama stratejileri \u00e7er\u00e7evesinde birbirine kar\u0131\u015f\u0131r. Dev sergiler, imajlar\u0131n\u0131 tazelemek isteyen devletlere, kentsel d\u00f6n\u00fc\u015f\u00fcm projelerini satmak isteyen yerel y\u00f6netimlere arac\u0131l\u0131k eder. Kimlik, farkl\u0131l\u0131k, melezlik, \u201cs\u0131n\u0131rlar\u0131n a\u015f\u0131lmas\u0131\u201d gibi temalar etraf\u0131nda \u00f6rg\u00fctlenen bienaller de, yeni d\u00fcnya d\u00fczeninin g\u00f6sterilerinden biri olmaktan \u00f6teye gidemez; di\u011fer sanat kurumlar\u0131 gibi, zamanla \u015firketlere \u00f6zg\u00fc bir kurumsal y\u00f6netim disiplininin, \u201csanat y\u00f6netiminin\u201d etkisine girer. \u00c7a\u011fda\u015f Sanat, k\u00fcreselle\u015fmi\u015f d\u00fcnyan\u0131n k\u00fclt\u00fcrel \u00e7o\u011fulluk g\u00f6r\u00fcnt\u00fcs\u00fcn\u00fcn ard\u0131ndaki Bat\u0131 merkezli homojenli\u011fi, \u201cs\u0131n\u0131rs\u0131z serbestlik\u201d \u015fiar\u0131yla maskelenen sans\u00fcr ve d\u0131\u015flama mekanizmalar\u0131n\u0131 a\u00e7\u0131kl\u0131yor. \u00c7a\u011fda\u015f sanat\u0131n, devletlerin ve \u015firketlerin g\u00fcd\u00fcm\u00fcndeki seyrini izliyor.<\/p>\n","protected":false},"excerpt":{"rendered":"<p>So\u011fuk Sava\u015f\u2019\u0131n sona ermesinin ard\u0131ndan devreye giren yeni d\u00fcnya d\u00fczeni, s\u0131n\u0131r tan\u0131mayan bir serbest ticaret rejimini uygulamaya koyarken, \u00e7a\u011fda\u015f sanat\u0131 da derinden etkiler. Sermayeyle birlikte dola\u015f\u0131m\u0131<span class=\"excerpt-hellip\"> [\u2026]<\/span><\/p>\n","protected":false},"featured_media":0,"template":"","meta":{"_monsterinsights_skip_tracking":false,"_monsterinsights_sitenote_active":false,"_monsterinsights_sitenote_note":"","_monsterinsights_sitenote_category":0},"product_brand":[],"product_cat":[12408,14197],"product_tag":[],"class_list":{"0":"post-781964","1":"product","2":"type-product","3":"status-publish","5":"product_cat-sanat","6":"product_cat-sanat-tarihi","7":"pa_cilt-ciltsiz","8":"pa_tur-kitap","9":"pa_yayinevi-iletisim-yayinlari","10":"pa_yazar-julian-stallabrass","12":"first","13":"instock","14":"sale","15":"shipping-taxable","16":"purchasable","17":"product-type-simple"},"_links":{"self":[{"href":"https:\/\/roveyayinevi.com.tr\/index.php\/wp-json\/wp\/v2\/product\/781964","targetHints":{"allow":["GET"]}}],"collection":[{"href":"https:\/\/roveyayinevi.com.tr\/index.php\/wp-json\/wp\/v2\/product"}],"about":[{"href":"https:\/\/roveyayinevi.com.tr\/index.php\/wp-json\/wp\/v2\/types\/product"}],"wp:attachment":[{"href":"https:\/\/roveyayinevi.com.tr\/index.php\/wp-json\/wp\/v2\/media?parent=781964"}],"wp:term":[{"taxonomy":"product_brand","embeddable":true,"href":"https:\/\/roveyayinevi.com.tr\/index.php\/wp-json\/wp\/v2\/product_brand?post=781964"},{"taxonomy":"product_cat","embeddable":true,"href":"https:\/\/roveyayinevi.com.tr\/index.php\/wp-json\/wp\/v2\/product_cat?post=781964"},{"taxonomy":"product_tag","embeddable":true,"href":"https:\/\/roveyayinevi.com.tr\/index.php\/wp-json\/wp\/v2\/product_tag?post=781964"}],"curies":[{"name":"wp","href":"https:\/\/api.w.org\/{rel}","templated":true}]}}