{"id":781961,"date":"2026-02-01T14:45:40","date_gmt":"2026-02-01T11:45:40","guid":{"rendered":"https:\/\/roveyayinevi.com.tr\/index.php\/urun\/galaksiler-kisa-bir-giris\/"},"modified":"2026-04-16T02:41:38","modified_gmt":"2026-04-15T23:41:38","slug":"galaksiler-kisa-bir-giris","status":"publish","type":"product","link":"https:\/\/roveyayinevi.com.tr\/index.php\/urun\/galaksiler-kisa-bir-giris\/","title":{"rendered":"Galaksiler &#8211; K\u0131sa Bir Giri\u015f"},"content":{"rendered":"<p>\u201cGalaksilerin bilimsel olarak incelenmesine ancak 1920\u2019lerde ba\u015fland\u0131. Teleskopla bak\u0131nca g\u00f6r\u00fclen da\u011f\u0131lm\u0131\u015f \u0131\u015f\u0131k lekelerinin bir\u00e7o\u011funun, bizim g\u00f6kadam\u0131z (galaksimiz) Samanyolu\u2019ndan \u00e7ok uzaklarda, \u00e7ok \u00e7ok \u00e7ok say\u0131da y\u0131ld\u0131z\u0131n bir araya geldi\u011fi adalar oldu\u011fu ilk o zaman anla\u015f\u0131ld\u0131.\u201d Bug\u00fcn evrenle ilgili giderek artan bilgilerimizin b\u00fcy\u00fck bir k\u0131sm\u0131n\u0131 galaksiler \u00fczerine yap\u0131lan ara\u015ft\u0131rmalara bor\u00e7luyuz. 20. y\u00fczy\u0131l\u0131n ba\u015f\u0131ndan itibaren ya\u015fanan kuramsal ve teknolojik geli\u015fmeler sayesinde galaksilere, dolay\u0131s\u0131yla evrene bak\u0131\u015f a\u00e7\u0131m\u0131zda k\u00f6kl\u00fc de\u011fi\u015fiklikler ya\u015famaya devam ediyoruz. Uzay\u0131n derinliklerine bakmay\u0131 s\u00fcrd\u00fcrd\u00fck\u00e7e bu maceram\u0131z da devam edecek. Yaz\u0131lar\u0131 New Scientist ve Nature gibi dergilerde yay\u0131mlanm\u0131\u015f, Bilim Tarihi ve Schr\u00f6dinger\u2019in Kedisinin Pe\u015finde kitaplar\u0131n\u0131n yazar\u0131 John Gribbin bizleri evrende bir seyahate \u00e7\u0131kararak bu maceraya davet ediyor. Samanyolu gibi sarmal galaksilerden galaksiler aras\u0131 devasa \u00e7arp\u0131\u015fmalar\u0131n kal\u0131nt\u0131lar\u0131na, aktif galaksilerden uzay-zaman\u0131n u\u00e7 noktalar\u0131nda g\u00fc\u00e7l\u00fckle saptayabildiklerimize kadar uzanan bu yolculukta galaksileri daha yak\u0131ndan tan\u0131yacak, B\u00fcy\u00fck Patlama\u2019yla ba\u015flayan hik\u00e2yemiz nas\u0131l ilerledi ve uzak bir gelecekte bizi nas\u0131l bir son bekliyor gibi sorular\u0131n cevaplar\u0131n\u0131 bulacaks\u0131n\u0131z. <\/p>\n","protected":false},"excerpt":{"rendered":"<p>\u201cGalaksilerin bilimsel olarak incelenmesine ancak 1920\u2019lerde ba\u015fland\u0131. Teleskopla bak\u0131nca g\u00f6r\u00fclen da\u011f\u0131lm\u0131\u015f \u0131\u015f\u0131k lekelerinin bir\u00e7o\u011funun, bizim g\u00f6kadam\u0131z (galaksimiz) Samanyolu\u2019ndan \u00e7ok uzaklarda, \u00e7ok \u00e7ok \u00e7ok say\u0131da y\u0131ld\u0131z\u0131n bir<span class=\"excerpt-hellip\"> [\u2026]<\/span><\/p>\n","protected":false},"featured_media":0,"template":"","meta":{"_monsterinsights_skip_tracking":false,"_monsterinsights_sitenote_active":false,"_monsterinsights_sitenote_note":"","_monsterinsights_sitenote_category":0},"product_brand":[],"product_cat":[43754,13005],"product_tag":[],"class_list":{"0":"post-781961","1":"product","2":"type-product","3":"status-publish","5":"product_cat-astronomi","6":"product_cat-bilim-muhendislik","7":"pa_cilt-ciltsiz","8":"pa_tur-kitap","9":"pa_yayinevi-is-bankasi-kultur-yayinlari","10":"pa_yazar-john-gribbin","12":"first","13":"instock","14":"sale","15":"shipping-taxable","16":"purchasable","17":"product-type-simple"},"_links":{"self":[{"href":"https:\/\/roveyayinevi.com.tr\/index.php\/wp-json\/wp\/v2\/product\/781961","targetHints":{"allow":["GET"]}}],"collection":[{"href":"https:\/\/roveyayinevi.com.tr\/index.php\/wp-json\/wp\/v2\/product"}],"about":[{"href":"https:\/\/roveyayinevi.com.tr\/index.php\/wp-json\/wp\/v2\/types\/product"}],"wp:attachment":[{"href":"https:\/\/roveyayinevi.com.tr\/index.php\/wp-json\/wp\/v2\/media?parent=781961"}],"wp:term":[{"taxonomy":"product_brand","embeddable":true,"href":"https:\/\/roveyayinevi.com.tr\/index.php\/wp-json\/wp\/v2\/product_brand?post=781961"},{"taxonomy":"product_cat","embeddable":true,"href":"https:\/\/roveyayinevi.com.tr\/index.php\/wp-json\/wp\/v2\/product_cat?post=781961"},{"taxonomy":"product_tag","embeddable":true,"href":"https:\/\/roveyayinevi.com.tr\/index.php\/wp-json\/wp\/v2\/product_tag?post=781961"}],"curies":[{"name":"wp","href":"https:\/\/api.w.org\/{rel}","templated":true}]}}