{"id":781955,"date":"2026-02-01T14:44:26","date_gmt":"2026-02-01T11:44:26","guid":{"rendered":"https:\/\/roveyayinevi.com.tr\/index.php\/urun\/komunistin-eskali\/"},"modified":"2026-02-03T02:57:18","modified_gmt":"2026-02-02T23:57:18","slug":"komunistin-eskali","status":"publish","type":"product","link":"https:\/\/roveyayinevi.com.tr\/index.php\/urun\/komunistin-eskali\/","title":{"rendered":"Kom\u00fcnistin E\u015fkali"},"content":{"rendered":"<p>\u201cToplumun k\u0131lcal damarlar\u0131na viru\u0308s gibi i\u015fleyen ve zaman-mek\u00e2n tan\u0131madan \u2018Her an her yerde dibinizde bitebilir\u2019 hissiyat\u0131yla tasvir edilen komu\u0308nist i\u00e7in, \u2018Okulda, i\u015f\u00e7i birli\u011finde, camide ve kulu\u0308p vb. her yerde bulunur\u2019 denilmi\u015fti. (\u2026) \u00e2deta insandan bir hayalet yarat\u0131larak komu\u0308nist heyulas\u0131 icra edilmi\u015fti.\u201d\u201cKomu\u0308nistin E\u015fk\u00e2li\u201d esas olarak antikomu\u0308nizmin e\u015fk\u00e2lini \u00e7izen bir \u00e7al\u0131\u015fma. \u0130sl\u00e2mc\u0131, milliyet\u00e7i ve ba\u015fka sa\u011f \u00e7evrelerin antikomu\u0308nizm tarifleri ve antikomu\u0308nist ideolojik seferberlik i\u00e7inde kurduklar\u0131 dil, ayn\u0131 zamanda onlar\u0131n kendi du\u0308nya g\u00f6ru\u0308\u015fleri hakk\u0131nda bir \u015feyler s\u00f6ylu\u0308yor.Onlar\u0131n korkular\u0131na, tehdit alg\u0131lar\u0131na, toplum g\u00f6ru\u0308\u015flerine, ahl\u00e2k anlay\u0131\u015flar\u0131na \u0131\u015f\u0131k tutuyor. Abdulazim \u015eim\u015fek, 1945\u2019ten 1971\u2019e uzanan d\u00f6nemde, yani So\u011fuk Sava\u015f\u2019\u0131n en hararetli mevsiminde, Tu\u0308rkiye\u2019de antikomu\u0308nizmin nas\u0131l anla\u015f\u0131ld\u0131\u011f\u0131n\u0131 ve nas\u0131l bir i\u015flev g\u00f6rdu\u0308\u011fu\u0308nu\u0308 etrafl\u0131 bir bi\u00e7imde irdeliyor.N\u00e2z\u0131m Hikmet\u2019e ya\u015fat\u0131lanlardan Tan gazetesi bask\u0131n\u0131na, Kanl\u0131 Pazar\u2019a ve bir\u00e7ok olaya; Tu\u0308rk\u00e7u\u0308, milliyet\u00e7i, \u0130sl\u00e2mc\u0131 yay\u0131n ve derneklere; Nihal Ats\u0131z, Aclan Say\u0131lgan, Necip Faz\u0131l, Fethi Teveto\u011flu, \u0130lhan Darendelio\u011flu gibi antikomu\u0308nizme \u201cadanm\u0131\u015f ruhlara\u201d bakarak\u2026 Kitab\u0131n resmetti\u011fi siyasi-ideolojik kutupla\u015fma tecru\u0308besinin, komu\u0308nizm meselesinden ba\u011f\u0131ms\u0131z olarak da, kal\u0131c\u0131 bir yan ta\u015f\u0131d\u0131\u011f\u0131n\u0131 g\u00f6rebiliyoruz.<\/p>\n","protected":false},"excerpt":{"rendered":"<p>\u201cToplumun k\u0131lcal damarlar\u0131na viru\u0308s gibi i\u015fleyen ve zaman-mek\u00e2n tan\u0131madan \u2018Her an her yerde dibinizde bitebilir\u2019 hissiyat\u0131yla tasvir edilen komu\u0308nist i\u00e7in, \u2018Okulda, i\u015f\u00e7i birli\u011finde, camide ve kulu\u0308p<span class=\"excerpt-hellip\"> [\u2026]<\/span><\/p>\n","protected":false},"featured_media":0,"template":"","meta":{"_monsterinsights_skip_tracking":false,"_monsterinsights_sitenote_active":false,"_monsterinsights_sitenote_note":"","_monsterinsights_sitenote_category":0},"product_brand":[],"product_cat":[12370,12304],"product_tag":[],"class_list":{"0":"post-781955","1":"product","2":"type-product","3":"status-publish","5":"product_cat-arastirma-inceleme","6":"product_cat-tarih","7":"pa_cilt-ciltsiz","8":"pa_tur-kitap","9":"pa_yayinevi-iletisim-yayinlari","10":"pa_yazar-abdulazim-simsek","12":"first","13":"instock","14":"sale","15":"shipping-taxable","16":"purchasable","17":"product-type-simple"},"_links":{"self":[{"href":"https:\/\/roveyayinevi.com.tr\/index.php\/wp-json\/wp\/v2\/product\/781955","targetHints":{"allow":["GET"]}}],"collection":[{"href":"https:\/\/roveyayinevi.com.tr\/index.php\/wp-json\/wp\/v2\/product"}],"about":[{"href":"https:\/\/roveyayinevi.com.tr\/index.php\/wp-json\/wp\/v2\/types\/product"}],"wp:attachment":[{"href":"https:\/\/roveyayinevi.com.tr\/index.php\/wp-json\/wp\/v2\/media?parent=781955"}],"wp:term":[{"taxonomy":"product_brand","embeddable":true,"href":"https:\/\/roveyayinevi.com.tr\/index.php\/wp-json\/wp\/v2\/product_brand?post=781955"},{"taxonomy":"product_cat","embeddable":true,"href":"https:\/\/roveyayinevi.com.tr\/index.php\/wp-json\/wp\/v2\/product_cat?post=781955"},{"taxonomy":"product_tag","embeddable":true,"href":"https:\/\/roveyayinevi.com.tr\/index.php\/wp-json\/wp\/v2\/product_tag?post=781955"}],"curies":[{"name":"wp","href":"https:\/\/api.w.org\/{rel}","templated":true}]}}