{"id":781952,"date":"2026-02-01T14:44:08","date_gmt":"2026-02-01T11:44:08","guid":{"rendered":"https:\/\/roveyayinevi.com.tr\/index.php\/urun\/bir-hayat-uc-donem\/"},"modified":"2026-03-23T02:48:14","modified_gmt":"2026-03-22T23:48:14","slug":"bir-hayat-uc-donem","status":"publish","type":"product","link":"https:\/\/roveyayinevi.com.tr\/index.php\/urun\/bir-hayat-uc-donem\/","title":{"rendered":"Bir Hayat \u00dc\u00e7 D\u00f6nem"},"content":{"rendered":"<p>2000\u2019lerde \u0130stanbul Tabip Odas\u0131 ve Tu\u0308rk Tabipleri Birli\u011fi ba\u015fkanl\u0131\u011f\u0131n\u0131 yapan Gen\u00e7ay Gu\u0308rsoy, Bir Hayat \u00dc\u00e7 D\u00f6nem\u2019de sadece bir n\u00f6roloji profes\u00f6ru\u0308nu\u0308n an\u0131lar\u0131n\u0131 de\u011fil, sosyalist siyaset i\u00e7inde u\u0308niversite y\u0131llar\u0131ndan beri yer alm\u0131\u015f bir mu\u0308cadele insan\u0131n\u0131n Oltu\u2019da ba\u015flay\u0131p, Kars\u2019da, \u0130stanbul\u2019da ve bir d\u00f6nem Avrupa\u2019da devam eden ya\u015fam\u0131ndan g\u00f6zlemlerini canl\u0131 bir dille aktar\u0131yor. Toplumsal geli\u015fmelerin darbelerle kesintiye u\u011frayan d\u00f6nemlerini ele al\u0131yor. Yak\u0131ndan tan\u0131ma f\u0131rsat\u0131n\u0131 buldu\u011fu baz\u0131 \u015fahsiyetlerle ilgili tan\u0131kl\u0131klar\u0131n\u0131 sunuyor.Sa\u011fl\u0131k politikalar\u0131nda kamu yarar\u0131n\u0131 su\u0308rekli \u00f6nde tutan duru\u015fu ve tercihlerinin yan\u0131nda e\u015fitlik, \u00f6zgu\u0308rlu\u0308k ve bar\u0131\u015f hedefiyle kat\u0131ld\u0131\u011f\u0131 toplumsal mu\u0308cadelelerin ini\u015fli \u00e7\u0131k\u0131\u015fl\u0131, \u00e7o\u011fu zaman a\u011f\u0131r bir \u015fiddetle bast\u0131r\u0131lan seru\u0308venini izliyoruz. Siyasal mu\u0308cadeleyle bilimsel faaliyetleri birlikte g\u00f6tu\u0308rmeyi ba\u015farm\u0131\u015f, sosyalizm idealini hi\u00e7 kaybetmemi\u015f Gen\u00e7ay Gu\u0308rsoy, Tu\u0308rkiye\u2019nin son altm\u0131\u015f y\u0131l\u0131ndan \u00f6nemli kesitler sunan an\u0131lar\u0131n\u0131 bitirirken, \u201cher \u015feye ra\u011fmen hayata te\u015fekku\u0308r\u201d etmekten geri kalm\u0131yor.\u201c\u00c7\u0131plak bir ger\u00e7ek var kar\u015f\u0131m\u0131zda, gezegenimizde ya\u015fam\u0131n su\u0308rdu\u0308ru\u0308lebilmesi ve insan sa\u011fl\u0131\u011f\u0131n\u0131n barbar piyasa ahl\u00e2k\u0131na teslim edilmemesi i\u00e7in, e\u015fitlik\u00e7i, kat\u0131l\u0131mc\u0131, \u00e7evreci, dayan\u0131\u015fmac\u0131, bar\u0131\u015f\u00e7\u0131 bir iradi mu\u0308dahale ka\u00e7\u0131n\u0131lmazd\u0131r. Bu, art\u0131k sosyalistlerin siyasi mu\u0308cadele perspektifi olmas\u0131n\u0131n \u00e7ok \u00f6tesinde, insanl\u0131k i\u00e7in bir varolu\u015f sorunu haline gelmi\u015ftir.<\/p>\n","protected":false},"excerpt":{"rendered":"<p>2000\u2019lerde \u0130stanbul Tabip Odas\u0131 ve Tu\u0308rk Tabipleri Birli\u011fi ba\u015fkanl\u0131\u011f\u0131n\u0131 yapan Gen\u00e7ay Gu\u0308rsoy, Bir Hayat \u00dc\u00e7 D\u00f6nem\u2019de sadece bir n\u00f6roloji profes\u00f6ru\u0308nu\u0308n an\u0131lar\u0131n\u0131 de\u011fil, sosyalist siyaset i\u00e7inde u\u0308niversite<span class=\"excerpt-hellip\"> [\u2026]<\/span><\/p>\n","protected":false},"featured_media":0,"template":"","meta":{"_monsterinsights_skip_tracking":false,"_monsterinsights_sitenote_active":false,"_monsterinsights_sitenote_note":"","_monsterinsights_sitenote_category":0},"product_brand":[],"product_cat":[13701,12291],"product_tag":[],"class_list":{"0":"post-781952","1":"product","2":"type-product","3":"status-publish","5":"product_cat-ani-mektup-gunluk","6":"product_cat-edebiyat","7":"pa_cilt-ciltsiz","8":"pa_tur-kitap","9":"pa_yayinevi-iletisim-yayinlari","10":"pa_yazar-gencay-gursoy","12":"first","13":"instock","14":"sale","15":"shipping-taxable","16":"purchasable","17":"product-type-simple"},"_links":{"self":[{"href":"https:\/\/roveyayinevi.com.tr\/index.php\/wp-json\/wp\/v2\/product\/781952","targetHints":{"allow":["GET"]}}],"collection":[{"href":"https:\/\/roveyayinevi.com.tr\/index.php\/wp-json\/wp\/v2\/product"}],"about":[{"href":"https:\/\/roveyayinevi.com.tr\/index.php\/wp-json\/wp\/v2\/types\/product"}],"wp:attachment":[{"href":"https:\/\/roveyayinevi.com.tr\/index.php\/wp-json\/wp\/v2\/media?parent=781952"}],"wp:term":[{"taxonomy":"product_brand","embeddable":true,"href":"https:\/\/roveyayinevi.com.tr\/index.php\/wp-json\/wp\/v2\/product_brand?post=781952"},{"taxonomy":"product_cat","embeddable":true,"href":"https:\/\/roveyayinevi.com.tr\/index.php\/wp-json\/wp\/v2\/product_cat?post=781952"},{"taxonomy":"product_tag","embeddable":true,"href":"https:\/\/roveyayinevi.com.tr\/index.php\/wp-json\/wp\/v2\/product_tag?post=781952"}],"curies":[{"name":"wp","href":"https:\/\/api.w.org\/{rel}","templated":true}]}}