{"id":781948,"date":"2026-02-01T14:42:59","date_gmt":"2026-02-01T11:42:59","guid":{"rendered":"https:\/\/roveyayinevi.com.tr\/index.php\/urun\/davalar-franz-kafka-hakkinda\/"},"modified":"2026-04-07T02:48:28","modified_gmt":"2026-04-06T23:48:28","slug":"davalar-franz-kafka-hakkinda","status":"publish","type":"product","link":"https:\/\/roveyayinevi.com.tr\/index.php\/urun\/davalar-franz-kafka-hakkinda\/","title":{"rendered":"Davalar &#8211; Franz Kafka Hakk\u0131nda"},"content":{"rendered":"<p>Elias Canetti, 1930\/31 k\u0131\u015f aylar\u0131nda tek roman\u0131 K\u00f6rle\u015fme\u2019yi yazd\u0131\u011f\u0131 s\u0131rada, Kafka\u2019n\u0131n \u201cD\u00f6n\u00fc\u015f\u00fcm\u201d ve \u201cBir A\u00e7l\u0131k Sanat\u00e7\u0131s\u0131\u201d \u00f6yk\u00fclerini okur. Bu \u00f6yk\u00fclerin roman\u0131n\u0131n daha sonraki geli\u015fiminde etkili oldu\u011funu notlar\u0131nda belirten Canetti, Kafka\u2019ya y\u00f6nelik ilgisini ya\u015fad\u0131\u011f\u0131 s\u00fcrece canl\u0131 tutmu\u015ftur. Canetti\u2019nin edeb\u00ee bir t\u00fcr haline getirdi\u011fi notlar\u0131nda Kafka\u2019ya s\u0131k s\u0131k rastlar\u0131z. Bu notlarda Canetti, Kafka\u2019n\u0131n eserlerine ve ki\u015fili\u011fine y\u00f6nelik yorumlarda bulunur, kimi zaman kendi hayat\u0131yla paralellikler kurar, dahas\u0131 kendini Kafka\u2019yla \u00f6zde\u015fle\u015ftirdi\u011fi de olur. \u00d6yle ki, 14.4.1982 tarihli bir notunda, Stockholm\u2019e Nobel \u00f6d\u00fcl\u00fcn\u00fc almaya giderken, asl\u0131nda \u201cKafka\u2019ya e\u015flik etti\u011fini\u201d belirtir.Elias Canetti b\u00fct\u00fcn eserlerini yo\u011fun bir bi\u00e7imde inceledi\u011fi Kafka\u2019n\u0131n Felice Bauer ile Mektupla\u015fmalar\u0131\u2019n\u0131 ve bu mektupla\u015fman\u0131n yaz\u0131ld\u0131\u011f\u0131 d\u00f6nemi, \u00d6teki Dava-Kafka\u2019n\u0131n Felice\u2019ye Mektuplar\u0131 denemesinde ele alm\u0131\u015f ve bu d\u00f6nemin Dava roman\u0131ndaki izlerini g\u00f6stermi\u015ftir.Canetti Vakf\u0131 taraf\u0131ndan Susanne L\u00fcdemann ve Kristian Wachinger\u2019e haz\u0131rlat\u0131lan bu kitapta, Canetti\u2019nin \u201c\u00d6teki Dava\u201d denemesinin yan\u0131 s\u0131ra, denemenin yaz\u0131lmas\u0131ndan \u00f6nceki 1946\u20131966 y\u0131llar\u0131nda, deneme \u00fczerinde \u00e7al\u0131\u015ft\u0131\u011f\u0131 1967\u201368 y\u0131llar\u0131nda ve daha sonraki 1969\u20131994 y\u0131llar\u0131nda yazd\u0131\u011f\u0131 notlar yer al\u0131yor. Bu notlarda Kafka\u2019ya ili\u015fkin d\u00fc\u015f\u00fcncelerin yan\u0131 s\u0131ra, kendi hayat\u0131ndan izler de vard\u0131r. \u00d6rne\u011fin Kafka denemesini yazd\u0131\u011f\u0131 s\u0131rada tan\u0131kl\u0131k etti\u011fi 1968 Paris ve Prag Bahar\u0131 olaylar\u0131 da notlara yans\u0131r.Kitapta ayr\u0131ca Canetti\u2019nin 1948 y\u0131l\u0131nda Bryanston Summer School\u2019da verdi\u011fi \u201cProust, Kafka Konferans\u0131\u201d ve 10 May\u0131s 1980\u2019de, kendisine verilen Johann Peter Hebel \u00d6d\u00fcl\u00fcn\u00fcn t\u00f6reninde yapt\u0131\u011f\u0131 \u201cHebel ve Kafka\u201d ba\u015fl\u0131kl\u0131 konu\u015fma da yer almaktad\u0131r.<\/p>\n","protected":false},"excerpt":{"rendered":"<p>Elias Canetti, 1930\/31 k\u0131\u015f aylar\u0131nda tek roman\u0131 K\u00f6rle\u015fme\u2019yi yazd\u0131\u011f\u0131 s\u0131rada, Kafka\u2019n\u0131n \u201cD\u00f6n\u00fc\u015f\u00fcm\u201d ve \u201cBir A\u00e7l\u0131k Sanat\u00e7\u0131s\u0131\u201d \u00f6yk\u00fclerini okur. Bu \u00f6yk\u00fclerin roman\u0131n\u0131n daha sonraki geli\u015fiminde etkili oldu\u011funu<span class=\"excerpt-hellip\"> [\u2026]<\/span><\/p>\n","protected":false},"featured_media":0,"template":"","meta":{"_monsterinsights_skip_tracking":false,"_monsterinsights_sitenote_active":false,"_monsterinsights_sitenote_note":"","_monsterinsights_sitenote_category":0},"product_brand":[],"product_cat":[12291,12711],"product_tag":[],"class_list":{"0":"post-781948","1":"product","2":"type-product","3":"status-publish","5":"product_cat-edebiyat","6":"product_cat-roman-oyku","7":"pa_cilt-ciltsiz","8":"pa_tur-kitap","9":"pa_yayinevi-ayrinti-yayinlari","10":"pa_yazar-elias-canetti","12":"first","13":"instock","14":"sale","15":"shipping-taxable","16":"purchasable","17":"product-type-simple"},"_links":{"self":[{"href":"https:\/\/roveyayinevi.com.tr\/index.php\/wp-json\/wp\/v2\/product\/781948","targetHints":{"allow":["GET"]}}],"collection":[{"href":"https:\/\/roveyayinevi.com.tr\/index.php\/wp-json\/wp\/v2\/product"}],"about":[{"href":"https:\/\/roveyayinevi.com.tr\/index.php\/wp-json\/wp\/v2\/types\/product"}],"wp:attachment":[{"href":"https:\/\/roveyayinevi.com.tr\/index.php\/wp-json\/wp\/v2\/media?parent=781948"}],"wp:term":[{"taxonomy":"product_brand","embeddable":true,"href":"https:\/\/roveyayinevi.com.tr\/index.php\/wp-json\/wp\/v2\/product_brand?post=781948"},{"taxonomy":"product_cat","embeddable":true,"href":"https:\/\/roveyayinevi.com.tr\/index.php\/wp-json\/wp\/v2\/product_cat?post=781948"},{"taxonomy":"product_tag","embeddable":true,"href":"https:\/\/roveyayinevi.com.tr\/index.php\/wp-json\/wp\/v2\/product_tag?post=781948"}],"curies":[{"name":"wp","href":"https:\/\/api.w.org\/{rel}","templated":true}]}}