{"id":781941,"date":"2026-02-01T14:38:27","date_gmt":"2026-02-01T11:38:27","guid":{"rendered":"https:\/\/roveyayinevi.com.tr\/index.php\/urun\/sanat-tarihinin-sonu\/"},"modified":"2026-04-16T02:35:19","modified_gmt":"2026-04-15T23:35:19","slug":"sanat-tarihinin-sonu","status":"publish","type":"product","link":"https:\/\/roveyayinevi.com.tr\/index.php\/urun\/sanat-tarihinin-sonu\/","title":{"rendered":"Sanat Tarihinin Sonu"},"content":{"rendered":"<p>Hans Belting, modernli\u011fin, tarihin ve nihayet insan\u0131n sonunun ilan edildi\u011fi \u00e7a\u011fda\u015f zamanlarda, modernlikten beri sanata y\u00f6n vermi\u015f olan \u201csanat tarihi\u201dnin de sona erdi\u011fini \u00f6ne s\u00fcr\u00fcyor. \u201cSanat tarihinin sonu\u201d, sanat\u0131n ya da sanatla ilgilenen bilimin sona erdi\u011fine de\u011fil, sanatta ve sanat tarihi s\u00f6yleminde yerle\u015fmi\u015f bir gelene\u011fin bitti\u011fine i\u015faret ediyor. Sanat tarihinin kurdu\u011fu \u00e7er\u00e7eveye s\u0131\u011famayan \u00e7a\u011fda\u015f sanat\u0131n sonunda onu par\u00e7alad\u0131\u011f\u0131n\u0131 \u00f6ne s\u00fcren Belting, g\u00fcn\u00fcm\u00fczde sanat \u00fczerine d\u00fc\u015f\u00fcnmek ve yazmak i\u00e7in bamba\u015fka bir yakla\u015f\u0131ma ihtiya\u00e7 oldu\u011funu savunuyor. \u00d6zellikle \u0130kinci D\u00fcnya Sava\u015f\u0131 sonras\u0131nda Avrupa ve ABD\u2019de modernizm ve avangard\u0131n seyrini izleyerek, \u00e7a\u011fda\u015f sanattaki geli\u015fmelerin k\u00f6kenlerini ve sonu\u00e7lar\u0131n\u0131 irdeliyor. Y\u00fcksek\/d\u00fc\u015f\u00fck k\u00fclt\u00fcr ayr\u0131m\u0131, sanat ele\u015ftirisi kar\u015f\u0131s\u0131nda sanat tarihi, modernizmin sanat tarihinde icat edili\u015fi gibi meselelere e\u011filiyor. \u201cModernizmin m\u00fccadelesini verdi\u011fi tabulardan kurtulu\u015f, sanat hi\u00e7 kimseyi k\u0131\u015fk\u0131rtmaz oldu\u011fundan beri de\u011ferini yitirdi Modernizmin icad\u0131 olan burjuva-kar\u015f\u0131t\u0131 avangard\u0131n meydan okumas\u0131, burjuvazinin \u00e7\u00f6k\u00fc\u015f\u00fcyle birlikte avangard da d\u00fc\u015fmans\u0131z kald\u0131\u011f\u0131 i\u00e7in, ortadan kalkt\u0131. Bir \u201cse\u00e7kinler k\u00fclt\u00fcr\u00fc\u201d imgesi etraf\u0131nda yap\u0131lan tart\u0131\u015fma, herkesin kendi se\u00e7imini yapabilece\u011fi bir kitle k\u00fclt\u00fcr\u00fc d\u00fczeyinde h\u00fck\u00fcms\u00fczle\u015fti. Son olarak da, kimli\u011fin ya da \u00e7eli\u015fkinin yeri olarak tarih, her yerde haz\u0131r ve naz\u0131r ve kullan\u0131labilir oldu\u011fu \u00f6l\u00e7\u00fcde, otoritesini yitirdi. B\u00f6ylelikle tarihsel k\u00fclt\u00fcr\u00fcm\u00fcze y\u00f6n veren imge olarak sanat tarihi de ortadan kalkt\u0131.\u201d <\/p>\n","protected":false},"excerpt":{"rendered":"<p>Hans Belting, modernli\u011fin, tarihin ve nihayet insan\u0131n sonunun ilan edildi\u011fi \u00e7a\u011fda\u015f zamanlarda, modernlikten beri sanata y\u00f6n vermi\u015f olan \u201csanat tarihi\u201dnin de sona erdi\u011fini \u00f6ne s\u00fcr\u00fcyor. \u201cSanat<span class=\"excerpt-hellip\"> [\u2026]<\/span><\/p>\n","protected":false},"featured_media":0,"template":"","meta":{"_monsterinsights_skip_tracking":false,"_monsterinsights_sitenote_active":false,"_monsterinsights_sitenote_note":"","_monsterinsights_sitenote_category":0},"product_brand":[],"product_cat":[12408,14197],"product_tag":[],"class_list":{"0":"post-781941","1":"product","2":"type-product","3":"status-publish","5":"product_cat-sanat","6":"product_cat-sanat-tarihi","7":"pa_cilt-ciltsiz","8":"pa_tur-kitap","9":"pa_yayinevi-iletisim-yayinlari","10":"pa_yazar-hans-belting","12":"first","13":"instock","14":"sale","15":"shipping-taxable","16":"purchasable","17":"product-type-simple"},"_links":{"self":[{"href":"https:\/\/roveyayinevi.com.tr\/index.php\/wp-json\/wp\/v2\/product\/781941","targetHints":{"allow":["GET"]}}],"collection":[{"href":"https:\/\/roveyayinevi.com.tr\/index.php\/wp-json\/wp\/v2\/product"}],"about":[{"href":"https:\/\/roveyayinevi.com.tr\/index.php\/wp-json\/wp\/v2\/types\/product"}],"wp:attachment":[{"href":"https:\/\/roveyayinevi.com.tr\/index.php\/wp-json\/wp\/v2\/media?parent=781941"}],"wp:term":[{"taxonomy":"product_brand","embeddable":true,"href":"https:\/\/roveyayinevi.com.tr\/index.php\/wp-json\/wp\/v2\/product_brand?post=781941"},{"taxonomy":"product_cat","embeddable":true,"href":"https:\/\/roveyayinevi.com.tr\/index.php\/wp-json\/wp\/v2\/product_cat?post=781941"},{"taxonomy":"product_tag","embeddable":true,"href":"https:\/\/roveyayinevi.com.tr\/index.php\/wp-json\/wp\/v2\/product_tag?post=781941"}],"curies":[{"name":"wp","href":"https:\/\/api.w.org\/{rel}","templated":true}]}}